{"id":12078,"date":"2021-04-07T09:58:30","date_gmt":"2021-04-07T07:58:30","guid":{"rendered":"https:\/\/sinedjib.com\/?page_id=12078"},"modified":"2021-05-20T08:29:18","modified_gmt":"2021-05-20T06:29:18","slug":"jeune-taupe","status":"publish","type":"page","link":"https:\/\/sinedjib.com\/index.php\/jeune-taupe\/","title":{"rendered":"Jeune Taupe"},"content":{"rendered":"\n<div class=\"wp-block-media-text alignwide is-stacked-on-mobile is-image-fill\"><figure class=\"wp-block-media-text__media\" style=\"background-image:url(https:\/\/sinedjib.com\/wp-content\/uploads\/2018\/08\/Jeune-Taupe-juin-1976.png);background-position:53% 0%\"><img data-recalc-dims=\"1\" loading=\"lazy\" decoding=\"async\" width=\"419\" height=\"600\" data-attachment-id=\"3783\" data-permalink=\"https:\/\/sinedjib.com\/index.php\/2018\/08\/03\/adresse-2\/jeune-taupe-juin-1976\/\" data-orig-file=\"https:\/\/i0.wp.com\/sinedjib.com\/wp-content\/uploads\/2018\/08\/Jeune-Taupe-juin-1976.png?fit=419%2C600&amp;ssl=1\" data-orig-size=\"419,600\" data-comments-opened=\"1\" data-image-meta=\"{&quot;aperture&quot;:&quot;0&quot;,&quot;credit&quot;:&quot;&quot;,&quot;camera&quot;:&quot;&quot;,&quot;caption&quot;:&quot;&quot;,&quot;created_timestamp&quot;:&quot;0&quot;,&quot;copyright&quot;:&quot;&quot;,&quot;focal_length&quot;:&quot;0&quot;,&quot;iso&quot;:&quot;0&quot;,&quot;shutter_speed&quot;:&quot;0&quot;,&quot;title&quot;:&quot;&quot;,&quot;orientation&quot;:&quot;0&quot;}\" data-image-title=\"Jeune Taupe juin 1976\" data-image-description=\"\" data-image-caption=\"\" data-large-file=\"https:\/\/i0.wp.com\/sinedjib.com\/wp-content\/uploads\/2018\/08\/Jeune-Taupe-juin-1976.png?fit=419%2C600&amp;ssl=1\" src=\"https:\/\/i0.wp.com\/sinedjib.com\/wp-content\/uploads\/2018\/08\/Jeune-Taupe-juin-1976.png?resize=419%2C600&#038;ssl=1\" alt=\"\" class=\"wp-image-3783 size-full\" srcset=\"https:\/\/i0.wp.com\/sinedjib.com\/wp-content\/uploads\/2018\/08\/Jeune-Taupe-juin-1976.png?w=419&amp;ssl=1 419w, https:\/\/i0.wp.com\/sinedjib.com\/wp-content\/uploads\/2018\/08\/Jeune-Taupe-juin-1976.png?resize=210%2C300&amp;ssl=1 210w\" sizes=\"auto, (max-width: 419px) 100vw, 419px\" \/><\/figure><div class=\"wp-block-media-text__content\">\n<p class=\"has-large-font-size\"><strong>Cette page recense les 6 articles de <em>Jeune Taupe<\/em> publi\u00e9s sur ce site depuis le 24 juillet 2018. L\u2019organe, \u00e9dit\u00e9 par le groupe <a rel=\"noreferrer noopener\" href=\"https:\/\/archivesautonomies.org\/spip.php?rubrique45\" target=\"_blank\">Pour une intervention communiste<\/a>,\u00a0a paru de 1974 \u00e0 1981.<\/strong>\u00a0<strong>Les sommaires du journal sont consultables sur le site\u00a0<a rel=\"noreferrer noopener\" href=\"https:\/\/archivesautonomies.org\/spip.php?article36\" target=\"_blank\">Archives Autonomies<\/a>.<\/strong><\/p>\n<\/div><\/div>\n\n\n\n<p>\u00ab\u00a0A propos d\u2019une adresse aux prol\u00e9taires et aux jeunes r\u00e9volutionnaires arabes et isra\u00e9liens contre la guerre et pour la r\u00e9volution prol\u00e9tarienne\u00a0\u00bb, paru dans <em>Jeune Taupe<\/em>, n\u00b0 10, juin 1976. <a href=\"https:\/\/sinedjib.com\/index.php\/2018\/08\/03\/adresse-2\/\">Lien<\/a><\/p>\n\n\n\n<p>\u00ab\u00a0Moyen-Orient : La r\u00e9sistance palestinienne \u00e0 l\u2019heure de la d\u00e9mystification\u00a0\u00bb, paru dans<em>\u00a0Jeune Taupe<\/em>, n\u00b0 12, novembre 1976. <a href=\"https:\/\/sinedjib.com\/index.php\/2021\/05\/20\/moyen-orient-la-resistance-palestinienne-a-lheure-de-la-demystification\/\">Lien<\/a><\/p>\n\n\n\n<p>\u00ab\u00a0Alg\u00e9rie : \u201cles jeux sans le pain !\u201d\u00a0\u00bb, paru dans <em>Jeune Taupe<\/em>, n\u00b0 16, juillet-septembre 1977. <a href=\"https:\/\/sinedjib.com\/index.php\/2019\/05\/22\/algerie-31\/\">Lien<\/a><\/p>\n\n\n\n<p>\u00ab\u00a0Alg\u00e9rie : une situation de blocage grosse d\u2019avenir\u00a0\u00bb, paru dans <em>Jeune Taupe<\/em>, n\u00b0 20, avril-mai 1978. <a href=\"https:\/\/sinedjib.com\/index.php\/2018\/07\/24\/algerie-2\/\" data-type=\"URL\" data-id=\"https:\/\/sinedjib.com\/index.php\/2018\/07\/24\/algerie-2\/\">Lien<\/a><\/p>\n\n\n\n<p>\u00ab\u00a0Argentine 1978 : Vive le sport !\u00a0\u00bb, paru dans <em>Jeune Taupe<\/em>, n\u00b0 21, juin-juillet 1978. <a href=\"https:\/\/sinedjib.com\/index.php\/2021\/04\/07\/argentine-1978-vive-le-sport\/\">Lien<\/a><\/p>\n\n\n\n<p>\u00ab\u00a0Panne de courant \u00e0 Alger : un mort !\u00a0\u00bb, paru dans <em>Jeune Taupe<\/em>, n\u00b0 24, janvier-f\u00e9vrier 1979. <a href=\"https:\/\/sinedjib.com\/index.php\/2019\/05\/26\/alger\/\">Lien<\/a><\/p>\n","protected":false},"excerpt":{"rendered":"<p>Cette page recense les 6 articles de Jeune Taupe publi\u00e9s sur ce site depuis le 24 juillet 2018. L\u2019organe, \u00e9dit\u00e9 par le groupe Pour une intervention communiste,\u00a0a paru de 1974 \u00e0 1981.\u00a0Les sommaires du journal sont consultables sur le site\u00a0Archives Autonomies. \u00ab\u00a0A propos d\u2019une adresse aux prol\u00e9taires et aux jeunes r\u00e9volutionnaires arabes et isra\u00e9liens contre [&hellip;]<\/p>\n","protected":false},"author":1,"featured_media":0,"parent":0,"menu_order":0,"comment_status":"closed","ping_status":"closed","template":"","meta":{"jetpack_post_was_ever_published":false,"footnotes":""},"class_list":["post-12078","page","type-page","status-publish","hentry"],"jetpack_sharing_enabled":true,"jetpack_shortlink":"https:\/\/wp.me\/P9lTYU-38O","jetpack_likes_enabled":true,"jetpack-related-posts":[{"id":22345,"url":"https:\/\/sinedjib.com\/index.php\/index-des-publications\/","url_meta":{"origin":12078,"position":0},"title":"Index des publications","author":"SiNedjib","date":"17\/03\/2024","format":false,"excerpt":"Cette page pr\u00e9sente un index des publications (bulletins, journaux, revues, etc.) dont cinq textes \u2013 ou plus \u2013 ont \u00e9t\u00e9 retranscrits sur ce site depuis 2012. La liste sera progressivement compl\u00e9t\u00e9e avec l\u2019ensemble des autres r\u00e9f\u00e9rences. A Alarme ; Alger R\u00e9publicain ; Alternative libertaire ; Arguments ; B Le Bolch\u00e9vik\u2026","rel":"","context":"Article similaire","block_context":{"text":"Article similaire","link":""},"img":{"alt_text":"","src":"","width":0,"height":0},"classes":[]},{"id":171,"url":"https:\/\/sinedjib.com\/index.php\/liens-2\/","url_meta":{"origin":12078,"position":1},"title":"Liens","author":"Nedjib Sidi Moussa","date":"29\/03\/2013","format":false,"excerpt":"Parmi les m\u00e9dias et sites qui \u00e9voquent des engagements ou publications : Kim Willsher, \"New film adaptation of Camus\u2019s L\u2019\u00c9tranger opens old colonial wounds\", The Guardian, 28 November 2025. Link La suite est \u00e0 consulter sur cette page. Parmi les publications ou ouvrages qui citent et font \u00e9cho \u00e0 mes\u2026","rel":"","context":"Article similaire","block_context":{"text":"Article similaire","link":""},"img":{"alt_text":"","src":"https:\/\/i0.wp.com\/sinedjib.com\/wp-content\/uploads\/2025\/11\/guardian.png?resize=350%2C200&ssl=1","width":350,"height":200},"classes":[]},{"id":21617,"url":"https:\/\/sinedjib.com\/index.php\/index-auteurs\/","url_meta":{"origin":12078,"position":2},"title":"Index des auteurs","author":"SiNedjib","date":"16\/03\/2024","format":false,"excerpt":"Cette page pr\u00e9sente un index des 34 auteurs dont 5 textes - ou plus - ont \u00e9t\u00e9 retranscrits sur ce site depuis 2013. La liste sera progressivement compl\u00e9t\u00e9e avec l'ensemble des contributeurs. AIT AHMED Hocine ; AMAZIT Idir ; BOUNANE Akli ; BOUSSEL Pierre (LAMBERT Pierre) ; BRETON Andr\u00e9 ;\u2026","rel":"","context":"Article similaire","block_context":{"text":"Article similaire","link":""},"img":{"alt_text":"","src":"","width":0,"height":0},"classes":[]},{"id":13893,"url":"https:\/\/sinedjib.com\/index.php\/autres-references\/","url_meta":{"origin":12078,"position":3},"title":"Autres r\u00e9f\u00e9rences","author":"SiNedjib","date":"10\/09\/2021","format":false,"excerpt":"Cette page recense des textes publi\u00e9s sur ce site depuis le 3 mai 2015 et provenant de 176 bulletins, journaux, magazines, revues... qui ne font pas encore l'objet d'une rubrique sp\u00e9cifique. Action \"Les nouveaux mandarins : lib\u00e9raux et progressistes au service de la carotte\", paru dans Action, n\u00b0 35, 12\u2026","rel":"","context":"Article similaire","block_context":{"text":"Article similaire","link":""},"img":{"alt_text":"","src":"https:\/\/i0.wp.com\/sinedjib.com\/wp-content\/uploads\/2019\/12\/LAnarchie-30-d%C3%A9cembre-1909.png?resize=350%2C200&ssl=1","width":350,"height":200},"classes":[]},{"id":8266,"url":"https:\/\/sinedjib.com\/index.php\/medias\/","url_meta":{"origin":12078,"position":4},"title":"M\u00e9dias","author":"SiNedjib","date":"06\/05\/2020","format":false,"excerpt":"Cette page recense les articles ou r\u00e9alisations faisant \u00e9cho \u00e0 mes publications et interventions ainsi que mes entretiens accord\u00e9s aux m\u00e9dias, \u00e0 l'exception de ceux concernant mes livres. Rokeya Ayman Saad, \"Boualem Sansal : l\u2019\u00e9crivain de toutes les controverses\", Al-Ahram Hebdo, 1er avril 2026. En ligne Loris Gu\u00e9mart et Pauline\u2026","rel":"","context":"Article similaire","block_context":{"text":"Article similaire","link":""},"img":{"alt_text":"","src":"https:\/\/i0.wp.com\/sinedjib.com\/wp-content\/uploads\/2026\/01\/RFI-750x430-1.jpg?resize=350%2C200&ssl=1","width":350,"height":200,"srcset":"https:\/\/i0.wp.com\/sinedjib.com\/wp-content\/uploads\/2026\/01\/RFI-750x430-1.jpg?resize=350%2C200&ssl=1 1x, https:\/\/i0.wp.com\/sinedjib.com\/wp-content\/uploads\/2026\/01\/RFI-750x430-1.jpg?resize=525%2C300&ssl=1 1.5x, https:\/\/i0.wp.com\/sinedjib.com\/wp-content\/uploads\/2026\/01\/RFI-750x430-1.jpg?resize=700%2C400&ssl=1 2x"},"classes":[]},{"id":9568,"url":"https:\/\/sinedjib.com\/index.php\/algerie-echos\/","url_meta":{"origin":12078,"position":5},"title":"Alg\u00e9rie, une autre histoire de l&rsquo;ind\u00e9pendance : \u00e9chos","author":"SiNedjib","date":"17\/08\/2020","format":false,"excerpt":"Suite \u00e0 la parution de mon second livre\u00a0Alg\u00e9rie, une autre histoire de l'ind\u00e9pendance (Paris, PUF et Alger, Barzakh, 2019), cette page en recense les pr\u00e9sentations,\u00a0recensions, entretiens ou\u00a0\u00e9vocations.Pour commander cet ouvrage, cliquez sur ce\u00a0lien Pr\u00e9sentations et d\u00e9bats Pr\u00e9sentation, le 8 mars 2020 \u00e0 15h au local\u00a0Camarade\u00a0: 54, boulevard D\u00e9odat de S\u00e9verac\u2026","rel":"","context":"Article similaire","block_context":{"text":"Article similaire","link":""},"img":{"alt_text":"","src":"https:\/\/i0.wp.com\/sinedjib.com\/wp-content\/uploads\/2019\/01\/Alg%C3%A9rie-une-autre-histoire-de-lind%C3%A9pendance.jpg?resize=350%2C200&ssl=1","width":350,"height":200},"classes":[]}],"_links":{"self":[{"href":"https:\/\/sinedjib.com\/index.php\/wp-json\/wp\/v2\/pages\/12078","targetHints":{"allow":["GET"]}}],"collection":[{"href":"https:\/\/sinedjib.com\/index.php\/wp-json\/wp\/v2\/pages"}],"about":[{"href":"https:\/\/sinedjib.com\/index.php\/wp-json\/wp\/v2\/types\/page"}],"author":[{"embeddable":true,"href":"https:\/\/sinedjib.com\/index.php\/wp-json\/wp\/v2\/users\/1"}],"replies":[{"embeddable":true,"href":"https:\/\/sinedjib.com\/index.php\/wp-json\/wp\/v2\/comments?post=12078"}],"version-history":[{"count":2,"href":"https:\/\/sinedjib.com\/index.php\/wp-json\/wp\/v2\/pages\/12078\/revisions"}],"predecessor-version":[{"id":12637,"href":"https:\/\/sinedjib.com\/index.php\/wp-json\/wp\/v2\/pages\/12078\/revisions\/12637"}],"wp:attachment":[{"href":"https:\/\/sinedjib.com\/index.php\/wp-json\/wp\/v2\/media?parent=12078"}],"curies":[{"name":"wp","href":"https:\/\/api.w.org\/{rel}","templated":true}]}}