{"id":13919,"date":"2021-09-10T12:14:02","date_gmt":"2021-09-10T10:14:02","guid":{"rendered":"https:\/\/sinedjib.com\/?page_id=13919"},"modified":"2022-09-18T11:19:34","modified_gmt":"2022-09-18T09:19:34","slug":"el-jarida","status":"publish","type":"page","link":"https:\/\/sinedjib.com\/index.php\/el-jarida\/","title":{"rendered":"El Jarida"},"content":{"rendered":"\n<div class=\"wp-block-media-text alignwide is-stacked-on-mobile is-image-fill\"><figure class=\"wp-block-media-text__media\" style=\"background-image:url(https:\/\/sinedjib.com\/wp-content\/uploads\/2020\/01\/El-Jarida-1969.png);background-position:63% 0%\"><img data-recalc-dims=\"1\" loading=\"lazy\" decoding=\"async\" width=\"383\" height=\"497\" data-attachment-id=\"6852\" data-permalink=\"https:\/\/sinedjib.com\/index.php\/2020\/01\/26\/panafricain\/el-jarida-1969\/\" data-orig-file=\"https:\/\/i0.wp.com\/sinedjib.com\/wp-content\/uploads\/2020\/01\/El-Jarida-1969.png?fit=383%2C497&amp;ssl=1\" data-orig-size=\"383,497\" data-comments-opened=\"1\" data-image-meta=\"{&quot;aperture&quot;:&quot;0&quot;,&quot;credit&quot;:&quot;&quot;,&quot;camera&quot;:&quot;&quot;,&quot;caption&quot;:&quot;&quot;,&quot;created_timestamp&quot;:&quot;0&quot;,&quot;copyright&quot;:&quot;&quot;,&quot;focal_length&quot;:&quot;0&quot;,&quot;iso&quot;:&quot;0&quot;,&quot;shutter_speed&quot;:&quot;0&quot;,&quot;title&quot;:&quot;&quot;,&quot;orientation&quot;:&quot;0&quot;}\" data-image-title=\"El-Jarida-1969\" data-image-description=\"\" data-image-caption=\"\" data-large-file=\"https:\/\/i0.wp.com\/sinedjib.com\/wp-content\/uploads\/2020\/01\/El-Jarida-1969.png?fit=383%2C497&amp;ssl=1\" src=\"https:\/\/i0.wp.com\/sinedjib.com\/wp-content\/uploads\/2020\/01\/El-Jarida-1969.png?resize=383%2C497&#038;ssl=1\" alt=\"\" class=\"wp-image-6852 size-full\" srcset=\"https:\/\/i0.wp.com\/sinedjib.com\/wp-content\/uploads\/2020\/01\/El-Jarida-1969.png?w=383&amp;ssl=1 383w, https:\/\/i0.wp.com\/sinedjib.com\/wp-content\/uploads\/2020\/01\/El-Jarida-1969.png?resize=231%2C300&amp;ssl=1 231w\" sizes=\"auto, (max-width: 383px) 100vw, 383px\" \/><\/figure><div class=\"wp-block-media-text__content\">\n<p class=\"has-large-font-size\"><strong>Cette page recense les 5 textes d&rsquo;<em>El Jarida<\/em> publi\u00e9s sur ce site depuis le 1er juillet 2018. L&rsquo;organe du Parti de la r\u00e9volution socialiste, dirig\u00e9 par <a rel=\"noreferrer noopener\" href=\"https:\/\/maitron.fr\/spip.php?article151700\" target=\"_blank\">Mohammed Boudiaf<\/a>, a paru de 1968 \u00e0 1979.<\/strong><\/p>\n<\/div><\/div>\n\n\n\n<p>\u00ab\u00a0Les dessous du festival panafricain de la culture\u00a0\u00bb, paru dans&nbsp;<em>El Jarida<\/em>&nbsp;n\u00b0 7, 20 septembre 1969. <a href=\"https:\/\/sinedjib.com\/index.php\/2020\/01\/26\/panafricain\/\">Lien<\/a><\/p>\n\n\n\n<p>\u00ab\u00a0Batna : Lyc\u00e9ens en gr\u00e8ve et r\u00e9pression polici\u00e8re\u00a0\u00bb, paru dans&nbsp;<em>El Jarida<\/em>, n\u00b0 8, 21 f\u00e9vrier 1970. <a href=\"https:\/\/sinedjib.com\/index.php\/2020\/05\/29\/batna\/\">Lien<\/a><\/p>\n\n\n\n<p>\u00ab\u00a0Mourad Saber, l\u2019agent SM 15\u00a0\u00bb, paru dans\u00a0<em>El Jarida<\/em>, n\u00b0 12-13, mai 1972. <a href=\"https:\/\/sinedjib.com\/index.php\/2019\/12\/15\/mourad-saber\/\">Lien<\/a> <\/p>\n\n\n\n<p>\u00ab\u00a0Banditisme : Un r\u00e9sultat de la politique de la bourgeoisie\u00a0\u00bb, paru dans&nbsp;<em>El Jarida<\/em>, n\u00b0 14, ao\u00fbt-septembre 1973. <a href=\"https:\/\/sinedjib.com\/index.php\/2018\/07\/01\/banditisme\/\">Lien<\/a><\/p>\n\n\n\n<p>PRS, <em>Remarques critiques \u00e0 propos de la \u201ccharte nationale\u201d<\/em>, collection El Jarida, 1976. <a href=\"https:\/\/sinedjib.com\/index.php\/2018\/07\/03\/prs-remarques-critiques-a-propos-de-la-charte-nationale\/\">Lien<\/a><\/p>\n","protected":false},"excerpt":{"rendered":"<p>Cette page recense les 5 textes d&rsquo;El Jarida publi\u00e9s sur ce site depuis le 1er juillet 2018. L&rsquo;organe du Parti de la r\u00e9volution socialiste, dirig\u00e9 par Mohammed Boudiaf, a paru de 1968 \u00e0 1979. \u00ab\u00a0Les dessous du festival panafricain de la culture\u00a0\u00bb, paru dans&nbsp;El Jarida&nbsp;n\u00b0 7, 20 septembre 1969. Lien \u00ab\u00a0Batna : Lyc\u00e9ens en gr\u00e8ve [&hellip;]<\/p>\n","protected":false},"author":1,"featured_media":0,"parent":0,"menu_order":0,"comment_status":"closed","ping_status":"closed","template":"","meta":{"jetpack_post_was_ever_published":false,"footnotes":""},"class_list":["post-13919","page","type-page","status-publish","hentry"],"jetpack_sharing_enabled":true,"jetpack_shortlink":"https:\/\/wp.me\/P9lTYU-3Cv","jetpack_likes_enabled":true,"jetpack-related-posts":[{"id":22345,"url":"https:\/\/sinedjib.com\/index.php\/index-des-publications\/","url_meta":{"origin":13919,"position":0},"title":"Index des publications","author":"SiNedjib","date":"17\/03\/2024","format":false,"excerpt":"Cette page pr\u00e9sente un index des publications (bulletins, journaux, revues, etc.) dont cinq textes \u2013 ou plus \u2013 ont \u00e9t\u00e9 retranscrits sur ce site depuis 2012. La liste sera progressivement compl\u00e9t\u00e9e avec l\u2019ensemble des autres r\u00e9f\u00e9rences. A Alarme ; Alger R\u00e9publicain ; Alternative libertaire ; Arguments ; B Le Bolch\u00e9vik\u2026","rel":"","context":"Article similaire","block_context":{"text":"Article similaire","link":""},"img":{"alt_text":"","src":"","width":0,"height":0},"classes":[]}],"_links":{"self":[{"href":"https:\/\/sinedjib.com\/index.php\/wp-json\/wp\/v2\/pages\/13919","targetHints":{"allow":["GET"]}}],"collection":[{"href":"https:\/\/sinedjib.com\/index.php\/wp-json\/wp\/v2\/pages"}],"about":[{"href":"https:\/\/sinedjib.com\/index.php\/wp-json\/wp\/v2\/types\/page"}],"author":[{"embeddable":true,"href":"https:\/\/sinedjib.com\/index.php\/wp-json\/wp\/v2\/users\/1"}],"replies":[{"embeddable":true,"href":"https:\/\/sinedjib.com\/index.php\/wp-json\/wp\/v2\/comments?post=13919"}],"version-history":[{"count":2,"href":"https:\/\/sinedjib.com\/index.php\/wp-json\/wp\/v2\/pages\/13919\/revisions"}],"predecessor-version":[{"id":17075,"href":"https:\/\/sinedjib.com\/index.php\/wp-json\/wp\/v2\/pages\/13919\/revisions\/17075"}],"wp:attachment":[{"href":"https:\/\/sinedjib.com\/index.php\/wp-json\/wp\/v2\/media?parent=13919"}],"curies":[{"name":"wp","href":"https:\/\/api.w.org\/{rel}","templated":true}]}}