{"id":14394,"date":"2021-10-17T12:37:14","date_gmt":"2021-10-17T10:37:14","guid":{"rendered":"https:\/\/sinedjib.com\/?page_id=14394"},"modified":"2023-11-21T19:34:29","modified_gmt":"2023-11-21T18:34:29","slug":"front-libertaire-des-luttes-de-classe","status":"publish","type":"page","link":"https:\/\/sinedjib.com\/index.php\/front-libertaire-des-luttes-de-classe\/","title":{"rendered":"Front libertaire des luttes de classes"},"content":{"rendered":"\n<div class=\"wp-block-media-text alignwide is-stacked-on-mobile is-image-fill\"><figure class=\"wp-block-media-text__media\" style=\"background-image:url(https:\/\/sinedjib.com\/wp-content\/uploads\/2023\/11\/Front-libertaire-des-luttes-de-classes-1970.png);background-position:73% 0%\"><img data-recalc-dims=\"1\" loading=\"lazy\" decoding=\"async\" width=\"428\" height=\"642\" data-attachment-id=\"20482\" data-permalink=\"https:\/\/sinedjib.com\/index.php\/front-libertaire-des-luttes-de-classe\/front-libertaire-des-luttes-de-classes-1970\/\" data-orig-file=\"https:\/\/i0.wp.com\/sinedjib.com\/wp-content\/uploads\/2023\/11\/Front-libertaire-des-luttes-de-classes-1970.png?fit=428%2C642&amp;ssl=1\" data-orig-size=\"428,642\" data-comments-opened=\"1\" data-image-meta=\"{&quot;aperture&quot;:&quot;0&quot;,&quot;credit&quot;:&quot;&quot;,&quot;camera&quot;:&quot;&quot;,&quot;caption&quot;:&quot;&quot;,&quot;created_timestamp&quot;:&quot;0&quot;,&quot;copyright&quot;:&quot;&quot;,&quot;focal_length&quot;:&quot;0&quot;,&quot;iso&quot;:&quot;0&quot;,&quot;shutter_speed&quot;:&quot;0&quot;,&quot;title&quot;:&quot;&quot;,&quot;orientation&quot;:&quot;0&quot;}\" data-image-title=\"Front-libertaire-des-luttes-de-classes-1970\" data-image-description=\"\" data-image-caption=\"\" data-large-file=\"https:\/\/i0.wp.com\/sinedjib.com\/wp-content\/uploads\/2023\/11\/Front-libertaire-des-luttes-de-classes-1970.png?fit=428%2C642&amp;ssl=1\" src=\"https:\/\/i0.wp.com\/sinedjib.com\/wp-content\/uploads\/2023\/11\/Front-libertaire-des-luttes-de-classes-1970.png?resize=428%2C642&#038;ssl=1\" alt=\"\" class=\"wp-image-20482 size-full\" srcset=\"https:\/\/i0.wp.com\/sinedjib.com\/wp-content\/uploads\/2023\/11\/Front-libertaire-des-luttes-de-classes-1970.png?w=428&amp;ssl=1 428w, https:\/\/i0.wp.com\/sinedjib.com\/wp-content\/uploads\/2023\/11\/Front-libertaire-des-luttes-de-classes-1970.png?resize=200%2C300&amp;ssl=1 200w\" sizes=\"auto, (max-width: 428px) 100vw, 428px\" \/><\/figure><div class=\"wp-block-media-text__content\">\n<p class=\"has-large-font-size\"><strong>Cette page recense les 9 articles de <em>Front libertaire des luttes de classes<\/em> publi\u00e9s sur ce site depuis le 29 septembre 2018. Ce journal \u00e9dit\u00e9 par l&rsquo;Organisation r\u00e9volutionnaire anarchiste puis par l&rsquo;Organisation communiste libertaire a paru de 1970 \u00e0 1979.<\/strong> <strong>Les num\u00e9ros sont t\u00e9l\u00e9chargeables sur le site <a href=\"http:\/\/archivesautonomies.org\/spip.php?article4\" target=\"_blank\" rel=\"noreferrer noopener\">Archives Autonomies<\/a>.<\/strong><\/p>\n<\/div><\/div>\n\n\n\n<p>\u00ab\u00a0Palestine\u00a0\u00bb, paru dans\u00a0<em>Front libertaire des luttes de classes<\/em>, n\u00b0 1,\u00a0octobre 1970. <a href=\"https:\/\/sinedjib.com\/index.php\/2023\/11\/20\/palestine\/\">Lien<\/a><\/p>\n\n\n\n<p>\u00ab\u00a0Pologne : vive la r\u00e9volte ouvri\u00e8re\u00a0\u00bb, paru dans <em>Front libertaire des luttes de classes<\/em>, n\u00b0 5, f\u00e9vrier 1971. <a href=\"https:\/\/sinedjib.com\/index.php\/2023\/04\/28\/pologne-vive-la-revolte-ouvriere\/\">Lien<\/a><\/p>\n\n\n\n<p>\u00ab\u00a0Isra\u00ebl : Objection \u00e0 l\u2019arm\u00e9e du capital\u00a0\u00bb, paru dans\u00a0<em>Front libertaire des luttes de classes<\/em>, n\u00b0 15,\u00a0mars 1972. <a href=\"https:\/\/sinedjib.com\/index.php\/2023\/11\/21\/israel-3\/\">Lien<\/a><\/p>\n\n\n\n<p>\u00ab\u00a0Octobre 1961, \u00e0 Paris\u2026\u00a0\u00bb, paru dans <em>Front libertaire des luttes de classes<\/em>, n\u00b0 20, 1er novembre 1972. <a href=\"https:\/\/sinedjib.com\/index.php\/2021\/10\/17\/octobre-1961-a-paris\/\">Lien<\/a><\/p>\n\n\n\n<p>\u00ab\u00a0Moyen-Orient : r\u00e9action sur toute la ligne\u00a0\u00bb, paru dans&nbsp;<em>Front libertaire des luttes de classes<\/em>, n\u00b0 37, 26 d\u00e9cembre 1974. <a href=\"https:\/\/sinedjib.com\/index.php\/2023\/11\/18\/moyen-orient-3\/\">Lien<\/a><\/p>\n\n\n\n<p>Daniel Gu\u00e9rin, \u00ab&nbsp;L\u2019histoire et les r\u00e9volutionnaires&nbsp;\u00bb, paru dans&nbsp;<em>Front libertaire des luttes de classe<\/em>, n\u00b0 83, 25 janvier 1978. <a href=\"https:\/\/sinedjib.com\/index.php\/2018\/09\/30\/guerin\/\">Lien<\/a><\/p>\n\n\n\n<p>\u00ab&nbsp;Entretien avec un libertaire iranien&nbsp;\u00bb, paru dans&nbsp;<em>Front libertaire des luttes de classe<\/em>, n\u00b0 105, 26 f\u00e9vrier 1979. <a href=\"https:\/\/sinedjib.com\/index.php\/2018\/09\/26\/iranien\/\">Lien<\/a><\/p>\n\n\n\n<p>M. H., \u00ab&nbsp;Iran, la r\u00e9volution reste \u00e0 faire&nbsp;\u00bb, paru dans&nbsp;<em>Front libertaire des luttes de classe<\/em>, n\u00b0 109, 23 avril 1979. <a href=\"https:\/\/sinedjib.com\/index.php\/2018\/09\/28\/iran\/\">Lien<\/a><\/p>\n\n\n\n<p>L., \u00ab&nbsp;Les espaces d\u00e9finis du nationalisme&nbsp;\u00bb, paru dans&nbsp;<em>Front libertaire des luttes de classe<\/em>, n\u00b0 112, 18 juin 1979. <a href=\"https:\/\/sinedjib.com\/index.php\/2019\/01\/16\/nationalisme\/\">Lien<\/a><\/p>\n","protected":false},"excerpt":{"rendered":"<p>Cette page recense les 9 articles de Front libertaire des luttes de classes publi\u00e9s sur ce site depuis le 29 septembre 2018. Ce journal \u00e9dit\u00e9 par l&rsquo;Organisation r\u00e9volutionnaire anarchiste puis par l&rsquo;Organisation communiste libertaire a paru de 1970 \u00e0 1979. Les num\u00e9ros sont t\u00e9l\u00e9chargeables sur le site Archives Autonomies. \u00ab\u00a0Palestine\u00a0\u00bb, paru dans\u00a0Front libertaire des luttes [&hellip;]<\/p>\n","protected":false},"author":1,"featured_media":0,"parent":0,"menu_order":0,"comment_status":"closed","ping_status":"closed","template":"","meta":{"jetpack_post_was_ever_published":false,"footnotes":""},"class_list":["post-14394","page","type-page","status-publish","hentry"],"jetpack_sharing_enabled":true,"jetpack_shortlink":"https:\/\/wp.me\/P9lTYU-3Ka","jetpack_likes_enabled":true,"jetpack-related-posts":[{"id":22345,"url":"https:\/\/sinedjib.com\/index.php\/index-des-publications\/","url_meta":{"origin":14394,"position":0},"title":"Index des publications","author":"SiNedjib","date":"17\/03\/2024","format":false,"excerpt":"Cette page pr\u00e9sente un index des publications (bulletins, journaux, revues, etc.) dont cinq textes \u2013 ou plus \u2013 ont \u00e9t\u00e9 retranscrits sur ce site depuis 2012. La liste sera progressivement compl\u00e9t\u00e9e avec l\u2019ensemble des autres r\u00e9f\u00e9rences. A Alarme ; Alger R\u00e9publicain ; Alternative libertaire ; Arguments ; B Le Bolch\u00e9vik\u2026","rel":"","context":"Article similaire","block_context":{"text":"Article similaire","link":""},"img":{"alt_text":"","src":"","width":0,"height":0},"classes":[]},{"id":19693,"url":"https:\/\/sinedjib.com\/index.php\/le-remplacant-journal-dun-prof-precaire-de-banlieue\/","url_meta":{"origin":14394,"position":1},"title":"Le Rempla\u00e7ant. Journal d&rsquo;un prof (pr\u00e9caire) de banlieue","author":"SiNedjib","date":"05\/09\/2023","format":false,"excerpt":"Cette page est consacr\u00e9e \u00e0 mon sixi\u00e8me ouvrage, Le Rempla\u00e7ant. Journal d'un prof (pr\u00e9caire) de banlieue, l'\u00e9chapp\u00e9e, 2023.Pour le commander, cliquez sur ce lien. Discussion avec Fabien Lebrun aux Rencontres du Maquis pour l\u2019\u00e9mancipation, Minerve, 11 ao\u00fbt 2024 Participation au Maghreb des livres, 1er juin 2024, H\u00f4tel de ville de\u2026","rel":"","context":"Article similaire","block_context":{"text":"Article similaire","link":""},"img":{"alt_text":"","src":"https:\/\/i0.wp.com\/sinedjib.com\/wp-content\/uploads\/2023\/05\/LE-REMPLACANT-couv.jpg?resize=350%2C200&ssl=1","width":350,"height":200},"classes":[]},{"id":21617,"url":"https:\/\/sinedjib.com\/index.php\/index-auteurs\/","url_meta":{"origin":14394,"position":2},"title":"Index des auteurs","author":"SiNedjib","date":"16\/03\/2024","format":false,"excerpt":"Cette page pr\u00e9sente un index des 34 auteurs dont 5 textes - ou plus - ont \u00e9t\u00e9 retranscrits sur ce site depuis 2013. La liste sera progressivement compl\u00e9t\u00e9e avec l'ensemble des contributeurs. AIT AHMED Hocine ; AMAZIT Idir ; BOUNANE Akli ; BOUSSEL Pierre (LAMBERT Pierre) ; BRETON Andr\u00e9 ;\u2026","rel":"","context":"Article similaire","block_context":{"text":"Article similaire","link":""},"img":{"alt_text":"","src":"","width":0,"height":0},"classes":[]},{"id":14705,"url":"https:\/\/sinedjib.com\/index.php\/le-monde-libertaire\/","url_meta":{"origin":14394,"position":3},"title":"Le Monde libertaire","author":"SiNedjib","date":"11\/11\/2021","format":false,"excerpt":"Cette page recense les 24 articles du Monde libertaire publi\u00e9s sur ce site depuis le 29 avril 2021. L\u2019organe de la F\u00e9d\u00e9ration anarchiste a \u00e9t\u00e9 lanc\u00e9 en octobre 1954. Maurice Joyeux, \"Acte de naissance de la litt\u00e9rature nord-africaine. Le journal (1955-1962) de Mouloud Feraoun est surtout le cri d\u2019un juste\",\u2026","rel":"","context":"Article similaire","block_context":{"text":"Article similaire","link":""},"img":{"alt_text":"","src":"https:\/\/i0.wp.com\/sinedjib.com\/wp-content\/uploads\/2021\/05\/Le-Monde-libertaire-fevrier-1964.png?resize=350%2C200&ssl=1","width":350,"height":200,"srcset":"https:\/\/i0.wp.com\/sinedjib.com\/wp-content\/uploads\/2021\/05\/Le-Monde-libertaire-fevrier-1964.png?resize=350%2C200&ssl=1 1x, https:\/\/i0.wp.com\/sinedjib.com\/wp-content\/uploads\/2021\/05\/Le-Monde-libertaire-fevrier-1964.png?resize=525%2C300&ssl=1 1.5x, https:\/\/i0.wp.com\/sinedjib.com\/wp-content\/uploads\/2021\/05\/Le-Monde-libertaire-fevrier-1964.png?resize=700%2C400&ssl=1 2x"},"classes":[]},{"id":5917,"url":"https:\/\/sinedjib.com\/index.php\/ressources\/le-libertaire\/","url_meta":{"origin":14394,"position":4},"title":"Le Libertaire","author":"SiNedjib","date":"14\/06\/2019","format":false,"excerpt":"Cette page recense les 80 articles du Libertaire publi\u00e9s sur ce site depuis le 4 mai 2016. Le journal a \u00e9t\u00e9 lanc\u00e9 par Louise Michel et S\u00e9bastien Faure en 1895. Les num\u00e9ros sont consultables sur les sites RetroNews et Archives Autonomies. Antoine Antignac, \"La calomnie\", paru dans\u00a0Le Libertaire, 4e s\u00e9rie,\u2026","rel":"","context":"Article similaire","block_context":{"text":"Article similaire","link":""},"img":{"alt_text":"","src":"https:\/\/i0.wp.com\/sinedjib.com\/wp-content\/uploads\/2021\/05\/Le-Libertaire-12-janvier-1951.png?resize=350%2C200&ssl=1","width":350,"height":200},"classes":[]},{"id":9606,"url":"https:\/\/sinedjib.com\/index.php\/litterature-critique-sociale\/","url_meta":{"origin":14394,"position":5},"title":"Litt\u00e9rature, po\u00e9sie et critique sociale","author":"SiNedjib","date":"17\/08\/2020","format":false,"excerpt":"\u00ab\u00a0Quelques r\u00e9flexions sur la S\u00e9paration des \u00c9glises et de l\u2019\u00c9tat\u00a0\u00bb et \u00ab\u00a0Hommage \u00e0 Mohammed Harbi\u00a0\u00bb, n\u00b0 832, La R\u00e9volution prol\u00e9tarienne, mars 2026 \u00ab\u00a0Socialisme, immigration et racisme\u00a0\u00bb,\u00a0Courant alternatif, n\u00b0 358, mars 2026. En ligne \u00ab Hypocrisie fran\u00e7aise \u00bb, Cercle des ami.e.s de l'A.I.T. de Montr\u00e9al, 26 f\u00e9vrier 2026. En ligne \"What\u2026","rel":"","context":"Article similaire","block_context":{"text":"Article similaire","link":""},"img":{"alt_text":"","src":"https:\/\/i0.wp.com\/sinedjib.com\/wp-content\/uploads\/2026\/03\/Une-de-RP-832-1024x1448-1.jpg?resize=350%2C200&ssl=1","width":350,"height":200,"srcset":"https:\/\/i0.wp.com\/sinedjib.com\/wp-content\/uploads\/2026\/03\/Une-de-RP-832-1024x1448-1.jpg?resize=350%2C200&ssl=1 1x, https:\/\/i0.wp.com\/sinedjib.com\/wp-content\/uploads\/2026\/03\/Une-de-RP-832-1024x1448-1.jpg?resize=525%2C300&ssl=1 1.5x, https:\/\/i0.wp.com\/sinedjib.com\/wp-content\/uploads\/2026\/03\/Une-de-RP-832-1024x1448-1.jpg?resize=700%2C400&ssl=1 2x"},"classes":[]}],"_links":{"self":[{"href":"https:\/\/sinedjib.com\/index.php\/wp-json\/wp\/v2\/pages\/14394","targetHints":{"allow":["GET"]}}],"collection":[{"href":"https:\/\/sinedjib.com\/index.php\/wp-json\/wp\/v2\/pages"}],"about":[{"href":"https:\/\/sinedjib.com\/index.php\/wp-json\/wp\/v2\/types\/page"}],"author":[{"embeddable":true,"href":"https:\/\/sinedjib.com\/index.php\/wp-json\/wp\/v2\/users\/1"}],"replies":[{"embeddable":true,"href":"https:\/\/sinedjib.com\/index.php\/wp-json\/wp\/v2\/comments?post=14394"}],"version-history":[{"count":5,"href":"https:\/\/sinedjib.com\/index.php\/wp-json\/wp\/v2\/pages\/14394\/revisions"}],"predecessor-version":[{"id":20483,"href":"https:\/\/sinedjib.com\/index.php\/wp-json\/wp\/v2\/pages\/14394\/revisions\/20483"}],"wp:attachment":[{"href":"https:\/\/sinedjib.com\/index.php\/wp-json\/wp\/v2\/media?parent=14394"}],"curies":[{"name":"wp","href":"https:\/\/api.w.org\/{rel}","templated":true}]}}