{"id":16653,"date":"2022-07-18T17:53:17","date_gmt":"2022-07-18T15:53:17","guid":{"rendered":"https:\/\/sinedjib.com\/?page_id=16653"},"modified":"2022-07-18T17:53:17","modified_gmt":"2022-07-18T15:53:17","slug":"la-nation-socialiste","status":"publish","type":"page","link":"https:\/\/sinedjib.com\/index.php\/la-nation-socialiste\/","title":{"rendered":"La Nation socialiste"},"content":{"rendered":"\n<div class=\"wp-block-media-text alignwide is-stacked-on-mobile is-image-fill\"><figure class=\"wp-block-media-text__media\" style=\"background-image:url(https:\/\/sinedjib.com\/wp-content\/uploads\/2015\/07\/La-Nation-socialiste-juillet-1962.png);background-position:53% 5%\"><img data-recalc-dims=\"1\" loading=\"lazy\" decoding=\"async\" width=\"391\" height=\"586\" data-attachment-id=\"4055\" data-permalink=\"https:\/\/sinedjib.com\/index.php\/2015\/07\/12\/dictature\/la-nation-socialiste-juillet-1962\/\" data-orig-file=\"https:\/\/i0.wp.com\/sinedjib.com\/wp-content\/uploads\/2015\/07\/La-Nation-socialiste-juillet-1962.png?fit=391%2C586&amp;ssl=1\" data-orig-size=\"391,586\" data-comments-opened=\"1\" data-image-meta=\"{&quot;aperture&quot;:&quot;0&quot;,&quot;credit&quot;:&quot;&quot;,&quot;camera&quot;:&quot;&quot;,&quot;caption&quot;:&quot;&quot;,&quot;created_timestamp&quot;:&quot;0&quot;,&quot;copyright&quot;:&quot;&quot;,&quot;focal_length&quot;:&quot;0&quot;,&quot;iso&quot;:&quot;0&quot;,&quot;shutter_speed&quot;:&quot;0&quot;,&quot;title&quot;:&quot;&quot;,&quot;orientation&quot;:&quot;0&quot;}\" data-image-title=\"La Nation socialiste juillet 1962\" data-image-description=\"\" data-image-caption=\"\" data-large-file=\"https:\/\/i0.wp.com\/sinedjib.com\/wp-content\/uploads\/2015\/07\/La-Nation-socialiste-juillet-1962.png?fit=391%2C586&amp;ssl=1\" src=\"https:\/\/i0.wp.com\/sinedjib.com\/wp-content\/uploads\/2015\/07\/La-Nation-socialiste-juillet-1962.png?resize=391%2C586&#038;ssl=1\" alt=\"\" class=\"wp-image-4055 size-full\" srcset=\"https:\/\/i0.wp.com\/sinedjib.com\/wp-content\/uploads\/2015\/07\/La-Nation-socialiste-juillet-1962.png?w=391&amp;ssl=1 391w, https:\/\/i0.wp.com\/sinedjib.com\/wp-content\/uploads\/2015\/07\/La-Nation-socialiste-juillet-1962.png?resize=200%2C300&amp;ssl=1 200w\" sizes=\"auto, (max-width: 391px) 100vw, 391px\" \/><\/figure><div class=\"wp-block-media-text__content\">\n<p class=\"has-large-font-size\"><strong>Cette page recense les 10 articles de <em>La Nation socialiste<\/em> publi\u00e9s sur ce site depuis le 12 juillet 2015. Ce journal a \u00e9t\u00e9 fond\u00e9 en 1956 par <a href=\"https:\/\/maitron.fr\/spip.php?article50069\" target=\"_blank\" rel=\"noreferrer noopener\">Auguste Lec\u0153ur<\/a>.<\/strong><\/p>\n<\/div><\/div>\n\n\n\n<p>Claude G\u00e9rard, \u00ab\u00a0De Belle-Ile-en-Mer \u00e0 Chantilly avec Messali Hadj\u00a0\u00bb, paru dans&nbsp;<em>La Nation socialiste<\/em>, f\u00e9vrier 1959. <a href=\"https:\/\/sinedjib.com\/index.php\/2019\/02\/18\/messali-4\/\">Lien<\/a><\/p>\n\n\n\n<p>Pierre Herv\u00e9, \u00ab\u00a0Ce que signifie l\u2019extr\u00e9misme de l\u2019O.A.S.\u00a0\u00bb, paru dans <em>La Nation socialiste<\/em>, n\u00b0 51, janvier 1962. <a href=\"https:\/\/sinedjib.com\/index.php\/2022\/01\/20\/pierre-herve-ce-que-signifie-lextremisme-de-lo-a-s\/\">Lien<\/a><\/p>\n\n\n\n<p>Auguste Lecoeur, \u00ab\u00a0Pas de solution durable en Alg\u00e9rie sans \u00ab\u00a0table ronde\u00a0\u00bb\u00a0\u00bb, paru dans <em>La Nation socialiste<\/em>, n\u00b0 52, f\u00e9vrier 1962. <a href=\"https:\/\/sinedjib.com\/index.php\/2022\/02\/04\/auguste-lecoeur-pas-de-solution-durable-en-algerie-sans-table-ronde\/\">Lien<\/a><\/p>\n\n\n\n<div class=\"wp-block-media-text alignwide is-stacked-on-mobile is-image-fill\"><figure class=\"wp-block-media-text__media\" style=\"background-image:url(https:\/\/sinedjib.com\/wp-content\/uploads\/2022\/04\/La-Nation-socialiste-avril-1962.png);background-position:47% 7.000000000000001%\"><img data-recalc-dims=\"1\" loading=\"lazy\" decoding=\"async\" width=\"436\" height=\"638\" data-attachment-id=\"16084\" data-permalink=\"https:\/\/sinedjib.com\/index.php\/2022\/04\/26\/fred-zeller-ben-bella-est-libre-messali-reste-en-prison-quen-pense-la-gauche\/la-nation-socialiste-avril-1962\/\" data-orig-file=\"https:\/\/i0.wp.com\/sinedjib.com\/wp-content\/uploads\/2022\/04\/La-Nation-socialiste-avril-1962.png?fit=436%2C638&amp;ssl=1\" data-orig-size=\"436,638\" data-comments-opened=\"1\" data-image-meta=\"{&quot;aperture&quot;:&quot;0&quot;,&quot;credit&quot;:&quot;&quot;,&quot;camera&quot;:&quot;&quot;,&quot;caption&quot;:&quot;&quot;,&quot;created_timestamp&quot;:&quot;0&quot;,&quot;copyright&quot;:&quot;&quot;,&quot;focal_length&quot;:&quot;0&quot;,&quot;iso&quot;:&quot;0&quot;,&quot;shutter_speed&quot;:&quot;0&quot;,&quot;title&quot;:&quot;&quot;,&quot;orientation&quot;:&quot;0&quot;}\" data-image-title=\"La-Nation-socialiste-avril-1962\" data-image-description=\"\" data-image-caption=\"\" data-large-file=\"https:\/\/i0.wp.com\/sinedjib.com\/wp-content\/uploads\/2022\/04\/La-Nation-socialiste-avril-1962.png?fit=436%2C638&amp;ssl=1\" src=\"https:\/\/i0.wp.com\/sinedjib.com\/wp-content\/uploads\/2022\/04\/La-Nation-socialiste-avril-1962.png?resize=436%2C638&#038;ssl=1\" alt=\"\" class=\"wp-image-16084 size-full\" srcset=\"https:\/\/i0.wp.com\/sinedjib.com\/wp-content\/uploads\/2022\/04\/La-Nation-socialiste-avril-1962.png?w=436&amp;ssl=1 436w, https:\/\/i0.wp.com\/sinedjib.com\/wp-content\/uploads\/2022\/04\/La-Nation-socialiste-avril-1962.png?resize=205%2C300&amp;ssl=1 205w\" sizes=\"auto, (max-width: 436px) 100vw, 436px\" \/><\/figure><div class=\"wp-block-media-text__content\">\n<p class=\"has-normal-font-size\">\u00ab\u00a0Le M.N.A. et les accords d\u2019Evian\u00a0\u00bb, paru dans <em>La Nation socialiste<\/em>, n\u00b0 54, avril 1962. <a href=\"https:\/\/sinedjib.com\/index.php\/2022\/04\/30\/le-m-n-a-et-les-accords-devian\/\">Lien<\/a><\/p>\n\n\n\n<p>Fred Zeller, \u00ab\u00a0Ben Bella est libre, Messali reste en prison. Qu\u2019en pense la Gauche ?\u00a0\u00bb, paru dans <em>La Nation socialiste<\/em>, n\u00b0 54, avril 1962. <a href=\"https:\/\/sinedjib.com\/index.php\/2022\/04\/26\/fred-zeller-ben-bella-est-libre-messali-reste-en-prison-quen-pense-la-gauche\/\">Lien<\/a> <\/p>\n<\/div><\/div>\n\n\n\n<div class=\"wp-block-media-text alignwide has-media-on-the-right is-stacked-on-mobile is-image-fill\"><figure class=\"wp-block-media-text__media\" style=\"background-image:url(https:\/\/sinedjib.com\/wp-content\/uploads\/2022\/05\/120520102984-768x1024.jpg);background-position:44% 3%\"><img data-recalc-dims=\"1\" loading=\"lazy\" decoding=\"async\" width=\"580\" height=\"773\" data-attachment-id=\"16191\" data-permalink=\"https:\/\/sinedjib.com\/index.php\/2022\/05\/06\/francoise-mantrand-dix-sept-ans-de-souffrance-et-de-fidelite\/attachment\/120520102984\/\" data-orig-file=\"https:\/\/i0.wp.com\/sinedjib.com\/wp-content\/uploads\/2022\/05\/120520102984-scaled.jpg?fit=1920%2C2560&amp;ssl=1\" data-orig-size=\"1920,2560\" data-comments-opened=\"1\" data-image-meta=\"{&quot;aperture&quot;:&quot;2.8&quot;,&quot;credit&quot;:&quot;&quot;,&quot;camera&quot;:&quot;N97 mini&quot;,&quot;caption&quot;:&quot;&quot;,&quot;created_timestamp&quot;:&quot;1273683175&quot;,&quot;copyright&quot;:&quot;&quot;,&quot;focal_length&quot;:&quot;5.2&quot;,&quot;iso&quot;:&quot;400&quot;,&quot;shutter_speed&quot;:&quot;0.057&quot;,&quot;title&quot;:&quot;&quot;,&quot;orientation&quot;:&quot;1&quot;}\" data-image-title=\"120520102984\" data-image-description=\"\" data-image-caption=\"\" data-large-file=\"https:\/\/i0.wp.com\/sinedjib.com\/wp-content\/uploads\/2022\/05\/120520102984-scaled.jpg?fit=580%2C773&amp;ssl=1\" src=\"https:\/\/i0.wp.com\/sinedjib.com\/wp-content\/uploads\/2022\/05\/120520102984.jpg?resize=580%2C773&#038;ssl=1\" alt=\"\" class=\"wp-image-16191 size-full\" srcset=\"https:\/\/i0.wp.com\/sinedjib.com\/wp-content\/uploads\/2022\/05\/120520102984-scaled.jpg?resize=768%2C1024&amp;ssl=1 768w, https:\/\/i0.wp.com\/sinedjib.com\/wp-content\/uploads\/2022\/05\/120520102984-scaled.jpg?resize=225%2C300&amp;ssl=1 225w, https:\/\/i0.wp.com\/sinedjib.com\/wp-content\/uploads\/2022\/05\/120520102984-scaled.jpg?resize=1152%2C1536&amp;ssl=1 1152w, https:\/\/i0.wp.com\/sinedjib.com\/wp-content\/uploads\/2022\/05\/120520102984-scaled.jpg?resize=1536%2C2048&amp;ssl=1 1536w, https:\/\/i0.wp.com\/sinedjib.com\/wp-content\/uploads\/2022\/05\/120520102984-scaled.jpg?resize=1200%2C1600&amp;ssl=1 1200w, https:\/\/i0.wp.com\/sinedjib.com\/wp-content\/uploads\/2022\/05\/120520102984-scaled.jpg?w=1920&amp;ssl=1 1920w, https:\/\/i0.wp.com\/sinedjib.com\/wp-content\/uploads\/2022\/05\/120520102984-scaled.jpg?w=1740&amp;ssl=1 1740w\" sizes=\"auto, (max-width: 580px) 100vw, 580px\" \/><\/figure><div class=\"wp-block-media-text__content\">\n<p class=\"has-normal-font-size\">Fran\u00e7oise Mantrand, \u00ab\u00a0Dix-sept ans de souffrance et de fid\u00e9lit\u00e9. Le premier maquisard nationaliste alg\u00e9rien parle\u00a0\u00bb, paru dans <em>La Nation socialiste<\/em>, n\u00b0 55, mai 1962. <a href=\"https:\/\/sinedjib.com\/index.php\/2022\/05\/06\/francoise-mantrand-dix-sept-ans-de-souffrance-et-de-fidelite\/\">Lien<\/a><\/p>\n\n\n\n<p> \u00ab\u00a0Messali Hadj \u00e9crit \u00e0 Jean-Fran\u00e7ois Devay\u00a0\u00bb, paru dans <em>La Nation socialiste<\/em>, n\u00b0 55, mai 1962. <a href=\"https:\/\/sinedjib.com\/index.php\/2022\/05\/07\/messali-hadj-ecrit-a-jean-francois-devay\/\">Lien<\/a> <\/p>\n<\/div><\/div>\n\n\n\n<div class=\"wp-block-media-text alignwide is-stacked-on-mobile is-image-fill\"><figure class=\"wp-block-media-text__media\" style=\"background-image:url(https:\/\/sinedjib.com\/wp-content\/uploads\/2015\/07\/La-Nation-socialiste-juillet-1962.png);background-position:54% 4%\"><img data-recalc-dims=\"1\" loading=\"lazy\" decoding=\"async\" width=\"391\" height=\"586\" data-attachment-id=\"4055\" data-permalink=\"https:\/\/sinedjib.com\/index.php\/2015\/07\/12\/dictature\/la-nation-socialiste-juillet-1962\/\" data-orig-file=\"https:\/\/i0.wp.com\/sinedjib.com\/wp-content\/uploads\/2015\/07\/La-Nation-socialiste-juillet-1962.png?fit=391%2C586&amp;ssl=1\" data-orig-size=\"391,586\" data-comments-opened=\"1\" data-image-meta=\"{&quot;aperture&quot;:&quot;0&quot;,&quot;credit&quot;:&quot;&quot;,&quot;camera&quot;:&quot;&quot;,&quot;caption&quot;:&quot;&quot;,&quot;created_timestamp&quot;:&quot;0&quot;,&quot;copyright&quot;:&quot;&quot;,&quot;focal_length&quot;:&quot;0&quot;,&quot;iso&quot;:&quot;0&quot;,&quot;shutter_speed&quot;:&quot;0&quot;,&quot;title&quot;:&quot;&quot;,&quot;orientation&quot;:&quot;0&quot;}\" data-image-title=\"La Nation socialiste juillet 1962\" data-image-description=\"\" data-image-caption=\"\" data-large-file=\"https:\/\/i0.wp.com\/sinedjib.com\/wp-content\/uploads\/2015\/07\/La-Nation-socialiste-juillet-1962.png?fit=391%2C586&amp;ssl=1\" src=\"https:\/\/i0.wp.com\/sinedjib.com\/wp-content\/uploads\/2015\/07\/La-Nation-socialiste-juillet-1962.png?resize=391%2C586&#038;ssl=1\" alt=\"\" class=\"wp-image-4055 size-full\" srcset=\"https:\/\/i0.wp.com\/sinedjib.com\/wp-content\/uploads\/2015\/07\/La-Nation-socialiste-juillet-1962.png?w=391&amp;ssl=1 391w, https:\/\/i0.wp.com\/sinedjib.com\/wp-content\/uploads\/2015\/07\/La-Nation-socialiste-juillet-1962.png?resize=200%2C300&amp;ssl=1 200w\" sizes=\"auto, (max-width: 391px) 100vw, 391px\" \/><\/figure><div class=\"wp-block-media-text__content\">\n<p>\u00ab\u00a0De l\u2019ind\u00e9pendance \u00e0 la d\u00e9mocratie\u00a0\u00bb, paru dans&nbsp;<em>La Nation socialiste<\/em>, n\u00b057, juillet-ao\u00fbt 1962. <a href=\"https:\/\/sinedjib.com\/index.php\/2016\/07\/04\/democratie\/\">Lien<\/a><\/p>\n\n\n\n<p>\u00ab\u00a0La vocation \u00e0 la dictature\u00a0\u00bb, paru dans&nbsp;<em>La Nation socialiste<\/em>, n\u00b057, juillet-ao\u00fbt 1962. <a href=\"https:\/\/sinedjib.com\/index.php\/2015\/07\/12\/dictature\/\">Lien<\/a><\/p>\n\n\n\n<p>\u00ab\u00a0Lettre d\u2019Alg\u00e9rie : En attendant l\u2019ind\u00e9pendance\u00a0\u00bb, paru dans <em>La Nation socialiste<\/em>, n\u00b0 57, juillet-ao\u00fbt 1962. <a href=\"https:\/\/sinedjib.com\/index.php\/2022\/07\/04\/lettre-dalgerie-en-attendant-lindependance\/\">Lien<\/a><\/p>\n<\/div><\/div>\n","protected":false},"excerpt":{"rendered":"<p>Cette page recense les 10 articles de La Nation socialiste publi\u00e9s sur ce site depuis le 12 juillet 2015. Ce journal a \u00e9t\u00e9 fond\u00e9 en 1956 par Auguste Lec\u0153ur. Claude G\u00e9rard, \u00ab\u00a0De Belle-Ile-en-Mer \u00e0 Chantilly avec Messali Hadj\u00a0\u00bb, paru dans&nbsp;La Nation socialiste, f\u00e9vrier 1959. Lien Pierre Herv\u00e9, \u00ab\u00a0Ce que signifie l\u2019extr\u00e9misme de l\u2019O.A.S.\u00a0\u00bb, paru dans [&hellip;]<\/p>\n","protected":false},"author":1,"featured_media":0,"parent":0,"menu_order":0,"comment_status":"closed","ping_status":"closed","template":"","meta":{"jetpack_post_was_ever_published":false,"footnotes":""},"class_list":["post-16653","page","type-page","status-publish","hentry"],"jetpack_sharing_enabled":true,"jetpack_shortlink":"https:\/\/wp.me\/P9lTYU-4kB","jetpack_likes_enabled":true,"jetpack-related-posts":[{"id":22345,"url":"https:\/\/sinedjib.com\/index.php\/index-des-publications\/","url_meta":{"origin":16653,"position":0},"title":"Index des publications","author":"SiNedjib","date":"17\/03\/2024","format":false,"excerpt":"Cette page pr\u00e9sente un index des publications (bulletins, journaux, revues, etc.) dont cinq textes \u2013 ou plus \u2013 ont \u00e9t\u00e9 retranscrits sur ce site depuis 2012. La liste sera progressivement compl\u00e9t\u00e9e avec l\u2019ensemble des autres r\u00e9f\u00e9rences. A Alarme ; Alger R\u00e9publicain ; Alternative libertaire ; Arguments ; B Le Bolch\u00e9vik\u2026","rel":"","context":"Article similaire","block_context":{"text":"Article similaire","link":""},"img":{"alt_text":"","src":"","width":0,"height":0},"classes":[]},{"id":22320,"url":"https:\/\/sinedjib.com\/index.php\/la-pensee-socialiste\/","url_meta":{"origin":16653,"position":1},"title":"La Pens\u00e9e socialiste","author":"SiNedjib","date":"17\/03\/2024","format":false,"excerpt":"Cette page recense les 5 articles de La Pens\u00e9e socialiste publi\u00e9s sur ce site depuis le 22 janvier 2024. La revue, fond\u00e9e par Jean Rous, a paru de 1946 \u00e0 1948. Jean Cotereau, \"Socialisme et cl\u00e9ricalisme en 1946\", paru dans\u00a0La Pens\u00e9e socialiste, n\u00b0 6, juillet 1946. Lien Yves Dech\u00e9zelles, \"Les\u2026","rel":"","context":"Article similaire","block_context":{"text":"Article similaire","link":""},"img":{"alt_text":"","src":"https:\/\/i0.wp.com\/sinedjib.com\/wp-content\/uploads\/2024\/01\/La-Pensee-socialiste-juillet-1946-scaled.jpg?resize=350%2C200&ssl=1","width":350,"height":200,"srcset":"https:\/\/i0.wp.com\/sinedjib.com\/wp-content\/uploads\/2024\/01\/La-Pensee-socialiste-juillet-1946-scaled.jpg?resize=350%2C200&ssl=1 1x, https:\/\/i0.wp.com\/sinedjib.com\/wp-content\/uploads\/2024\/01\/La-Pensee-socialiste-juillet-1946-scaled.jpg?resize=525%2C300&ssl=1 1.5x, https:\/\/i0.wp.com\/sinedjib.com\/wp-content\/uploads\/2024\/01\/La-Pensee-socialiste-juillet-1946-scaled.jpg?resize=700%2C400&ssl=1 2x, https:\/\/i0.wp.com\/sinedjib.com\/wp-content\/uploads\/2024\/01\/La-Pensee-socialiste-juillet-1946-scaled.jpg?resize=1050%2C600&ssl=1 3x, https:\/\/i0.wp.com\/sinedjib.com\/wp-content\/uploads\/2024\/01\/La-Pensee-socialiste-juillet-1946-scaled.jpg?resize=1400%2C800&ssl=1 4x"},"classes":[]},{"id":22302,"url":"https:\/\/sinedjib.com\/index.php\/correspondance-socialiste-internationale\/","url_meta":{"origin":16653,"position":2},"title":"Correspondance Socialiste Internationale","author":"SiNedjib","date":"17\/03\/2024","format":false,"excerpt":"Cette page recense les 6 articles de Correspondance Socialiste Internationale publi\u00e9s sur ce site depuis le 5 janvier 2024. La revue, fond\u00e9e par Marceau Pivert, a paru de 1950 \u00e0 1960. Marceau Pivert, \"Albert Camus, \u00ab\u00a0L\u2019Homme r\u00e9volt\u00e9\u00a0\u00bb (Gallimard)\", paru dans\u00a0Correspondance Socialiste Internationale, mai 1952. Lien Marceau Pivert, \"Assez de crimes\u2026","rel":"","context":"Article similaire","block_context":{"text":"Article similaire","link":""},"img":{"alt_text":"","src":"https:\/\/i0.wp.com\/sinedjib.com\/wp-content\/uploads\/2024\/03\/CSI-novembre-1957.png?resize=350%2C200&ssl=1","width":350,"height":200,"srcset":"https:\/\/i0.wp.com\/sinedjib.com\/wp-content\/uploads\/2024\/03\/CSI-novembre-1957.png?resize=350%2C200&ssl=1 1x, https:\/\/i0.wp.com\/sinedjib.com\/wp-content\/uploads\/2024\/03\/CSI-novembre-1957.png?resize=525%2C300&ssl=1 1.5x"},"classes":[]},{"id":6832,"url":"https:\/\/sinedjib.com\/index.php\/ressources\/le-reveil\/","url_meta":{"origin":16653,"position":3},"title":"Le R\u00e9veil","author":"SiNedjib","date":"25\/01\/2020","format":false,"excerpt":"Cette page recense les 10 articles du R\u00e9veil publi\u00e9s sur ce site depuis le 8 juin 2019. Le journal, d'abord intitul\u00e9 Le R\u00e9veil socialiste-anarchiste, a paru de 1900 \u00e0 1946. Les sommaires sont consultables sur le site Archives Autonomies. Les textes d'Errico Malatesta sont disponibles via ce lien. Georges Herzig,\u2026","rel":"","context":"Article similaire","block_context":{"text":"Article similaire","link":""},"img":{"alt_text":"","src":"","width":0,"height":0},"classes":[]},{"id":5483,"url":"https:\/\/sinedjib.com\/index.php\/ressources\/","url_meta":{"origin":16653,"position":4},"title":"Ressources","author":"SiNedjib","date":"30\/04\/2019","format":false,"excerpt":"Les textes retranscrits sur ce site proviennent principalement de 60 publications, mais aussi de 175 autres r\u00e9f\u00e9rences, sans oublier les extraits de 49 ouvrages. On peut y acc\u00e9der aupr\u00e8s de ces institutions ou sites : ANOM, Archives Autonomies, Archives R\u00e9volutionnaires, Archives socialistes, Biblioth\u00e8que du marxisme (libertaire), CERMTRI, Centre de ressources\u2026","rel":"","context":"Article similaire","block_context":{"text":"Article similaire","link":""},"img":{"alt_text":"","src":"https:\/\/i0.wp.com\/sinedjib.com\/wp-content\/uploads\/2024\/05\/972-logo_1000x667-1000x668-1.webp?resize=350%2C200&ssl=1","width":350,"height":200,"srcset":"https:\/\/i0.wp.com\/sinedjib.com\/wp-content\/uploads\/2024\/05\/972-logo_1000x667-1000x668-1.webp?resize=350%2C200&ssl=1 1x, https:\/\/i0.wp.com\/sinedjib.com\/wp-content\/uploads\/2024\/05\/972-logo_1000x667-1000x668-1.webp?resize=525%2C300&ssl=1 1.5x, https:\/\/i0.wp.com\/sinedjib.com\/wp-content\/uploads\/2024\/05\/972-logo_1000x667-1000x668-1.webp?resize=700%2C400&ssl=1 2x"},"classes":[]},{"id":13919,"url":"https:\/\/sinedjib.com\/index.php\/el-jarida\/","url_meta":{"origin":16653,"position":5},"title":"El Jarida","author":"SiNedjib","date":"10\/09\/2021","format":false,"excerpt":"Cette page recense les 5 textes d'El Jarida publi\u00e9s sur ce site depuis le 1er juillet 2018. L'organe du Parti de la r\u00e9volution socialiste, dirig\u00e9 par Mohammed Boudiaf, a paru de 1968 \u00e0 1979. \"Les dessous du festival panafricain de la culture\", paru dans\u00a0El Jarida\u00a0n\u00b0 7, 20 septembre 1969. Lien\u2026","rel":"","context":"Article similaire","block_context":{"text":"Article similaire","link":""},"img":{"alt_text":"","src":"https:\/\/i0.wp.com\/sinedjib.com\/wp-content\/uploads\/2020\/01\/El-Jarida-1969.png?resize=350%2C200&ssl=1","width":350,"height":200},"classes":[]}],"_links":{"self":[{"href":"https:\/\/sinedjib.com\/index.php\/wp-json\/wp\/v2\/pages\/16653","targetHints":{"allow":["GET"]}}],"collection":[{"href":"https:\/\/sinedjib.com\/index.php\/wp-json\/wp\/v2\/pages"}],"about":[{"href":"https:\/\/sinedjib.com\/index.php\/wp-json\/wp\/v2\/types\/page"}],"author":[{"embeddable":true,"href":"https:\/\/sinedjib.com\/index.php\/wp-json\/wp\/v2\/users\/1"}],"replies":[{"embeddable":true,"href":"https:\/\/sinedjib.com\/index.php\/wp-json\/wp\/v2\/comments?post=16653"}],"version-history":[{"count":1,"href":"https:\/\/sinedjib.com\/index.php\/wp-json\/wp\/v2\/pages\/16653\/revisions"}],"predecessor-version":[{"id":16655,"href":"https:\/\/sinedjib.com\/index.php\/wp-json\/wp\/v2\/pages\/16653\/revisions\/16655"}],"wp:attachment":[{"href":"https:\/\/sinedjib.com\/index.php\/wp-json\/wp\/v2\/media?parent=16653"}],"curies":[{"name":"wp","href":"https:\/\/api.w.org\/{rel}","templated":true}]}}