{"id":22306,"date":"2024-03-17T12:03:01","date_gmt":"2024-03-17T11:03:01","guid":{"rendered":"https:\/\/sinedjib.com\/?page_id=22306"},"modified":"2024-03-17T12:03:01","modified_gmt":"2024-03-17T11:03:01","slug":"force-ouvriere","status":"publish","type":"page","link":"https:\/\/sinedjib.com\/index.php\/force-ouvriere\/","title":{"rendered":"Force ouvri\u00e8re"},"content":{"rendered":"\n<div class=\"wp-block-media-text is-stacked-on-mobile\"><figure class=\"wp-block-media-text__media\"><img data-recalc-dims=\"1\" loading=\"lazy\" decoding=\"async\" width=\"334\" height=\"458\" data-attachment-id=\"13550\" data-permalink=\"https:\/\/sinedjib.com\/index.php\/2021\/08\/08\/denyse-wurmser-visions-du-monde-futur\/force-ouvriere-23-fevrier-1950\/\" data-orig-file=\"https:\/\/i0.wp.com\/sinedjib.com\/wp-content\/uploads\/2021\/08\/Force-ouvriere-23-fevrier-1950.png?fit=334%2C458&amp;ssl=1\" data-orig-size=\"334,458\" data-comments-opened=\"1\" data-image-meta=\"{&quot;aperture&quot;:&quot;0&quot;,&quot;credit&quot;:&quot;&quot;,&quot;camera&quot;:&quot;&quot;,&quot;caption&quot;:&quot;&quot;,&quot;created_timestamp&quot;:&quot;0&quot;,&quot;copyright&quot;:&quot;&quot;,&quot;focal_length&quot;:&quot;0&quot;,&quot;iso&quot;:&quot;0&quot;,&quot;shutter_speed&quot;:&quot;0&quot;,&quot;title&quot;:&quot;&quot;,&quot;orientation&quot;:&quot;0&quot;}\" data-image-title=\"Force-ouvriere-23-fevrier-1950\" data-image-description=\"\" data-image-caption=\"\" data-large-file=\"https:\/\/i0.wp.com\/sinedjib.com\/wp-content\/uploads\/2021\/08\/Force-ouvriere-23-fevrier-1950.png?fit=334%2C458&amp;ssl=1\" src=\"https:\/\/i0.wp.com\/sinedjib.com\/wp-content\/uploads\/2021\/08\/Force-ouvriere-23-fevrier-1950.png?resize=334%2C458&#038;ssl=1\" alt=\"\" class=\"wp-image-13550 size-full\" srcset=\"https:\/\/i0.wp.com\/sinedjib.com\/wp-content\/uploads\/2021\/08\/Force-ouvriere-23-fevrier-1950.png?w=334&amp;ssl=1 334w, https:\/\/i0.wp.com\/sinedjib.com\/wp-content\/uploads\/2021\/08\/Force-ouvriere-23-fevrier-1950.png?resize=219%2C300&amp;ssl=1 219w\" sizes=\"auto, (max-width: 334px) 100vw, 334px\" \/><\/figure><div class=\"wp-block-media-text__content\">\n<p><strong>Cette page recense les 9 articles de <em>Force ouvri\u00e8re<\/em> publi\u00e9s sur ce site depuis le 8 ao\u00fbt 2021.<\/strong> <strong>L&rsquo;hebdomadaire est disponible pour la p\u00e9riode 1945-1951 sur <a href=\"https:\/\/www.retronews.fr\/titre-de-presse\/force-ouvriere\">Retronews<\/a>.<\/strong><\/p>\n<\/div><\/div>\n\n\n\n<p>G. S., \u00ab\u00a0La Lie de la terre\u00a0\u00bb, paru dans <em>Force ouvri\u00e8re<\/em>, n\u00b0 50, 5 d\u00e9cembre 1946. <a href=\"https:\/\/sinedjib.com\/index.php\/2023\/03\/15\/la-lie-de-la-terre\/\">Lien<\/a><\/p>\n\n\n\n<p>Paul S\u00e9nac, \u00ab\u00a0Victor Serge n\u2019est plus\u00a0\u00bb, paru dans <em>Force ouvri\u00e8re<\/em>, n\u00b0 103, 18 d\u00e9cembre 1947. <a href=\"https:\/\/sinedjib.com\/index.php\/2023\/03\/09\/paul-senac-victor-serge-nest-plus\/\">Lien<\/a><\/p>\n\n\n\n<p>G. S., \u00ab\u00a0Les animaux partout\u00a0\u00bb, paru dans <em>Force ouvri\u00e8re<\/em>, n\u00b0 119, 8 avril 1948. <a href=\"https:\/\/sinedjib.com\/index.php\/2023\/03\/19\/les-animaux-partout\/\">Lien<\/a><\/p>\n\n\n\n<p>Auguste Gallois, \u00ab\u00a0L\u2019affaire Toula\u00e9v de Victor Serge\u00a0\u00bb, paru dans <em>Force ouvri\u00e8re<\/em>, n\u00b0 167, 10 mars 1949. <a href=\"https:\/\/sinedjib.com\/index.php\/2023\/03\/12\/auguste-gallois-laffaire-toulaev-de-victor-serge\/\">Lien<\/a><\/p>\n\n\n\n<p>Denise Wurmser, \u00ab\u00a0Visions du monde futur\u00a0\u00bb, paru dans&nbsp;<em>Force ouvri\u00e8re<\/em>, 23 f\u00e9vrier 1950. <a href=\"https:\/\/sinedjib.com\/index.php\/2021\/08\/08\/denyse-wurmser-visions-du-monde-futur\/\">Lien<\/a><\/p>\n\n\n\n<p>Auguste Gallois, \u00ab\u00a0Le Dieu des t\u00e9n\u00e8bres par Arthur Koestler, Ignazio Silone, Richard Wright, Andr\u00e9 Gide, Louis Fischer, Stephen Spender\u00a0\u00bb, paru dans <em>Force ouvri\u00e8re<\/em>, n\u00b0 234, 22 juin 1950. <a href=\"https:\/\/sinedjib.com\/index.php\/2023\/03\/18\/auguste-gallois-le-dieu-des-tenebres\/\">Lien<\/a><\/p>\n\n\n\n<p>Auguste Gallois, \u00ab\u00a0O\u00f9 va le peuple am\u00e9ricain ? de Daniel Gu\u00e9rin\u00a0\u00bb, paru&nbsp;dans&nbsp;<em>Force ouvri\u00e8re<\/em>, n\u00b0238, 20 juillet 1950. <a href=\"https:\/\/sinedjib.com\/index.php\/2021\/09\/25\/auguste-gallois-ou-va-le-peuple-americain-de-daniel-guerin\/\">Lien<\/a><\/p>\n\n\n\n<p>Paul S\u00e9nac, \u00ab\u00a0\u00ab&nbsp;Le Soleil entre les mains&nbsp;\u00bb de Garet Garrett, \u00ab&nbsp;Le Yogi et le commissaire&nbsp;\u00bb d\u2019Arthur Koestler\u00a0\u00bb, paru dans <em>Force ouvri\u00e8re<\/em>, n\u00b0 48, 21 novembre 1946. <a href=\"https:\/\/sinedjib.com\/index.php\/2023\/03\/17\/paul-senac-le-soleil-entre-les-mains-de-garet-garrett-le-yogi-et-le-commissaire-darthur-koestler\/\">Lien<\/a><\/p>\n\n\n\n<p>Edmond Humeau, \u00ab\u00a0Un grand livre ouvert. M\u00e9moires d\u2019un r\u00e9volutionnaire par Victor Serge (\u00c9ditions du Seuil)\u00a0\u00bb, paru dans <em>Force ouvri\u00e8re<\/em>, n\u00b0 274, 5 avril 1951. <a href=\"https:\/\/sinedjib.com\/index.php\/2023\/03\/11\/edmond-humeau-un-grand-livre-ouvert-memoires-dun-revolutionnaire-par-victor-serge-editions-du-seuil\/\">Lien<\/a><\/p>\n","protected":false},"excerpt":{"rendered":"<p>Cette page recense les 9 articles de Force ouvri\u00e8re publi\u00e9s sur ce site depuis le 8 ao\u00fbt 2021. L&rsquo;hebdomadaire est disponible pour la p\u00e9riode 1945-1951 sur Retronews. G. S., \u00ab\u00a0La Lie de la terre\u00a0\u00bb, paru dans Force ouvri\u00e8re, n\u00b0 50, 5 d\u00e9cembre 1946. Lien Paul S\u00e9nac, \u00ab\u00a0Victor Serge n\u2019est plus\u00a0\u00bb, paru dans Force ouvri\u00e8re, n\u00b0 [&hellip;]<\/p>\n","protected":false},"author":1,"featured_media":0,"parent":0,"menu_order":0,"comment_status":"closed","ping_status":"closed","template":"","meta":{"jetpack_post_was_ever_published":false,"footnotes":""},"class_list":["post-22306","page","type-page","status-publish","hentry"],"jetpack_sharing_enabled":true,"jetpack_shortlink":"https:\/\/wp.me\/P9lTYU-5NM","jetpack_likes_enabled":true,"jetpack-related-posts":[{"id":22345,"url":"https:\/\/sinedjib.com\/index.php\/index-des-publications\/","url_meta":{"origin":22306,"position":0},"title":"Index des publications","author":"SiNedjib","date":"17\/03\/2024","format":false,"excerpt":"Cette page pr\u00e9sente un index des publications (bulletins, journaux, revues, etc.) dont cinq textes \u2013 ou plus \u2013 ont \u00e9t\u00e9 retranscrits sur ce site depuis 2012. La liste sera progressivement compl\u00e9t\u00e9e avec l\u2019ensemble des autres r\u00e9f\u00e9rences. A Alarme ; Alger R\u00e9publicain ; Alternative libertaire ; Arguments ; B Le Bolch\u00e9vik\u2026","rel":"","context":"Article similaire","block_context":{"text":"Article similaire","link":""},"img":{"alt_text":"","src":"","width":0,"height":0},"classes":[]},{"id":16671,"url":"https:\/\/sinedjib.com\/index.php\/tribune-ouvriere\/","url_meta":{"origin":22306,"position":1},"title":"Tribune ouvri\u00e8re","author":"SiNedjib","date":"18\/07\/2022","format":false,"excerpt":"Cette page recense les 8 articles de Tribune ouvri\u00e8re publi\u00e9s sur ce site depuis le 6 septembre 2016. Ce journal, anim\u00e9 par Jacques Gautrat dit Daniel Moth\u00e9, a paru de 1954 \u00e0 1962. Ses sommaires sont consultables sur le site Archives Autonomies. \"Retraite ou \u00e9mancipation\", paru dans Tribune ouvri\u00e8re, n\u00b0\u2026","rel":"","context":"Article similaire","block_context":{"text":"Article similaire","link":""},"img":{"alt_text":"","src":"https:\/\/i0.wp.com\/sinedjib.com\/wp-content\/uploads\/2022\/01\/Tribune-ouvriere-janvier-1962.png?resize=350%2C200&ssl=1","width":350,"height":200},"classes":[]},{"id":22327,"url":"https:\/\/sinedjib.com\/index.php\/voix-ouvriere\/","url_meta":{"origin":22306,"position":2},"title":"Voix ouvri\u00e8re","author":"SiNedjib","date":"17\/03\/2024","format":false,"excerpt":"Cette page recense les 6 articles de Voix ouvri\u00e8re publi\u00e9s sur ce site depuis le 11 novembre 2022. Le journal a paru de 1962 \u00e0 1968. Ses exemplaires sont consultables sur Lutte ouvri\u00e8re. G\u00e9rard Nidraux, \"Au pays du socialisme \u00ab\u00a0arabo-islamique\u00a0\u00bb le deuxi\u00e8me congr\u00e8s de l\u2019U.G.T.A.\", paru dans Voix ouvri\u00e8re, n\u00b0\u2026","rel":"","context":"Article similaire","block_context":{"text":"Article similaire","link":""},"img":{"alt_text":"","src":"https:\/\/i0.wp.com\/sinedjib.com\/wp-content\/uploads\/2024\/03\/Voix-ouvriere-29-juin-1965.png?resize=350%2C200&ssl=1","width":350,"height":200,"srcset":"https:\/\/i0.wp.com\/sinedjib.com\/wp-content\/uploads\/2024\/03\/Voix-ouvriere-29-juin-1965.png?resize=350%2C200&ssl=1 1x, https:\/\/i0.wp.com\/sinedjib.com\/wp-content\/uploads\/2024\/03\/Voix-ouvriere-29-juin-1965.png?resize=525%2C300&ssl=1 1.5x"},"classes":[]},{"id":22297,"url":"https:\/\/sinedjib.com\/index.php\/la-commune\/","url_meta":{"origin":22306,"position":3},"title":"La Commune","author":"SiNedjib","date":"17\/03\/2024","format":false,"excerpt":"Cette page recense les 11 articles du journal La Commune publi\u00e9s sur ce site depuis le 14 novembre 2012. L'organe du Comit\u00e9 de liaison et d'action pour la d\u00e9mocratie ouvri\u00e8re (CLADO) a paru de 1957 \u00e0 1958. \"Cinq questions \u00e0 Messali Hadj\", La Commune, avril 1957. Lien Maurice Clavel, \"La\u2026","rel":"","context":"Article similaire","block_context":{"text":"Article similaire","link":""},"img":{"alt_text":"","src":"https:\/\/i0.wp.com\/sinedjib.com\/wp-content\/uploads\/2024\/03\/La-Commune-mai-1957.webp?resize=350%2C200&ssl=1","width":350,"height":200,"srcset":"https:\/\/i0.wp.com\/sinedjib.com\/wp-content\/uploads\/2024\/03\/La-Commune-mai-1957.webp?resize=350%2C200&ssl=1 1x, https:\/\/i0.wp.com\/sinedjib.com\/wp-content\/uploads\/2024\/03\/La-Commune-mai-1957.webp?resize=525%2C300&ssl=1 1.5x"},"classes":[]},{"id":14394,"url":"https:\/\/sinedjib.com\/index.php\/front-libertaire-des-luttes-de-classe\/","url_meta":{"origin":22306,"position":4},"title":"Front libertaire des luttes de classes","author":"SiNedjib","date":"17\/10\/2021","format":false,"excerpt":"Cette page recense les 9 articles de Front libertaire des luttes de classes publi\u00e9s sur ce site depuis le 29 septembre 2018. Ce journal \u00e9dit\u00e9 par l'Organisation r\u00e9volutionnaire anarchiste puis par l'Organisation communiste libertaire a paru de 1970 \u00e0 1979. Les num\u00e9ros sont t\u00e9l\u00e9chargeables sur le site Archives Autonomies. \"Palestine\",\u2026","rel":"","context":"Article similaire","block_context":{"text":"Article similaire","link":""},"img":{"alt_text":"","src":"https:\/\/i0.wp.com\/sinedjib.com\/wp-content\/uploads\/2023\/11\/Front-libertaire-des-luttes-de-classes-1970.png?resize=350%2C200&ssl=1","width":350,"height":200},"classes":[]},{"id":5949,"url":"https:\/\/sinedjib.com\/index.php\/ressources\/le-proletaire\/","url_meta":{"origin":22306,"position":5},"title":"Le Prol\u00e9taire","author":"SiNedjib","date":"16\/06\/2019","format":false,"excerpt":"Cette page recense les 61 articles du\u00a0Prol\u00e9taire publi\u00e9s sur ce site depuis le 30 septembre 2016. Le bulletin du Parti communiste international a \u00e9t\u00e9 lanc\u00e9 en 1963. Les sommaires sont consultables sur le site du Parti communiste international. \"Le conflit alg\u00e9ro-marocain : la guerre arrange tout, mais apr\u00e8s ?\", paru\u2026","rel":"","context":"Article similaire","block_context":{"text":"Article similaire","link":""},"img":{"alt_text":"","src":"https:\/\/i0.wp.com\/sinedjib.com\/wp-content\/uploads\/2020\/05\/Le-Prol%C3%A9taire-novembre-1963.png?resize=350%2C200&ssl=1","width":350,"height":200},"classes":[]}],"_links":{"self":[{"href":"https:\/\/sinedjib.com\/index.php\/wp-json\/wp\/v2\/pages\/22306","targetHints":{"allow":["GET"]}}],"collection":[{"href":"https:\/\/sinedjib.com\/index.php\/wp-json\/wp\/v2\/pages"}],"about":[{"href":"https:\/\/sinedjib.com\/index.php\/wp-json\/wp\/v2\/types\/page"}],"author":[{"embeddable":true,"href":"https:\/\/sinedjib.com\/index.php\/wp-json\/wp\/v2\/users\/1"}],"replies":[{"embeddable":true,"href":"https:\/\/sinedjib.com\/index.php\/wp-json\/wp\/v2\/comments?post=22306"}],"version-history":[{"count":1,"href":"https:\/\/sinedjib.com\/index.php\/wp-json\/wp\/v2\/pages\/22306\/revisions"}],"predecessor-version":[{"id":22307,"href":"https:\/\/sinedjib.com\/index.php\/wp-json\/wp\/v2\/pages\/22306\/revisions\/22307"}],"wp:attachment":[{"href":"https:\/\/sinedjib.com\/index.php\/wp-json\/wp\/v2\/media?parent=22306"}],"curies":[{"name":"wp","href":"https:\/\/api.w.org\/{rel}","templated":true}]}}