{"id":22327,"date":"2024-03-17T12:50:55","date_gmt":"2024-03-17T11:50:55","guid":{"rendered":"https:\/\/sinedjib.com\/?page_id=22327"},"modified":"2025-04-02T12:35:52","modified_gmt":"2025-04-02T10:35:52","slug":"voix-ouvriere","status":"publish","type":"page","link":"https:\/\/sinedjib.com\/index.php\/voix-ouvriere\/","title":{"rendered":"Voix ouvri\u00e8re"},"content":{"rendered":"\n<div class=\"wp-block-media-text is-stacked-on-mobile\"><figure class=\"wp-block-media-text__media\"><img data-recalc-dims=\"1\" loading=\"lazy\" decoding=\"async\" width=\"580\" height=\"781\" data-attachment-id=\"22330\" data-permalink=\"https:\/\/sinedjib.com\/index.php\/voix-ouvriere\/voix-ouvriere-29-juin-1965\/\" data-orig-file=\"https:\/\/i0.wp.com\/sinedjib.com\/wp-content\/uploads\/2024\/03\/Voix-ouvriere-29-juin-1965.png?fit=632%2C851&amp;ssl=1\" data-orig-size=\"632,851\" data-comments-opened=\"1\" data-image-meta=\"{&quot;aperture&quot;:&quot;0&quot;,&quot;credit&quot;:&quot;&quot;,&quot;camera&quot;:&quot;&quot;,&quot;caption&quot;:&quot;&quot;,&quot;created_timestamp&quot;:&quot;0&quot;,&quot;copyright&quot;:&quot;&quot;,&quot;focal_length&quot;:&quot;0&quot;,&quot;iso&quot;:&quot;0&quot;,&quot;shutter_speed&quot;:&quot;0&quot;,&quot;title&quot;:&quot;&quot;,&quot;orientation&quot;:&quot;0&quot;}\" data-image-title=\"Voix-ouvriere-29-juin-1965\" data-image-description=\"\" data-image-caption=\"\" data-large-file=\"https:\/\/i0.wp.com\/sinedjib.com\/wp-content\/uploads\/2024\/03\/Voix-ouvriere-29-juin-1965.png?fit=580%2C781&amp;ssl=1\" src=\"https:\/\/i0.wp.com\/sinedjib.com\/wp-content\/uploads\/2024\/03\/Voix-ouvriere-29-juin-1965.png?resize=580%2C781&#038;ssl=1\" alt=\"\" class=\"wp-image-22330 size-full\" srcset=\"https:\/\/i0.wp.com\/sinedjib.com\/wp-content\/uploads\/2024\/03\/Voix-ouvriere-29-juin-1965.png?w=632&amp;ssl=1 632w, https:\/\/i0.wp.com\/sinedjib.com\/wp-content\/uploads\/2024\/03\/Voix-ouvriere-29-juin-1965.png?resize=223%2C300&amp;ssl=1 223w\" sizes=\"auto, (max-width: 580px) 100vw, 580px\" \/><\/figure><div class=\"wp-block-media-text__content\">\n<p><strong>Cette page recense les 6 articles de <em>Voix ouvri\u00e8re<\/em> publi\u00e9s sur ce site depuis le 11 novembre 2022. Le journal a paru de 1962 \u00e0 1968. Ses exemplaires sont consultables sur <a href=\"https:\/\/journal.lutte-ouvriere.org\/journal\/archives\">Lutte ouvri\u00e8re<\/a>.<\/strong><\/p>\n<\/div><\/div>\n\n\n\n<p>G\u00e9rard Nidraux, \u00ab\u00a0Au pays du socialisme \u00ab&nbsp;arabo-islamique&nbsp;\u00bb le deuxi\u00e8me congr\u00e8s de l\u2019U.G.T.A.\u00a0\u00bb, paru dans <em>Voix ouvri\u00e8re<\/em>, n\u00b0 35, 6 avril 1965. <a href=\"https:\/\/sinedjib.com\/index.php\/2022\/11\/26\/gerard-nidraux-au-pays-du-socialisme-arabo-islamique-le-deuxieme-congres-de-lu-g-t-a\/\">Lien<\/a><\/p>\n\n\n\n<p>Jean-Claude Kerjouan alias Jacques Morand, \u00ab\u00a0La crise alg\u00e9rienne\u00a0\u00bb, paru dans <em>Voix ouvri\u00e8re<\/em>, n\u00b0 40, 29 juin 1965. <a href=\"https:\/\/sinedjib.com\/index.php\/2022\/11\/11\/jean-claude-kerjouan-la-crise-algerienne\/\">Lien<\/a><\/p>\n\n\n\n<p>Christian Jung, \u00ab\u00a0A propos de la \u00ab&nbsp;contre-r\u00e9volution&nbsp;\u00bb en Alg\u00e9rie\u00a0\u00bb, paru dans <em>Voix ouvri\u00e8re<\/em>, n\u00b0 41, juillet 1965. <a href=\"https:\/\/sinedjib.com\/index.php\/2022\/11\/14\/christian-jung-a-propos-de-la-contre-revolution-en-algerie\/\">Lien<\/a><\/p>\n\n\n\n<p>\u00ab\u00a0Alors que police et grande presse montent en \u00e9pingle certains d\u00e9lits, racisme et pr\u00e9jug\u00e9s continuent \u00e0 diviser la classe ouvri\u00e8re et empoisonner sa conscience\u00a0\u00bb, paru dans <em>Voix ouvri\u00e8re<\/em>, n\u00b0 46, 2 novembre 1965. <a href=\"https:\/\/sinedjib.com\/index.php\/2022\/11\/24\/racisme-et-prejuges-continuent-a-diviser-la-classe-ouvriere-et-empoisonner-sa-conscience\/\">Lien<\/a><\/p>\n\n\n\n<p>\u00ab\u00a0Les positions de l\u2019extr\u00eame gauche isra\u00e9lienne et palestinienne\u00a0\u00bb, paru dans <em>Voix ouvri\u00e8re<\/em>, n\u00b0 84, 13 juin 1967. <a href=\"https:\/\/sinedjib.com\/index.php\/2023\/11\/06\/extreme-gauche\/\">Lien<\/a><\/p>\n\n\n\n<p>\u00ab\u00a0Une d\u00e9claration isra\u00e9lo-arabe\u00a0\u00bb, paru dans&nbsp;<em>Voix ouvri\u00e8re<\/em>, n\u00b0 88, 19 septembre 1967. <a href=\"https:\/\/sinedjib.com\/index.php\/2023\/10\/30\/internationalistes\/\">Lien<\/a><\/p>\n","protected":false},"excerpt":{"rendered":"<p>Cette page recense les 6 articles de Voix ouvri\u00e8re publi\u00e9s sur ce site depuis le 11 novembre 2022. Le journal a paru de 1962 \u00e0 1968. Ses exemplaires sont consultables sur Lutte ouvri\u00e8re. G\u00e9rard Nidraux, \u00ab\u00a0Au pays du socialisme \u00ab&nbsp;arabo-islamique&nbsp;\u00bb le deuxi\u00e8me congr\u00e8s de l\u2019U.G.T.A.\u00a0\u00bb, paru dans Voix ouvri\u00e8re, n\u00b0 35, 6 avril 1965. Lien [&hellip;]<\/p>\n","protected":false},"author":1,"featured_media":0,"parent":0,"menu_order":0,"comment_status":"closed","ping_status":"closed","template":"","meta":{"jetpack_post_was_ever_published":false,"footnotes":""},"class_list":["post-22327","page","type-page","status-publish","hentry"],"jetpack_sharing_enabled":true,"jetpack_shortlink":"https:\/\/wp.me\/P9lTYU-5O7","jetpack_likes_enabled":true,"jetpack-related-posts":[{"id":16671,"url":"https:\/\/sinedjib.com\/index.php\/tribune-ouvriere\/","url_meta":{"origin":22327,"position":0},"title":"Tribune ouvri\u00e8re","author":"SiNedjib","date":"18\/07\/2022","format":false,"excerpt":"Cette page recense les 8 articles de Tribune ouvri\u00e8re publi\u00e9s sur ce site depuis le 6 septembre 2016. Ce journal, anim\u00e9 par Jacques Gautrat dit Daniel Moth\u00e9, a paru de 1954 \u00e0 1962. Ses sommaires sont consultables sur le site Archives Autonomies. \"Retraite ou \u00e9mancipation\", paru dans Tribune ouvri\u00e8re, n\u00b0\u2026","rel":"","context":"Article similaire","block_context":{"text":"Article similaire","link":""},"img":{"alt_text":"","src":"https:\/\/i0.wp.com\/sinedjib.com\/wp-content\/uploads\/2022\/01\/Tribune-ouvriere-janvier-1962.png?resize=350%2C200&ssl=1","width":350,"height":200},"classes":[]},{"id":22345,"url":"https:\/\/sinedjib.com\/index.php\/index-des-publications\/","url_meta":{"origin":22327,"position":1},"title":"Index des publications","author":"SiNedjib","date":"17\/03\/2024","format":false,"excerpt":"Cette page pr\u00e9sente un index des publications (bulletins, journaux, revues, etc.) dont cinq textes \u2013 ou plus \u2013 ont \u00e9t\u00e9 retranscrits sur ce site depuis 2012. La liste sera progressivement compl\u00e9t\u00e9e avec l\u2019ensemble des autres r\u00e9f\u00e9rences. A Alarme ; Alger R\u00e9publicain ; Alternative libertaire ; Arguments ; B Le Bolch\u00e9vik\u2026","rel":"","context":"Article similaire","block_context":{"text":"Article similaire","link":""},"img":{"alt_text":"","src":"","width":0,"height":0},"classes":[]},{"id":22306,"url":"https:\/\/sinedjib.com\/index.php\/force-ouvriere\/","url_meta":{"origin":22327,"position":2},"title":"Force ouvri\u00e8re","author":"SiNedjib","date":"17\/03\/2024","format":false,"excerpt":"Cette page recense les 9 articles de Force ouvri\u00e8re publi\u00e9s sur ce site depuis le 8 ao\u00fbt 2021. L'hebdomadaire est disponible pour la p\u00e9riode 1945-1951 sur Retronews. G. S., \"La Lie de la terre\", paru dans Force ouvri\u00e8re, n\u00b0 50, 5 d\u00e9cembre 1946. Lien Paul S\u00e9nac, \"Victor Serge n\u2019est plus\",\u2026","rel":"","context":"Article similaire","block_context":{"text":"Article similaire","link":""},"img":{"alt_text":"","src":"https:\/\/i0.wp.com\/sinedjib.com\/wp-content\/uploads\/2021\/08\/Force-ouvriere-23-fevrier-1950.png?resize=350%2C200&ssl=1","width":350,"height":200},"classes":[]},{"id":5931,"url":"https:\/\/sinedjib.com\/index.php\/ressources\/voix-peuple\/","url_meta":{"origin":22327,"position":3},"title":"La Voix du peuple","author":"SiNedjib","date":"14\/06\/2019","format":false,"excerpt":"Cette page recense les 35 articles de La Voix du peuple publi\u00e9s sur ce site depuis le 8 mai 2015. L'organe clandestin du Mouvement national alg\u00e9rien a paru de 1954 \u00e0 1962. \"Le Chant des Rescap\u00e9s\", paru dans La Voix du peuple, n\u00b0 10, 2 mai 1955. Lien \"Un responsable\u2026","rel":"","context":"Article similaire","block_context":{"text":"Article similaire","link":""},"img":{"alt_text":"","src":"https:\/\/i0.wp.com\/sinedjib.com\/wp-content\/uploads\/2020\/05\/1957-04-VP_01a.jpg?resize=350%2C200&ssl=1","width":350,"height":200,"srcset":"https:\/\/i0.wp.com\/sinedjib.com\/wp-content\/uploads\/2020\/05\/1957-04-VP_01a.jpg?resize=350%2C200&ssl=1 1x, https:\/\/i0.wp.com\/sinedjib.com\/wp-content\/uploads\/2020\/05\/1957-04-VP_01a.jpg?resize=525%2C300&ssl=1 1.5x, https:\/\/i0.wp.com\/sinedjib.com\/wp-content\/uploads\/2020\/05\/1957-04-VP_01a.jpg?resize=700%2C400&ssl=1 2x, https:\/\/i0.wp.com\/sinedjib.com\/wp-content\/uploads\/2020\/05\/1957-04-VP_01a.jpg?resize=1050%2C600&ssl=1 3x, https:\/\/i0.wp.com\/sinedjib.com\/wp-content\/uploads\/2020\/05\/1957-04-VP_01a.jpg?resize=1400%2C800&ssl=1 4x"},"classes":[]},{"id":6837,"url":"https:\/\/sinedjib.com\/index.php\/ressources\/tribune-algerienne\/","url_meta":{"origin":22327,"position":4},"title":"Tribune alg\u00e9rienne","author":"SiNedjib","date":"25\/01\/2020","format":false,"excerpt":"Cette page recense les 25 articles de Tribune alg\u00e9rienne publi\u00e9s sur ce site depuis le 20 janvier 2019. Le bulletin du Comit\u00e9 de liaison des trotskystes alg\u00e9riens a paru de 1974 \u00e0 1980. Des num\u00e9ros sont consultables sur le portail Odyss\u00e9o. \"Le voyage de Marchais en Alg\u00e9rie\", paru dans Tribune\u2026","rel":"","context":"Article similaire","block_context":{"text":"Article similaire","link":""},"img":{"alt_text":"","src":"https:\/\/i0.wp.com\/sinedjib.com\/wp-content\/uploads\/2020\/02\/Tribune-alg%C3%A9rienne-janvier-1977.png?resize=350%2C200&ssl=1","width":350,"height":200},"classes":[]},{"id":5927,"url":"https:\/\/sinedjib.com\/index.php\/ressources\/voix-travailleur\/","url_meta":{"origin":22327,"position":5},"title":"La Voix du travailleur alg\u00e9rien","author":"SiNedjib","date":"14\/06\/2019","format":false,"excerpt":"Cette page recense les 10 articles de La Voix du travailleur alg\u00e9rien publi\u00e9s sur ce site depuis le 8 mai 2015. L'organe de la F\u00e9d\u00e9ration de France de l'Union des syndicats des travailleurs alg\u00e9riens a paru de 1957 \u00e0 1962. Des num\u00e9ros sont consultables sur le portail Odyss\u00e9o. \"Un message\u2026","rel":"","context":"Article similaire","block_context":{"text":"Article similaire","link":""},"img":{"alt_text":"","src":"https:\/\/i0.wp.com\/sinedjib.com\/wp-content\/uploads\/2020\/05\/La-Voix-du-travailleur-alg%C3%A9rien-avril-1958.png?resize=350%2C200&ssl=1","width":350,"height":200},"classes":[]}],"_links":{"self":[{"href":"https:\/\/sinedjib.com\/index.php\/wp-json\/wp\/v2\/pages\/22327","targetHints":{"allow":["GET"]}}],"collection":[{"href":"https:\/\/sinedjib.com\/index.php\/wp-json\/wp\/v2\/pages"}],"about":[{"href":"https:\/\/sinedjib.com\/index.php\/wp-json\/wp\/v2\/types\/page"}],"author":[{"embeddable":true,"href":"https:\/\/sinedjib.com\/index.php\/wp-json\/wp\/v2\/users\/1"}],"replies":[{"embeddable":true,"href":"https:\/\/sinedjib.com\/index.php\/wp-json\/wp\/v2\/comments?post=22327"}],"version-history":[{"count":2,"href":"https:\/\/sinedjib.com\/index.php\/wp-json\/wp\/v2\/pages\/22327\/revisions"}],"predecessor-version":[{"id":26003,"href":"https:\/\/sinedjib.com\/index.php\/wp-json\/wp\/v2\/pages\/22327\/revisions\/26003"}],"wp:attachment":[{"href":"https:\/\/sinedjib.com\/index.php\/wp-json\/wp\/v2\/media?parent=22327"}],"curies":[{"name":"wp","href":"https:\/\/api.w.org\/{rel}","templated":true}]}}