{"id":5927,"date":"2019-06-14T11:10:50","date_gmt":"2019-06-14T09:10:50","guid":{"rendered":"http:\/\/sinedjib.com\/?page_id=5927"},"modified":"2025-08-09T16:19:10","modified_gmt":"2025-08-09T14:19:10","slug":"voix-travailleur","status":"publish","type":"page","link":"https:\/\/sinedjib.com\/index.php\/ressources\/voix-travailleur\/","title":{"rendered":"La Voix du travailleur alg\u00e9rien"},"content":{"rendered":"\n<div class=\"wp-block-media-text alignwide is-stacked-on-mobile is-image-fill-element\"><figure class=\"wp-block-media-text__media\"><img data-recalc-dims=\"1\" loading=\"lazy\" decoding=\"async\" width=\"580\" height=\"320\" data-attachment-id=\"8134\" data-permalink=\"https:\/\/sinedjib.com\/index.php\/2015\/05\/24\/m-k-roubaix\/1957-07-vta\/\" data-orig-file=\"https:\/\/i0.wp.com\/sinedjib.com\/wp-content\/uploads\/2020\/05\/1957-07-VTA.png?fit=845%2C466&amp;ssl=1\" data-orig-size=\"845,466\" data-comments-opened=\"1\" data-image-meta=\"{&quot;aperture&quot;:&quot;0&quot;,&quot;credit&quot;:&quot;&quot;,&quot;camera&quot;:&quot;&quot;,&quot;caption&quot;:&quot;&quot;,&quot;created_timestamp&quot;:&quot;0&quot;,&quot;copyright&quot;:&quot;&quot;,&quot;focal_length&quot;:&quot;0&quot;,&quot;iso&quot;:&quot;0&quot;,&quot;shutter_speed&quot;:&quot;0&quot;,&quot;title&quot;:&quot;&quot;,&quot;orientation&quot;:&quot;0&quot;}\" data-image-title=\"1957-07-VTA\" data-image-description=\"\" data-image-caption=\"\" data-large-file=\"https:\/\/i0.wp.com\/sinedjib.com\/wp-content\/uploads\/2020\/05\/1957-07-VTA.png?fit=580%2C320&amp;ssl=1\" src=\"https:\/\/i0.wp.com\/sinedjib.com\/wp-content\/uploads\/2020\/05\/1957-07-VTA.png?resize=580%2C320&#038;ssl=1\" alt=\"\" class=\"wp-image-8134 size-full\" style=\"object-position:52% 5%\" srcset=\"https:\/\/i0.wp.com\/sinedjib.com\/wp-content\/uploads\/2020\/05\/1957-07-VTA.png?w=845&amp;ssl=1 845w, https:\/\/i0.wp.com\/sinedjib.com\/wp-content\/uploads\/2020\/05\/1957-07-VTA.png?resize=300%2C165&amp;ssl=1 300w, https:\/\/i0.wp.com\/sinedjib.com\/wp-content\/uploads\/2020\/05\/1957-07-VTA.png?resize=768%2C424&amp;ssl=1 768w\" sizes=\"auto, (max-width: 580px) 100vw, 580px\" \/><\/figure><div class=\"wp-block-media-text__content\">\n<p class=\"has-large-font-size\"><strong>Cette page recense les 10 articles de <\/strong><em><strong>La Voix du travailleur alg\u00e9rien<\/strong><\/em><strong> publi\u00e9s sur ce site depuis le 8 mai 2015.<\/strong> <strong>L&rsquo;organe de la F\u00e9d\u00e9ration de France de l&rsquo;<a href=\"https:\/\/www.jstor.org\/stable\/3777590?seq=1\" target=\"_blank\" rel=\"noreferrer noopener\">Union des syndicats des travailleurs alg\u00e9riens<\/a> a paru de 1957 \u00e0 1962.<\/strong> <strong>Des num\u00e9ros sont consultables sur le portail Odyss\u00e9o.<\/strong><\/p>\n<\/div><\/div>\n\n\n\n<p>\u00ab\u00a0Un message de Messali Hadj au congr\u00e8s de l\u2019U.S.T.A.\u00a0\u00bb, <em>La Voix du travailleur alg\u00e9rien<\/em>, juillet 1957. <a href=\"https:\/\/sinedjib.com\/index.php\/2025\/08\/08\/messali-33\/\">Lien<\/a><\/p>\n\n\n\n<p>Intervention de M. K. (d\u00e9l\u00e9gu\u00e9e f\u00e9minine de Roubaix) au 1er congr\u00e8s de l&rsquo;USTA, <em>La Voix du travailleur alg\u00e9rien<\/em>, juillet 1957. <a href=\"http:\/\/sinedjib.com\/index.php\/2015\/05\/24\/m-k-roubaix\/\">Lien<\/a><\/p>\n\n\n\n<div class=\"wp-block-media-text alignwide has-media-on-the-right is-stacked-on-mobile is-image-fill-element\"><div class=\"wp-block-media-text__content\">\n<p>Yamina B., \u00ab\u00a0La femme alg\u00e9rienne sur le front du travail\u00a0\u00bb, <em>La Voix du travailleur alg\u00e9rien<\/em>, avril 1958. <a href=\"http:\/\/sinedjib.com\/index.php\/2015\/05\/27\/algerienne-front-travail\/\">Lien<\/a><\/p>\n\n\n\n<p>\u00ab\u00a0B\u00e9dioune Amar, nouveau martyr du devoir\u00a0\u00bb, <em>La Voix du travailleur alg\u00e9rien<\/em>, avril 1958. <a href=\"http:\/\/sinedjib.com\/index.php\/2015\/05\/08\/bedioune-amar\/\">Lien<\/a><\/p>\n<\/div><figure class=\"wp-block-media-text__media\"><img data-recalc-dims=\"1\" loading=\"lazy\" decoding=\"async\" width=\"431\" height=\"597\" data-attachment-id=\"8219\" data-permalink=\"https:\/\/sinedjib.com\/index.php\/ressources\/voix-travailleur\/la-voix-du-travailleur-algerien-avril-1958-2\/\" data-orig-file=\"https:\/\/i0.wp.com\/sinedjib.com\/wp-content\/uploads\/2020\/05\/La-Voix-du-travailleur-alg%C3%A9rien-avril-1958.png?fit=431%2C597&amp;ssl=1\" data-orig-size=\"431,597\" data-comments-opened=\"1\" data-image-meta=\"{&quot;aperture&quot;:&quot;0&quot;,&quot;credit&quot;:&quot;&quot;,&quot;camera&quot;:&quot;&quot;,&quot;caption&quot;:&quot;&quot;,&quot;created_timestamp&quot;:&quot;0&quot;,&quot;copyright&quot;:&quot;&quot;,&quot;focal_length&quot;:&quot;0&quot;,&quot;iso&quot;:&quot;0&quot;,&quot;shutter_speed&quot;:&quot;0&quot;,&quot;title&quot;:&quot;&quot;,&quot;orientation&quot;:&quot;0&quot;}\" data-image-title=\"La-Voix-du-travailleur-alg\u00e9rien-avril-1958\" data-image-description=\"\" data-image-caption=\"\" data-large-file=\"https:\/\/i0.wp.com\/sinedjib.com\/wp-content\/uploads\/2020\/05\/La-Voix-du-travailleur-alg%C3%A9rien-avril-1958.png?fit=431%2C597&amp;ssl=1\" src=\"https:\/\/i0.wp.com\/sinedjib.com\/wp-content\/uploads\/2020\/05\/La-Voix-du-travailleur-alg%C3%A9rien-avril-1958.png?resize=431%2C597&#038;ssl=1\" alt=\"\" class=\"wp-image-8219 size-full\" style=\"object-position:48% 2%\" srcset=\"https:\/\/i0.wp.com\/sinedjib.com\/wp-content\/uploads\/2020\/05\/La-Voix-du-travailleur-alg%C3%A9rien-avril-1958.png?w=431&amp;ssl=1 431w, https:\/\/i0.wp.com\/sinedjib.com\/wp-content\/uploads\/2020\/05\/La-Voix-du-travailleur-alg%C3%A9rien-avril-1958.png?resize=217%2C300&amp;ssl=1 217w\" sizes=\"auto, (max-width: 431px) 100vw, 431px\" \/><\/figure><\/div>\n\n\n\n<div class=\"wp-block-media-text alignwide is-stacked-on-mobile is-image-fill-element\"><figure class=\"wp-block-media-text__media\"><img data-recalc-dims=\"1\" loading=\"lazy\" decoding=\"async\" width=\"580\" height=\"798\" data-attachment-id=\"4077\" data-permalink=\"https:\/\/sinedjib.com\/index.php\/2015\/05\/27\/intervention-dehbia\/01-3\/\" data-orig-file=\"https:\/\/i0.wp.com\/sinedjib.com\/wp-content\/uploads\/2015\/05\/01.jpg?fit=1660%2C2285&amp;ssl=1\" data-orig-size=\"1660,2285\" data-comments-opened=\"1\" data-image-meta=\"{&quot;aperture&quot;:&quot;0&quot;,&quot;credit&quot;:&quot;&quot;,&quot;camera&quot;:&quot;&quot;,&quot;caption&quot;:&quot;&quot;,&quot;created_timestamp&quot;:&quot;0&quot;,&quot;copyright&quot;:&quot;&quot;,&quot;focal_length&quot;:&quot;0&quot;,&quot;iso&quot;:&quot;0&quot;,&quot;shutter_speed&quot;:&quot;0&quot;,&quot;title&quot;:&quot;&quot;,&quot;orientation&quot;:&quot;0&quot;}\" data-image-title=\"La Voix du travailleur alg\u00e9rien d\u00e9cembre 1959\" data-image-description=\"\" data-image-caption=\"\" data-large-file=\"https:\/\/i0.wp.com\/sinedjib.com\/wp-content\/uploads\/2015\/05\/01.jpg?fit=580%2C798&amp;ssl=1\" src=\"https:\/\/i0.wp.com\/sinedjib.com\/wp-content\/uploads\/2015\/05\/01-744x1024.jpg?resize=580%2C798\" alt=\"\" class=\"wp-image-4077 size-full\" style=\"object-position:48% 0%\" srcset=\"https:\/\/i0.wp.com\/sinedjib.com\/wp-content\/uploads\/2015\/05\/01.jpg?resize=744%2C1024&amp;ssl=1 744w, https:\/\/i0.wp.com\/sinedjib.com\/wp-content\/uploads\/2015\/05\/01.jpg?resize=218%2C300&amp;ssl=1 218w, https:\/\/i0.wp.com\/sinedjib.com\/wp-content\/uploads\/2015\/05\/01.jpg?resize=768%2C1057&amp;ssl=1 768w, https:\/\/i0.wp.com\/sinedjib.com\/wp-content\/uploads\/2015\/05\/01.jpg?w=1660&amp;ssl=1 1660w, https:\/\/i0.wp.com\/sinedjib.com\/wp-content\/uploads\/2015\/05\/01.jpg?w=1160&amp;ssl=1 1160w\" sizes=\"auto, (max-width: 580px) 100vw, 580px\" \/><\/figure><div class=\"wp-block-media-text__content\">\n<p>Intervention de Melle Dehbia (Roubaix) au 2e congr\u00e8s de l\u2019USTA, <em>La Voix du travailleur alg\u00e9rien<\/em>, d\u00e9cembre 1959. <a href=\"http:\/\/sinedjib.com\/index.php\/2015\/05\/27\/intervention-dehbia\/\">Lien<\/a><\/p>\n\n\n\n<p>Intervention de Melle Fatma (union locale de Roubaix) au 2e congr\u00e8s de l\u2019USTA, <em>La Voix du travailleur alg\u00e9rien<\/em>, d\u00e9cembre 1959. <a href=\"http:\/\/sinedjib.com\/index.php\/2015\/05\/27\/intervention-fatma\/\">Lien<\/a><\/p>\n\n\n\n<p>Intervention de A. Hedjila (alimentation, R\u00e9gion parisienne) au 2e congr\u00e8s de l\u2019USTA, <em>La Voix du travailleur alg\u00e9rien<\/em>, d\u00e9cembre 1959. <a href=\"http:\/\/sinedjib.com\/index.php\/2015\/05\/27\/intervention-hedjila\/\">Lien<\/a><\/p>\n<\/div><\/div>\n\n\n\n<p>\u00ab\u00a0Encore un forfait\u00a0\u00bb, <em>La Voix du travailleur alg\u00e9rien<\/em>, mai 1960. <a href=\"http:\/\/sinedjib.com\/index.php\/2015\/05\/08\/encore-un-forfait\/\">Lien<\/a><\/p>\n\n\n\n<div class=\"wp-block-media-text alignwide has-media-on-the-right is-stacked-on-mobile is-image-fill-element\"><div class=\"wp-block-media-text__content\">\n<p class=\"has-normal-font-size\">\u00ab\u00a0Assassinat de Djabourebli Abdelmalek\u00a0\u00bb, <em>La Voix du travailleur alg\u00e9rien<\/em>, septembre 1961. <a href=\"http:\/\/sinedjib.com\/index.php\/2015\/05\/24\/assassinat-de-djabourebli-abdelmalek\/\">Lien<\/a><\/p>\n\n\n\n<p>\u00ab\u00a0Ratons \u00e0 part enti\u00e8re de Dunkerque \u00e0 Tamanrasset\u00a0\u00bb, <em>La Voix du travailleur alg\u00e9rien<\/em>,\u00a0septembre 1961. <a href=\"https:\/\/sinedjib.com\/index.php\/2021\/09\/23\/ratons-a-part-entiere-de-dunkerque-a-tamanrasset\/\">Lien<\/a><\/p>\n<\/div><figure class=\"wp-block-media-text__media\"><img data-recalc-dims=\"1\" loading=\"lazy\" decoding=\"async\" width=\"385\" height=\"584\" data-attachment-id=\"14120\" data-permalink=\"https:\/\/sinedjib.com\/index.php\/2021\/09\/23\/ratons-a-part-entiere-de-dunkerque-a-tamanrasset\/la-voix-du-travailleur-algerien-septembre-1961-2\/\" data-orig-file=\"https:\/\/i0.wp.com\/sinedjib.com\/wp-content\/uploads\/2021\/09\/La-Voix-du-travailleur-algerien-septembre-1961.png?fit=385%2C584&amp;ssl=1\" data-orig-size=\"385,584\" data-comments-opened=\"1\" data-image-meta=\"{&quot;aperture&quot;:&quot;0&quot;,&quot;credit&quot;:&quot;&quot;,&quot;camera&quot;:&quot;&quot;,&quot;caption&quot;:&quot;&quot;,&quot;created_timestamp&quot;:&quot;0&quot;,&quot;copyright&quot;:&quot;&quot;,&quot;focal_length&quot;:&quot;0&quot;,&quot;iso&quot;:&quot;0&quot;,&quot;shutter_speed&quot;:&quot;0&quot;,&quot;title&quot;:&quot;&quot;,&quot;orientation&quot;:&quot;0&quot;}\" data-image-title=\"La-Voix-du-travailleur-algerien-septembre-1961\" data-image-description=\"\" data-image-caption=\"\" data-large-file=\"https:\/\/i0.wp.com\/sinedjib.com\/wp-content\/uploads\/2021\/09\/La-Voix-du-travailleur-algerien-septembre-1961.png?fit=385%2C584&amp;ssl=1\" src=\"https:\/\/i0.wp.com\/sinedjib.com\/wp-content\/uploads\/2021\/09\/La-Voix-du-travailleur-algerien-septembre-1961.png?resize=385%2C584&#038;ssl=1\" alt=\"\" class=\"wp-image-14120 size-full\" style=\"object-position:57% 0%\" srcset=\"https:\/\/i0.wp.com\/sinedjib.com\/wp-content\/uploads\/2021\/09\/La-Voix-du-travailleur-algerien-septembre-1961.png?w=385&amp;ssl=1 385w, https:\/\/i0.wp.com\/sinedjib.com\/wp-content\/uploads\/2021\/09\/La-Voix-du-travailleur-algerien-septembre-1961.png?resize=198%2C300&amp;ssl=1 198w\" sizes=\"auto, (max-width: 385px) 100vw, 385px\" \/><\/figure><\/div>\n","protected":false},"excerpt":{"rendered":"<p>Cette page recense les 10 articles de La Voix du travailleur alg\u00e9rien publi\u00e9s sur ce site depuis le 8 mai 2015. L&rsquo;organe de la F\u00e9d\u00e9ration de France de l&rsquo;Union des syndicats des travailleurs alg\u00e9riens a paru de 1957 \u00e0 1962. Des num\u00e9ros sont consultables sur le portail Odyss\u00e9o. \u00ab\u00a0Un message de Messali Hadj au congr\u00e8s [&hellip;]<\/p>\n","protected":false},"author":1,"featured_media":0,"parent":5483,"menu_order":0,"comment_status":"closed","ping_status":"closed","template":"","meta":{"jetpack_post_was_ever_published":false,"footnotes":""},"class_list":["post-5927","page","type-page","status-publish","hentry"],"jetpack_sharing_enabled":true,"jetpack_shortlink":"https:\/\/wp.me\/P9lTYU-1xB","jetpack_likes_enabled":true,"jetpack-related-posts":[{"id":22345,"url":"https:\/\/sinedjib.com\/index.php\/index-des-publications\/","url_meta":{"origin":5927,"position":0},"title":"Index des publications","author":"SiNedjib","date":"17\/03\/2024","format":false,"excerpt":"Cette page pr\u00e9sente un index des publications (bulletins, journaux, revues, etc.) dont cinq textes \u2013 ou plus \u2013 ont \u00e9t\u00e9 retranscrits sur ce site depuis 2012. La liste sera progressivement compl\u00e9t\u00e9e avec l\u2019ensemble des autres r\u00e9f\u00e9rences. A Alarme ; Alger R\u00e9publicain ; Alternative libertaire ; Arguments ; B Le Bolch\u00e9vik\u2026","rel":"","context":"Article similaire","block_context":{"text":"Article similaire","link":""},"img":{"alt_text":"","src":"","width":0,"height":0},"classes":[]},{"id":5931,"url":"https:\/\/sinedjib.com\/index.php\/ressources\/voix-peuple\/","url_meta":{"origin":5927,"position":1},"title":"La Voix du peuple","author":"SiNedjib","date":"14\/06\/2019","format":false,"excerpt":"Cette page recense les 35 articles de La Voix du peuple publi\u00e9s sur ce site depuis le 8 mai 2015. L'organe clandestin du Mouvement national alg\u00e9rien a paru de 1954 \u00e0 1962. \"Le Chant des Rescap\u00e9s\", paru dans La Voix du peuple, n\u00b0 10, 2 mai 1955. Lien \"Un responsable\u2026","rel":"","context":"Article similaire","block_context":{"text":"Article similaire","link":""},"img":{"alt_text":"","src":"https:\/\/i0.wp.com\/sinedjib.com\/wp-content\/uploads\/2020\/05\/1957-04-VP_01a.jpg?resize=350%2C200&ssl=1","width":350,"height":200,"srcset":"https:\/\/i0.wp.com\/sinedjib.com\/wp-content\/uploads\/2020\/05\/1957-04-VP_01a.jpg?resize=350%2C200&ssl=1 1x, https:\/\/i0.wp.com\/sinedjib.com\/wp-content\/uploads\/2020\/05\/1957-04-VP_01a.jpg?resize=525%2C300&ssl=1 1.5x, https:\/\/i0.wp.com\/sinedjib.com\/wp-content\/uploads\/2020\/05\/1957-04-VP_01a.jpg?resize=700%2C400&ssl=1 2x, https:\/\/i0.wp.com\/sinedjib.com\/wp-content\/uploads\/2020\/05\/1957-04-VP_01a.jpg?resize=1050%2C600&ssl=1 3x, https:\/\/i0.wp.com\/sinedjib.com\/wp-content\/uploads\/2020\/05\/1957-04-VP_01a.jpg?resize=1400%2C800&ssl=1 4x"},"classes":[]},{"id":16665,"url":"https:\/\/sinedjib.com\/index.php\/realites-algeriennes\/","url_meta":{"origin":5927,"position":2},"title":"R\u00e9alit\u00e9s alg\u00e9riennes","author":"SiNedjib","date":"18\/07\/2022","format":false,"excerpt":"Cette page recense les 5 articles de R\u00e9alit\u00e9s alg\u00e9riennes publi\u00e9s sur ce site depuis le 18 juin 2022. Ce bulletin, \u00e9dit\u00e9 par le Mouvement national alg\u00e9rien, a paru de 1959 \u00e0 1962. \"L\u2019accord F.L.N.-O.A.S. : Il y a d\u2019autres r\u00e9conciliations \u00e0 faire !\", paru dans R\u00e9alit\u00e9s Alg\u00e9riennes, n\u00b0 23, juin\u2026","rel":"","context":"Article similaire","block_context":{"text":"Article similaire","link":""},"img":{"alt_text":"","src":"https:\/\/i0.wp.com\/sinedjib.com\/wp-content\/uploads\/2022\/06\/1962-06-Realites-23_00.jpg?resize=350%2C200&ssl=1","width":350,"height":200,"srcset":"https:\/\/i0.wp.com\/sinedjib.com\/wp-content\/uploads\/2022\/06\/1962-06-Realites-23_00.jpg?resize=350%2C200&ssl=1 1x, https:\/\/i0.wp.com\/sinedjib.com\/wp-content\/uploads\/2022\/06\/1962-06-Realites-23_00.jpg?resize=525%2C300&ssl=1 1.5x, https:\/\/i0.wp.com\/sinedjib.com\/wp-content\/uploads\/2022\/06\/1962-06-Realites-23_00.jpg?resize=700%2C400&ssl=1 2x, https:\/\/i0.wp.com\/sinedjib.com\/wp-content\/uploads\/2022\/06\/1962-06-Realites-23_00.jpg?resize=1050%2C600&ssl=1 3x"},"classes":[]},{"id":8266,"url":"https:\/\/sinedjib.com\/index.php\/medias\/","url_meta":{"origin":5927,"position":3},"title":"M\u00e9dias","author":"SiNedjib","date":"06\/05\/2020","format":false,"excerpt":"Cette page recense les articles ou r\u00e9alisations faisant \u00e9cho \u00e0 mes publications et interventions ainsi que mes entretiens accord\u00e9s aux m\u00e9dias, \u00e0 l'exception de ceux concernant mes livres. Rokeya Ayman Saad, \"Boualem Sansal : l\u2019\u00e9crivain de toutes les controverses\", Al-Ahram Hebdo, 1er avril 2026. En ligne Loris Gu\u00e9mart et Pauline\u2026","rel":"","context":"Article similaire","block_context":{"text":"Article similaire","link":""},"img":{"alt_text":"","src":"https:\/\/i0.wp.com\/sinedjib.com\/wp-content\/uploads\/2026\/01\/RFI-750x430-1.jpg?resize=350%2C200&ssl=1","width":350,"height":200,"srcset":"https:\/\/i0.wp.com\/sinedjib.com\/wp-content\/uploads\/2026\/01\/RFI-750x430-1.jpg?resize=350%2C200&ssl=1 1x, https:\/\/i0.wp.com\/sinedjib.com\/wp-content\/uploads\/2026\/01\/RFI-750x430-1.jpg?resize=525%2C300&ssl=1 1.5x, https:\/\/i0.wp.com\/sinedjib.com\/wp-content\/uploads\/2026\/01\/RFI-750x430-1.jpg?resize=700%2C400&ssl=1 2x"},"classes":[]},{"id":171,"url":"https:\/\/sinedjib.com\/index.php\/liens-2\/","url_meta":{"origin":5927,"position":4},"title":"Liens","author":"Nedjib Sidi Moussa","date":"29\/03\/2013","format":false,"excerpt":"Parmi les m\u00e9dias et sites qui \u00e9voquent des engagements ou publications : Kim Willsher, \"New film adaptation of Camus\u2019s L\u2019\u00c9tranger opens old colonial wounds\", The Guardian, 28 November 2025. Link La suite est \u00e0 consulter sur cette page. Parmi les publications ou ouvrages qui citent et font \u00e9cho \u00e0 mes\u2026","rel":"","context":"Article similaire","block_context":{"text":"Article similaire","link":""},"img":{"alt_text":"","src":"https:\/\/i0.wp.com\/sinedjib.com\/wp-content\/uploads\/2025\/11\/guardian.png?resize=350%2C200&ssl=1","width":350,"height":200},"classes":[]},{"id":26204,"url":"https:\/\/sinedjib.com\/index.php\/liberte\/","url_meta":{"origin":5927,"position":5},"title":"Libert\u00e9","author":"SiNedjib","date":"24\/05\/2025","format":false,"excerpt":"Cette page recense les 9 articles de Libert\u00e9 publi\u00e9s sur ce site depuis le 10 septembre 2024. L'hebdomadaire \u00e9dit\u00e9 par le Parti communiste alg\u00e9rien a paru de 1943 \u00e0 1957. \"Le racisme, arme des exploiteurs\", paru dans Libert\u00e9, 15 avril 1948 et 22 avril 1948. Lien Boualem Khalfa, \"Que devient\u2026","rel":"","context":"Article similaire","block_context":{"text":"Article similaire","link":""},"img":{"alt_text":"","src":"https:\/\/i0.wp.com\/sinedjib.com\/wp-content\/uploads\/2024\/09\/Liberte.png?resize=350%2C200&ssl=1","width":350,"height":200,"srcset":"https:\/\/i0.wp.com\/sinedjib.com\/wp-content\/uploads\/2024\/09\/Liberte.png?resize=350%2C200&ssl=1 1x, https:\/\/i0.wp.com\/sinedjib.com\/wp-content\/uploads\/2024\/09\/Liberte.png?resize=525%2C300&ssl=1 1.5x, https:\/\/i0.wp.com\/sinedjib.com\/wp-content\/uploads\/2024\/09\/Liberte.png?resize=700%2C400&ssl=1 2x, https:\/\/i0.wp.com\/sinedjib.com\/wp-content\/uploads\/2024\/09\/Liberte.png?resize=1050%2C600&ssl=1 3x"},"classes":[]}],"_links":{"self":[{"href":"https:\/\/sinedjib.com\/index.php\/wp-json\/wp\/v2\/pages\/5927","targetHints":{"allow":["GET"]}}],"collection":[{"href":"https:\/\/sinedjib.com\/index.php\/wp-json\/wp\/v2\/pages"}],"about":[{"href":"https:\/\/sinedjib.com\/index.php\/wp-json\/wp\/v2\/types\/page"}],"author":[{"embeddable":true,"href":"https:\/\/sinedjib.com\/index.php\/wp-json\/wp\/v2\/users\/1"}],"replies":[{"embeddable":true,"href":"https:\/\/sinedjib.com\/index.php\/wp-json\/wp\/v2\/comments?post=5927"}],"version-history":[{"count":4,"href":"https:\/\/sinedjib.com\/index.php\/wp-json\/wp\/v2\/pages\/5927\/revisions"}],"predecessor-version":[{"id":26956,"href":"https:\/\/sinedjib.com\/index.php\/wp-json\/wp\/v2\/pages\/5927\/revisions\/26956"}],"up":[{"embeddable":true,"href":"https:\/\/sinedjib.com\/index.php\/wp-json\/wp\/v2\/pages\/5483"}],"wp:attachment":[{"href":"https:\/\/sinedjib.com\/index.php\/wp-json\/wp\/v2\/media?parent=5927"}],"curies":[{"name":"wp","href":"https:\/\/api.w.org\/{rel}","templated":true}]}}