{"id":6820,"date":"2020-01-25T16:21:46","date_gmt":"2020-01-25T15:21:46","guid":{"rendered":"http:\/\/sinedjib.com\/?page_id=6820"},"modified":"2022-07-30T12:50:50","modified_gmt":"2022-07-30T10:50:50","slug":"spartacus","status":"publish","type":"page","link":"https:\/\/sinedjib.com\/index.php\/ressources\/spartacus\/","title":{"rendered":"Spartacus"},"content":{"rendered":"\n<div class=\"wp-block-media-text alignwide is-stacked-on-mobile is-image-fill\"><figure class=\"wp-block-media-text__media\" style=\"background-image:url(https:\/\/sinedjib.com\/wp-content\/uploads\/2020\/02\/Spartacus-mars-1976.png);background-position:55.00000000000001% 0%\"><img data-recalc-dims=\"1\" loading=\"lazy\" decoding=\"async\" width=\"340\" height=\"498\" data-attachment-id=\"6932\" data-permalink=\"https:\/\/sinedjib.com\/index.php\/2020\/02\/04\/lafif\/spartacus-mars-1976\/\" data-orig-file=\"https:\/\/i0.wp.com\/sinedjib.com\/wp-content\/uploads\/2020\/02\/Spartacus-mars-1976.png?fit=340%2C498&amp;ssl=1\" data-orig-size=\"340,498\" data-comments-opened=\"1\" data-image-meta=\"{&quot;aperture&quot;:&quot;0&quot;,&quot;credit&quot;:&quot;&quot;,&quot;camera&quot;:&quot;&quot;,&quot;caption&quot;:&quot;&quot;,&quot;created_timestamp&quot;:&quot;0&quot;,&quot;copyright&quot;:&quot;&quot;,&quot;focal_length&quot;:&quot;0&quot;,&quot;iso&quot;:&quot;0&quot;,&quot;shutter_speed&quot;:&quot;0&quot;,&quot;title&quot;:&quot;&quot;,&quot;orientation&quot;:&quot;0&quot;}\" data-image-title=\"Spartacus-mars-1976\" data-image-description=\"\" data-image-caption=\"\" data-large-file=\"https:\/\/i0.wp.com\/sinedjib.com\/wp-content\/uploads\/2020\/02\/Spartacus-mars-1976.png?fit=340%2C498&amp;ssl=1\" src=\"https:\/\/i0.wp.com\/sinedjib.com\/wp-content\/uploads\/2020\/02\/Spartacus-mars-1976.png?resize=340%2C498&#038;ssl=1\" alt=\"\" class=\"wp-image-6932 size-full\" srcset=\"https:\/\/i0.wp.com\/sinedjib.com\/wp-content\/uploads\/2020\/02\/Spartacus-mars-1976.png?w=340&amp;ssl=1 340w, https:\/\/i0.wp.com\/sinedjib.com\/wp-content\/uploads\/2020\/02\/Spartacus-mars-1976.png?resize=205%2C300&amp;ssl=1 205w\" sizes=\"auto, (max-width: 340px) 100vw, 340px\" \/><\/figure><div class=\"wp-block-media-text__content\">\n<p class=\"has-large-font-size\"><strong>Cette page recense les 7 articles de <em>Spartacus <\/em>publi\u00e9s sur ce site depuis le 19 ao\u00fbt 2018.<\/strong> <strong>La revue, lanc\u00e9e par <a href=\"https:\/\/maitron.fr\/spip.php?article107794\" target=\"_blank\" rel=\"noreferrer noopener\">Ren\u00e9 Lefeuvre<\/a>, a paru de 1975 \u00e0 1979.<\/strong> <strong>Les sommaires sont consultables sur le site <a rel=\"noreferrer noopener\" href=\"https:\/\/archivesautonomies.org\/spip.php?article40\" target=\"_blank\">Archives Autonomies<\/a>.<\/strong><\/p>\n<\/div><\/div>\n\n\n\n<div class=\"wp-block-media-text alignwide has-media-on-the-right is-stacked-on-mobile is-image-fill\"><figure class=\"wp-block-media-text__media\" style=\"background-image:url(https:\/\/i0.wp.com\/sinedjib.com\/wp-content\/uploads\/2019\/05\/spartacus-1975.png?w=346);background-position:52% 28.999999999999996%\"><img decoding=\"async\" src=\"https:\/\/i0.wp.com\/sinedjib.com\/wp-content\/uploads\/2019\/05\/spartacus-1975.png?w=346\" alt=\"\"\/><\/figure><div class=\"wp-block-media-text__content\">\n<p>Michel Jacob, \u00ab\u00a0Comment lire et ne pas lire Reich\u00a0\u00bb, paru dans <em>Spartacus<\/em>, n\u00b0 1, novembre-d\u00e9cembre 1975. <a href=\"http:\/\/sinedjib.com\/index.php\/2020\/02\/08\/reich\/\">Lien<\/a><\/p>\n\n\n\n<p>\u00ab\u00a0Portugal : Quels conseils ouvriers ?\u00a0\u00bb,  paru dans <em>Spartacus<\/em>, n\u00b0 1, novembre-d\u00e9cembre 1975. <a href=\"http:\/\/sinedjib.com\/index.php\/2019\/05\/31\/portugal\/\">Lien<\/a><\/p>\n<\/div><\/div>\n\n\n\n<p>\u00ab\u00a0Lafif Lakhdar : interview sur le Liban\u00a0\u00bb, parue dans <em>Spartacus<\/em>, n\u00b0 2, mars-avril 1976. <a href=\"http:\/\/sinedjib.com\/index.php\/2020\/02\/04\/lafif\/\">Lien <\/a><\/p>\n\n\n\n<p>Andr\u00e9 Mistral, \u00ab\u00a0Sur le petit commerce marxo-universitaire comme br\u00e8ve r\u00e9flexion non th\u00e9orique sur la production marxiste contemporaine\u00a0\u00bb, paru dans <em>Spartacus<\/em>, n\u00b0 8, mars 1978. <a href=\"http:\/\/sinedjib.com\/index.php\/2018\/08\/19\/marxo-universitaire\/\">Lien<\/a><\/p>\n\n\n\n<p>Claude Berger, \u00ab\u00a0Autopsie de la &lsquo;Nouvelle philosophie&rsquo; \u00ab\u00a0, paru dans <em>Spartacus<\/em>, n\u00b0 10, juillet-ao\u00fbt 1978. <a href=\"http:\/\/sinedjib.com\/index.php\/2020\/01\/25\/nouvelle-philosophie\/\">Lien<\/a><\/p>\n\n\n\n<div class=\"wp-block-media-text alignwide is-stacked-on-mobile is-image-fill\"><figure class=\"wp-block-media-text__media\" style=\"background-image:url(https:\/\/sinedjib.com\/wp-content\/uploads\/2018\/10\/Spartacus-mars-avril-1979.png);background-position:57.99999999999999% 52%\"><img data-recalc-dims=\"1\" loading=\"lazy\" decoding=\"async\" width=\"430\" height=\"564\" data-attachment-id=\"4432\" data-permalink=\"https:\/\/sinedjib.com\/index.php\/2018\/10\/27\/colonel\/spartacus-mars-avril-1979\/\" data-orig-file=\"https:\/\/i0.wp.com\/sinedjib.com\/wp-content\/uploads\/2018\/10\/Spartacus-mars-avril-1979.png?fit=430%2C564&amp;ssl=1\" data-orig-size=\"430,564\" data-comments-opened=\"1\" data-image-meta=\"{&quot;aperture&quot;:&quot;0&quot;,&quot;credit&quot;:&quot;&quot;,&quot;camera&quot;:&quot;&quot;,&quot;caption&quot;:&quot;&quot;,&quot;created_timestamp&quot;:&quot;0&quot;,&quot;copyright&quot;:&quot;&quot;,&quot;focal_length&quot;:&quot;0&quot;,&quot;iso&quot;:&quot;0&quot;,&quot;shutter_speed&quot;:&quot;0&quot;,&quot;title&quot;:&quot;&quot;,&quot;orientation&quot;:&quot;0&quot;}\" data-image-title=\"Spartacus mars avril 1979\" data-image-description=\"\" data-image-caption=\"\" data-large-file=\"https:\/\/i0.wp.com\/sinedjib.com\/wp-content\/uploads\/2018\/10\/Spartacus-mars-avril-1979.png?fit=430%2C564&amp;ssl=1\" src=\"https:\/\/i0.wp.com\/sinedjib.com\/wp-content\/uploads\/2018\/10\/Spartacus-mars-avril-1979.png?resize=430%2C564&#038;ssl=1\" alt=\"\" class=\"wp-image-4432 size-full\" srcset=\"https:\/\/i0.wp.com\/sinedjib.com\/wp-content\/uploads\/2018\/10\/Spartacus-mars-avril-1979.png?w=430&amp;ssl=1 430w, https:\/\/i0.wp.com\/sinedjib.com\/wp-content\/uploads\/2018\/10\/Spartacus-mars-avril-1979.png?resize=229%2C300&amp;ssl=1 229w\" sizes=\"auto, (max-width: 430px) 100vw, 430px\" \/><\/figure><div class=\"wp-block-media-text__content\">\n<p>Alain Bihr, \u00ab\u00a0L&rsquo;Ecole de Francfort et le marxisme\u00a0\u00bb, paru dans <em>Spartacus<\/em>, n\u00b0 13, mars-avril 1979. <a href=\"http:\/\/sinedjib.com\/index.php\/2020\/01\/23\/alain-bihr-lecole-de-francfort-et-le-marxisme\/\">Lien<\/a><\/p>\n\n\n\n<p>Al Bourquii, \u00ab\u00a0Alg\u00e9rie, d&rsquo;un colonel \u00e0 l&rsquo;autre. &lsquo;L&rsquo;Alg\u00e9rie caporalis\u00e9e&rsquo; \u00ab\u00a0, paru dans <em>Spartacus<\/em>, n\u00b0 13, mars-avril 1979. <a href=\"http:\/\/sinedjib.com\/index.php\/2018\/10\/27\/colonel\/\">Lien<\/a><\/p>\n<\/div><\/div>\n","protected":false},"excerpt":{"rendered":"<p>Cette page recense les 7 articles de Spartacus publi\u00e9s sur ce site depuis le 19 ao\u00fbt 2018. La revue, lanc\u00e9e par Ren\u00e9 Lefeuvre, a paru de 1975 \u00e0 1979. Les sommaires sont consultables sur le site Archives Autonomies. Michel Jacob, \u00ab\u00a0Comment lire et ne pas lire Reich\u00a0\u00bb, paru dans Spartacus, n\u00b0 1, novembre-d\u00e9cembre 1975. Lien [&hellip;]<\/p>\n","protected":false},"author":1,"featured_media":0,"parent":5483,"menu_order":0,"comment_status":"closed","ping_status":"closed","template":"","meta":{"jetpack_post_was_ever_published":false,"footnotes":""},"class_list":["post-6820","page","type-page","status-publish","hentry"],"jetpack_sharing_enabled":true,"jetpack_shortlink":"https:\/\/wp.me\/P9lTYU-1M0","jetpack_likes_enabled":true,"jetpack-related-posts":[{"id":9142,"url":"https:\/\/sinedjib.com\/index.php\/tout\/","url_meta":{"origin":6820,"position":0},"title":"Tout !","author":"SiNedjib","date":"10\/07\/2020","format":false,"excerpt":"Cette page recense les 11 articles de Tout ! publi\u00e9s sur ce site depuis le 1er juillet 2020. Ce journal a paru de 1970 \u00e0 1971. Les sommaires sont consultables sur le site Archives Autonomies. \"Meulan : de l\u2019embauche \u00e0 la Cour de S\u00fbret\u00e9 le trafic continue\", paru dans\u00a0Tout !,\u2026","rel":"","context":"Article similaire","block_context":{"text":"Article similaire","link":""},"img":{"alt_text":"","src":"https:\/\/i0.wp.com\/sinedjib.com\/wp-content\/uploads\/2020\/07\/Tout-8-septembre-1970.png?resize=350%2C200&ssl=1","width":350,"height":200},"classes":[]},{"id":22345,"url":"https:\/\/sinedjib.com\/index.php\/index-des-publications\/","url_meta":{"origin":6820,"position":1},"title":"Index des publications","author":"SiNedjib","date":"17\/03\/2024","format":false,"excerpt":"Cette page pr\u00e9sente un index des publications (bulletins, journaux, revues, etc.) dont cinq textes \u2013 ou plus \u2013 ont \u00e9t\u00e9 retranscrits sur ce site depuis 2012. La liste sera progressivement compl\u00e9t\u00e9e avec l\u2019ensemble des autres r\u00e9f\u00e9rences. A Alarme ; Alger R\u00e9publicain ; Alternative libertaire ; Arguments ; B Le Bolch\u00e9vik\u2026","rel":"","context":"Article similaire","block_context":{"text":"Article similaire","link":""},"img":{"alt_text":"","src":"","width":0,"height":0},"classes":[]},{"id":13795,"url":"https:\/\/sinedjib.com\/index.php\/franc-tireur\/","url_meta":{"origin":6820,"position":2},"title":"Franc-Tireur","author":"SiNedjib","date":"02\/09\/2021","format":false,"excerpt":"Cette page recense les 19 articles de Franc-Tireur publi\u00e9s sur ce site depuis le 7 ao\u00fbt 2021. Le journal, initialement organe des Mouvements unis de r\u00e9sistance, a paru de 1941 \u00e0 1957. Il est consultable sur le site Gallica pour la p\u00e9riode 1944-1953. Marcel P\u00e9ju, \"Noces, d\u2019Albert Camus\", paru\u00a0dans\u00a0Franc-Tireur, 31\u2026","rel":"","context":"Article similaire","block_context":{"text":"Article similaire","link":""},"img":{"alt_text":"","src":"https:\/\/i0.wp.com\/sinedjib.com\/wp-content\/uploads\/2021\/08\/Franc-Tireur-31-aout-1945.png?resize=350%2C200&ssl=1","width":350,"height":200},"classes":[]},{"id":6860,"url":"https:\/\/sinedjib.com\/index.php\/ressources\/informations-correspondance-ouvrieres\/","url_meta":{"origin":6820,"position":3},"title":"Informations Correspondance Ouvri\u00e8res","author":"SiNedjib","date":"26\/01\/2020","format":false,"excerpt":"Cette page recense les 27 articles d'Informations Correspondance Ouvri\u00e8res publi\u00e9s sur ce site depuis le 3 ao\u00fbt 2018. Le bulletin, \u00e9dit\u00e9 par Pierre Blachier, a paru de 1960 \u00e0 1973. Les sommaires sont consultables sur le site Archives Autonomies. \"Les \u00e9v\u00e9nements\", paru dans Informations Correspondance Ouvri\u00e8res, n\u00b0 1, octobre 1961.\u2026","rel":"","context":"Article similaire","block_context":{"text":"Article similaire","link":""},"img":{"alt_text":"","src":"https:\/\/i0.wp.com\/sinedjib.com\/wp-content\/uploads\/2022\/09\/ICO-mai-1962.png?resize=350%2C200&ssl=1","width":350,"height":200},"classes":[]},{"id":13631,"url":"https:\/\/sinedjib.com\/index.php\/combat\/","url_meta":{"origin":6820,"position":4},"title":"Combat","author":"SiNedjib","date":"17\/08\/2021","format":false,"excerpt":"Cette page recense les 28 articles de Combat publi\u00e9s sur ce site depuis le 8 mai 2015. Le journal, initialement organe du Mouvement de Lib\u00e9ration fran\u00e7aise, a paru de 1941 \u00e0 1974. Il est consultable sur le site RetroNews pour la p\u00e9riode 1941-1950. Maurice Nadeau, \"Spartacus par Arthur Koestler\", paru\u2026","rel":"","context":"Article similaire","block_context":{"text":"Article similaire","link":""},"img":{"alt_text":"","src":"https:\/\/i0.wp.com\/sinedjib.com\/wp-content\/uploads\/2021\/07\/Combat-11-mai-1946.png?resize=350%2C200&ssl=1","width":350,"height":200},"classes":[]},{"id":5917,"url":"https:\/\/sinedjib.com\/index.php\/ressources\/le-libertaire\/","url_meta":{"origin":6820,"position":5},"title":"Le Libertaire","author":"SiNedjib","date":"14\/06\/2019","format":false,"excerpt":"Cette page recense les 80 articles du Libertaire publi\u00e9s sur ce site depuis le 4 mai 2016. Le journal a \u00e9t\u00e9 lanc\u00e9 par Louise Michel et S\u00e9bastien Faure en 1895. Les num\u00e9ros sont consultables sur les sites RetroNews et Archives Autonomies. Antoine Antignac, \"La calomnie\", paru dans\u00a0Le Libertaire, 4e s\u00e9rie,\u2026","rel":"","context":"Article similaire","block_context":{"text":"Article similaire","link":""},"img":{"alt_text":"","src":"https:\/\/i0.wp.com\/sinedjib.com\/wp-content\/uploads\/2021\/05\/Le-Libertaire-12-janvier-1951.png?resize=350%2C200&ssl=1","width":350,"height":200},"classes":[]}],"_links":{"self":[{"href":"https:\/\/sinedjib.com\/index.php\/wp-json\/wp\/v2\/pages\/6820","targetHints":{"allow":["GET"]}}],"collection":[{"href":"https:\/\/sinedjib.com\/index.php\/wp-json\/wp\/v2\/pages"}],"about":[{"href":"https:\/\/sinedjib.com\/index.php\/wp-json\/wp\/v2\/types\/page"}],"author":[{"embeddable":true,"href":"https:\/\/sinedjib.com\/index.php\/wp-json\/wp\/v2\/users\/1"}],"replies":[{"embeddable":true,"href":"https:\/\/sinedjib.com\/index.php\/wp-json\/wp\/v2\/comments?post=6820"}],"version-history":[{"count":3,"href":"https:\/\/sinedjib.com\/index.php\/wp-json\/wp\/v2\/pages\/6820\/revisions"}],"predecessor-version":[{"id":16746,"href":"https:\/\/sinedjib.com\/index.php\/wp-json\/wp\/v2\/pages\/6820\/revisions\/16746"}],"up":[{"embeddable":true,"href":"https:\/\/sinedjib.com\/index.php\/wp-json\/wp\/v2\/pages\/5483"}],"wp:attachment":[{"href":"https:\/\/sinedjib.com\/index.php\/wp-json\/wp\/v2\/media?parent=6820"}],"curies":[{"name":"wp","href":"https:\/\/api.w.org\/{rel}","templated":true}]}}