{"id":6832,"date":"2020-01-25T17:21:17","date_gmt":"2020-01-25T16:21:17","guid":{"rendered":"http:\/\/sinedjib.com\/?page_id=6832"},"modified":"2020-10-29T09:26:40","modified_gmt":"2020-10-29T08:26:40","slug":"le-reveil","status":"publish","type":"page","link":"https:\/\/sinedjib.com\/index.php\/ressources\/le-reveil\/","title":{"rendered":"Le R\u00e9veil"},"content":{"rendered":"\n<div class=\"wp-block-media-text alignwide is-stacked-on-mobile is-image-fill\"><figure class=\"wp-block-media-text__media\" style=\"background-image:url(https:\/\/i2.wp.com\/sinedjib.com\/wp-content\/uploads\/2019\/06\/Le-R%C3%A9veil-socialiste-anarchiste-10-novembre-1900.png?w=390);background-position:47% 2%\"><img decoding=\"async\" src=\"https:\/\/i2.wp.com\/sinedjib.com\/wp-content\/uploads\/2019\/06\/Le-R%C3%A9veil-socialiste-anarchiste-10-novembre-1900.png?w=390\" alt=\"\"\/><\/figure><div class=\"wp-block-media-text__content\">\n<p class=\"has-large-font-size\"><strong>Cette page recense les 10 articles du <em>R\u00e9veil<\/em> publi\u00e9s sur ce site depuis le 8 juin 2019. Le journal, d&rsquo;abord intitul\u00e9 <em>Le R\u00e9veil socialiste-anarchiste<\/em>, a paru de 1900 \u00e0 1946. Les sommaires sont consultables sur le site <a href=\"https:\/\/archivesautonomies.org\/spip.php?article2778\" target=\"_blank\" rel=\"noreferrer noopener\">Archives Autonomies<\/a>. Les textes d&rsquo;Errico Malatesta sont disponibles via ce <a href=\"http:\/\/sinedjib.com\/index.php\/ressources\/errico-malatesta\/\">lien<\/a>.<\/strong><\/p>\n<\/div><\/div>\n\n\n\n<p>Georges Herzig, \u00ab\u00a0Contre la politique\u00a0\u00bb, paru dans <em>Le R\u00e9veil socialiste-anarchiste<\/em>, n\u00b0 10, 10 novembre 1900. <a href=\"http:\/\/sinedjib.com\/index.php\/2019\/06\/19\/herzig\/\">Lien<\/a><\/p>\n\n\n\n<p>Bernard Lazare, \u00ab\u00a0La r\u00e9volution de 1789\u00a0\u00bb, paru dans <em>Le R\u00e9veil socialiste-anarchiste<\/em>, n\u00b0 54, 19 juillet 1902. <a href=\"http:\/\/sinedjib.com\/index.php\/2019\/06\/10\/lazare\/\">Lien<\/a><\/p>\n\n\n\n<p>Georgi Gogelia dit K. Iliachvili, \u00ab\u00a0Ennemis du socialisme (Choses de Russie)\u00a0\u00bb, paru dans <em>Le R\u00e9veil socialiste-anarchiste<\/em>, n\u00b0 125, 8 avril 1905. <a href=\"http:\/\/sinedjib.com\/index.php\/2019\/06\/12\/gogelia\/\">Lien<\/a><\/p>\n\n\n\n<p>\u00ab\u00a0Ne votons pas !\u00a0\u00bb, d\u00e9claration du Groupe du R\u00e9veil anarchiste parue dans <em>Le R\u00e9veil socialiste-anarchiste<\/em>, n\u00b0 293, 12 novembre 1910. <a href=\"http:\/\/sinedjib.com\/index.php\/2019\/11\/23\/ne-votons-pas\/\">Lien<\/a><\/p>\n\n\n\n<p>\u00ab\u00a0La r\u00e9volution mexicaine : Aux travailleurs du monde entier\u00a0\u00bb, manifeste de la Junta organizadora del Partido Liberal Mexicano paru dans <em>Le R\u00e9veil socialiste-anarchiste<\/em>, n\u00b0 306, 13 mai 1911. <a href=\"http:\/\/sinedjib.com\/index.php\/2019\/06\/08\/mexicaine\/\">Lien<\/a><\/p>\n\n\n\n<p>Luigi Bertoni, \u00ab\u00a0Le mensonge nationaliste\u00a0\u00bb, paru dans <em>Le R\u00e9veil communiste-anarchiste<\/em>, n\u00b0 364, 9 ao\u00fbt 1913. <a href=\"http:\/\/sinedjib.com\/index.php\/2019\/11\/14\/bertoni\/\">Lien<\/a><\/p>\n\n\n\n<p>Georges Herzig, \u00ab\u00a0D\u00e9mocratie bourgeoise\u00a0\u00bb, paru dans <em>Le R\u00e9veil communiste-anarchiste<\/em>, n\u00b0 502, 7 d\u00e9cembre 1918. <a href=\"http:\/\/sinedjib.com\/index.php\/2020\/01\/15\/democratie-2\/\">Lien<\/a><\/p>\n\n\n\n<p>Lucien Tronchet, \u00ab\u00a0Nous refusons d&rsquo;\u00eatre des pions diplomatiques\u00a0\u00bb, paru dans <em>Le R\u00e9veil anarchiste<\/em>, n\u00b0 1033, 4 novembre 1939. <a href=\"http:\/\/sinedjib.com\/index.php\/2020\/01\/12\/tronchet\/\">Lien<\/a><\/p>\n\n\n\n<p>\u00ab\u00a0Mentalit\u00e9 de vaincus\u00a0\u00bb, paru dans<em> Le R\u00e9veil <\/em>clandestin, n\u00b0 3, novembre 1940. <a href=\"http:\/\/sinedjib.com\/index.php\/2019\/12\/14\/mentalite\/\">Lien<\/a><\/p>\n\n\n\n<p>A., \u00ab\u00a0Les \u00e9v\u00e9nements d&rsquo;Alg\u00e9rie et du Liban\u00a0\u00bb, paru dans <em>Le R\u00e9veil <\/em>clandestin, n\u00b0 114, juin 1945. <a href=\"http:\/\/sinedjib.com\/index.php\/2019\/12\/22\/evenements\/\">Lien<\/a><\/p>\n","protected":false},"excerpt":{"rendered":"<p>Cette page recense les 10 articles du R\u00e9veil publi\u00e9s sur ce site depuis le 8 juin 2019. Le journal, d&rsquo;abord intitul\u00e9 Le R\u00e9veil socialiste-anarchiste, a paru de 1900 \u00e0 1946. Les sommaires sont consultables sur le site Archives Autonomies. Les textes d&rsquo;Errico Malatesta sont disponibles via ce lien. Georges Herzig, \u00ab\u00a0Contre la politique\u00a0\u00bb, paru dans [&hellip;]<\/p>\n","protected":false},"author":1,"featured_media":0,"parent":5483,"menu_order":0,"comment_status":"closed","ping_status":"closed","template":"","meta":{"jetpack_post_was_ever_published":false,"footnotes":""},"class_list":["post-6832","page","type-page","status-publish","hentry"],"jetpack_sharing_enabled":true,"jetpack_shortlink":"https:\/\/wp.me\/P9lTYU-1Mc","jetpack_likes_enabled":true,"jetpack-related-posts":[{"id":5903,"url":"https:\/\/sinedjib.com\/index.php\/ressources\/errico-malatesta\/","url_meta":{"origin":6832,"position":0},"title":"Errico Malatesta","author":"SiNedjib","date":"13\/06\/2019","format":false,"excerpt":"Cette page recense les 40 articles d'Errico Malatesta publi\u00e9s sur ce site depuis le 15 ao\u00fbt 2018. Portrait of Errico Malatesta (Santa Maria Capua Vetere, 1853-Rome, 1932), Italian anarchist. \"Le suffrage universel\", paru en deux parties dans Le R\u00e9veil socialiste-anarchiste, n\u00b0 161, 24 f\u00e9vrier 1906 et n\u00b0 162, 10 mars\u2026","rel":"","context":"Article similaire","block_context":{"text":"Article similaire","link":""},"img":{"alt_text":"","src":"https:\/\/i0.wp.com\/sinedjib.com\/wp-content\/uploads\/2019\/02\/Malatesta.jpg?resize=350%2C200&ssl=1","width":350,"height":200,"srcset":"https:\/\/i0.wp.com\/sinedjib.com\/wp-content\/uploads\/2019\/02\/Malatesta.jpg?resize=350%2C200&ssl=1 1x, https:\/\/i0.wp.com\/sinedjib.com\/wp-content\/uploads\/2019\/02\/Malatesta.jpg?resize=525%2C300&ssl=1 1.5x, https:\/\/i0.wp.com\/sinedjib.com\/wp-content\/uploads\/2019\/02\/Malatesta.jpg?resize=700%2C400&ssl=1 2x"},"classes":[]},{"id":21617,"url":"https:\/\/sinedjib.com\/index.php\/index-auteurs\/","url_meta":{"origin":6832,"position":1},"title":"Index des auteurs","author":"SiNedjib","date":"16\/03\/2024","format":false,"excerpt":"Cette page pr\u00e9sente un index des 34 auteurs dont 5 textes - ou plus - ont \u00e9t\u00e9 retranscrits sur ce site depuis 2013. La liste sera progressivement compl\u00e9t\u00e9e avec l'ensemble des contributeurs. AIT AHMED Hocine ; AMAZIT Idir ; BOUNANE Akli ; BOUSSEL Pierre (LAMBERT Pierre) ; BRETON Andr\u00e9 ;\u2026","rel":"","context":"Article similaire","block_context":{"text":"Article similaire","link":""},"img":{"alt_text":"","src":"","width":0,"height":0},"classes":[]},{"id":22345,"url":"https:\/\/sinedjib.com\/index.php\/index-des-publications\/","url_meta":{"origin":6832,"position":2},"title":"Index des publications","author":"SiNedjib","date":"17\/03\/2024","format":false,"excerpt":"Cette page pr\u00e9sente un index des publications (bulletins, journaux, revues, etc.) dont cinq textes \u2013 ou plus \u2013 ont \u00e9t\u00e9 retranscrits sur ce site depuis 2012. La liste sera progressivement compl\u00e9t\u00e9e avec l\u2019ensemble des autres r\u00e9f\u00e9rences. A Alarme ; Alger R\u00e9publicain ; Alternative libertaire ; Arguments ; B Le Bolch\u00e9vik\u2026","rel":"","context":"Article similaire","block_context":{"text":"Article similaire","link":""},"img":{"alt_text":"","src":"","width":0,"height":0},"classes":[]},{"id":11279,"url":"https:\/\/sinedjib.com\/index.php\/le-bolchevik\/","url_meta":{"origin":6832,"position":3},"title":"Le Bolch\u00e9vik","author":"SiNedjib","date":"18\/01\/2021","format":false,"excerpt":"Cette page recense les 11 articles du Bolch\u00e9vik\u00a0publi\u00e9s sur ce site depuis le 15 d\u00e9cembre 2020. L\u2019organe de la Tendance spartaciste internationale\u00a0a \u00e9t\u00e9 lanc\u00e9 en 1976.\u00a0Les exemplaires du journal (jusqu'en 2011) sont t\u00e9l\u00e9chargeables sur le site\u00a0Marxists Internet Archive. \"Le massacre d\u2019octobre \u00e0 Alger\", paru dans Le Bolch\u00e9vik, n\u00b0 88, novembre\u2026","rel":"","context":"Article similaire","block_context":{"text":"Article similaire","link":""},"img":{"alt_text":"","src":"https:\/\/i0.wp.com\/sinedjib.com\/wp-content\/uploads\/2020\/12\/Le-Bolchevik-mars-1989.png?resize=350%2C200&ssl=1","width":350,"height":200},"classes":[]},{"id":13761,"url":"https:\/\/sinedjib.com\/index.php\/les-lettres-francaises\/","url_meta":{"origin":6832,"position":4},"title":"Les Lettres fran\u00e7aises","author":"SiNedjib","date":"31\/08\/2021","format":false,"excerpt":"Cette page recense les 9 articles des Lettres fran\u00e7aises publi\u00e9s sur ce site depuis le 5 ao\u00fbt 2021. Le journal du Comit\u00e9 national des \u00e9crivains a \u00e9t\u00e9 fond\u00e9 en 1942. Il est consultable sur le site\u00a0RetroNews\u00a0pour la p\u00e9riode 1942-1950. Ren\u00e9 Maran, \"L\u2019Afrique noire dans les lettres fran\u00e7aises\", paru dans\u00a0Les Lettres\u2026","rel":"","context":"Article similaire","block_context":{"text":"Article similaire","link":""},"img":{"alt_text":"","src":"https:\/\/i0.wp.com\/sinedjib.com\/wp-content\/uploads\/2021\/08\/Les-Lettres-francaises-1er-mars-1946.png?resize=350%2C200&ssl=1","width":350,"height":200},"classes":[]},{"id":6820,"url":"https:\/\/sinedjib.com\/index.php\/ressources\/spartacus\/","url_meta":{"origin":6832,"position":5},"title":"Spartacus","author":"SiNedjib","date":"25\/01\/2020","format":false,"excerpt":"Cette page recense les 7 articles de Spartacus publi\u00e9s sur ce site depuis le 19 ao\u00fbt 2018. La revue, lanc\u00e9e par Ren\u00e9 Lefeuvre, a paru de 1975 \u00e0 1979. Les sommaires sont consultables sur le site Archives Autonomies. Michel Jacob, \"Comment lire et ne pas lire Reich\", paru dans Spartacus,\u2026","rel":"","context":"Article similaire","block_context":{"text":"Article similaire","link":""},"img":{"alt_text":"","src":"https:\/\/i0.wp.com\/sinedjib.com\/wp-content\/uploads\/2018\/10\/Spartacus-mars-avril-1979.png?resize=350%2C200&ssl=1","width":350,"height":200},"classes":[]}],"_links":{"self":[{"href":"https:\/\/sinedjib.com\/index.php\/wp-json\/wp\/v2\/pages\/6832","targetHints":{"allow":["GET"]}}],"collection":[{"href":"https:\/\/sinedjib.com\/index.php\/wp-json\/wp\/v2\/pages"}],"about":[{"href":"https:\/\/sinedjib.com\/index.php\/wp-json\/wp\/v2\/types\/page"}],"author":[{"embeddable":true,"href":"https:\/\/sinedjib.com\/index.php\/wp-json\/wp\/v2\/users\/1"}],"replies":[{"embeddable":true,"href":"https:\/\/sinedjib.com\/index.php\/wp-json\/wp\/v2\/comments?post=6832"}],"version-history":[{"count":1,"href":"https:\/\/sinedjib.com\/index.php\/wp-json\/wp\/v2\/pages\/6832\/revisions"}],"predecessor-version":[{"id":10441,"href":"https:\/\/sinedjib.com\/index.php\/wp-json\/wp\/v2\/pages\/6832\/revisions\/10441"}],"up":[{"embeddable":true,"href":"https:\/\/sinedjib.com\/index.php\/wp-json\/wp\/v2\/pages\/5483"}],"wp:attachment":[{"href":"https:\/\/sinedjib.com\/index.php\/wp-json\/wp\/v2\/media?parent=6832"}],"curies":[{"name":"wp","href":"https:\/\/api.w.org\/{rel}","templated":true}]}}