{"id":6855,"date":"2020-01-26T19:54:40","date_gmt":"2020-01-26T18:54:40","guid":{"rendered":"http:\/\/sinedjib.com\/?page_id=6855"},"modified":"2024-05-28T21:22:24","modified_gmt":"2024-05-28T19:22:24","slug":"la-verite","status":"publish","type":"page","link":"https:\/\/sinedjib.com\/index.php\/ressources\/la-verite\/","title":{"rendered":"La V\u00e9rit\u00e9"},"content":{"rendered":"\n<div class=\"wp-block-media-text alignwide is-stacked-on-mobile is-image-fill\"><figure class=\"wp-block-media-text__media\" style=\"background-image:url(https:\/\/sinedjib.com\/wp-content\/uploads\/2020\/05\/La-V\u00e9rit\u00e9-25-juillet-1945.png);background-position:49% 1%\"><img data-recalc-dims=\"1\" loading=\"lazy\" decoding=\"async\" width=\"450\" height=\"603\" data-attachment-id=\"8206\" data-permalink=\"https:\/\/sinedjib.com\/index.php\/ressources\/la-verite\/la-verite-25-juillet-1945-2\/\" data-orig-file=\"https:\/\/i0.wp.com\/sinedjib.com\/wp-content\/uploads\/2020\/05\/La-V%C3%A9rit%C3%A9-25-juillet-1945.png?fit=450%2C603&amp;ssl=1\" data-orig-size=\"450,603\" data-comments-opened=\"1\" data-image-meta=\"{&quot;aperture&quot;:&quot;0&quot;,&quot;credit&quot;:&quot;&quot;,&quot;camera&quot;:&quot;&quot;,&quot;caption&quot;:&quot;&quot;,&quot;created_timestamp&quot;:&quot;0&quot;,&quot;copyright&quot;:&quot;&quot;,&quot;focal_length&quot;:&quot;0&quot;,&quot;iso&quot;:&quot;0&quot;,&quot;shutter_speed&quot;:&quot;0&quot;,&quot;title&quot;:&quot;&quot;,&quot;orientation&quot;:&quot;0&quot;}\" data-image-title=\"La-V\u00e9rit\u00e9-25-juillet-1945\" data-image-description=\"\" data-image-caption=\"\" data-large-file=\"https:\/\/i0.wp.com\/sinedjib.com\/wp-content\/uploads\/2020\/05\/La-V%C3%A9rit%C3%A9-25-juillet-1945.png?fit=450%2C603&amp;ssl=1\" src=\"https:\/\/i0.wp.com\/sinedjib.com\/wp-content\/uploads\/2020\/05\/La-V%C3%A9rit%C3%A9-25-juillet-1945.png?resize=450%2C603&#038;ssl=1\" alt=\"\" class=\"wp-image-8206 size-full\" srcset=\"https:\/\/i0.wp.com\/sinedjib.com\/wp-content\/uploads\/2020\/05\/La-V%C3%A9rit%C3%A9-25-juillet-1945.png?w=450&amp;ssl=1 450w, https:\/\/i0.wp.com\/sinedjib.com\/wp-content\/uploads\/2020\/05\/La-V%C3%A9rit%C3%A9-25-juillet-1945.png?resize=224%2C300&amp;ssl=1 224w\" sizes=\"auto, (max-width: 450px) 100vw, 450px\" \/><\/figure><div class=\"wp-block-media-text__content\">\n<p class=\"has-large-font-size\"><strong>Cette page recense les 22 articles de <em>La V\u00e9rit\u00e9<\/em> publi\u00e9s sur ce site depuis le 8 mai 2015.<\/strong> <strong>L&rsquo;organe de l&rsquo;opposition communiste, puis du Parti communiste internationaliste, a \u00e9t\u00e9 lanc\u00e9 en 1929.<\/strong> <strong>Des num\u00e9ros sont consultables sur le site de <a href=\"http:\/\/association-radar.org\/?-Journaux-47-\" target=\"_blank\" rel=\"noreferrer noopener\">RadAR<\/a> et celui du <a href=\"http:\/\/www.bibnumcermtri.fr\/spip.php?rubrique1\" target=\"_blank\" rel=\"noreferrer noopener\">CERMTRI<\/a>.<\/strong><\/p>\n<\/div><\/div>\n\n\n\n<p>\u00ab\u00a0Alg\u00e9rie, Syrie, Liban : Droit des Peuples \u00e0 disposer d\u2019eux-m\u00eames\u00a0\u00bb, paru dans <em>La V\u00e9rit\u00e9<\/em>, n\u00b0 88, 25 juillet 1945. <a href=\"http:\/\/sinedjib.com\/index.php\/2016\/05\/10\/droit-peuples\/\">Lien<\/a><\/p>\n\n\n\n<p>\u00ab\u00a0Guerre froide et guerre de classes\u00a0\u00bb, paru dans <em>La V\u00e9rit\u00e9<\/em>, n\u00b0 221, 5 novembre 1948. <a href=\"https:\/\/sinedjib.com\/index.php\/2021\/10\/05\/guerre-froide-et-guerre-de-classes\/\">Lien<\/a><\/p>\n\n\n\n<p>\u00ab\u00a0Les obs\u00e8ques \u00e9mouvantes de Mme Messali\u00a0\u00bb, paru dans <em>La V\u00e9rit\u00e9<\/em>, n\u00b0 323, 23 octobre au 5 novembre 1953. <a href=\"http:\/\/sinedjib.com\/index.php\/2015\/05\/08\/obseques-mme-messali\/\">Lien<\/a><\/p>\n\n\n\n<p>Pierre Lambert, \u00ab\u00a0Les \u00e9lections alg\u00e9riennes\u00a0\u00bb, paru dans&nbsp;<em>La V\u00e9rit\u00e9<\/em>, n\u00b0 330, du 19 f\u00e9vrier au 5 mars 1954. <a href=\"https:\/\/sinedjib.com\/index.php\/2024\/02\/20\/lambert\/\">Lien<\/a><\/p>\n\n\n\n<p>J. Graves, \u00ab\u00a0O\u00f9 en est l\u2019Alg\u00e9rie ?\u00a0\u00bb, paru dans&nbsp;<em>La V\u00e9rit\u00e9<\/em>, n\u00b0 332, du 26 mars au 8 avril 1954. <a href=\"https:\/\/sinedjib.com\/index.php\/2024\/03\/26\/graves\/\">Lien<\/a><\/p>\n\n\n\n<p>Pierre Lambert, \u00ab\u00a0Veill\u00e9e d\u2019armes en Afrique du Nord\u00a0\u00bb, paru dans&nbsp;<em>La V\u00e9rit\u00e9<\/em>, n\u00b0 334, du 23 avril au 6 mai 1954. <a href=\"https:\/\/sinedjib.com\/index.php\/2024\/05\/12\/lambert-6\/\">Lien<\/a><\/p>\n\n\n\n<p>\u00ab\u00a0Epuration et antis\u00e9mitisme en Europe orientale\u00a0\u00bb, paru dans\u00a0<em>La V\u00e9rit\u00e9<\/em>, n\u00b0 336, du 14 mai au 27 mai 1954. <a href=\"https:\/\/sinedjib.com\/index.php\/2024\/05\/26\/antisemitisme-2\/\">Lien<\/a><\/p>\n\n\n\n<p>Pierre Lambert, \u00ab\u00a0L\u2019impasse du r\u00e9formisme en Alg\u00e9rie\u00a0\u00bb, paru dans\u00a0<em>La V\u00e9rit\u00e9<\/em>, n\u00b0 337, du 28 mai au 17 juin 1954. <a href=\"https:\/\/sinedjib.com\/index.php\/2024\/05\/28\/lambert-7\/\">Lien<\/a><\/p>\n\n\n\n<p>Yves Dech\u00e9zelles, \u00ab\u00a0Lettre ouverte \u00e0 Francis et Colette Jeanson\u00a0\u00bb, parue dans <em>La V\u00e9rit\u00e9<\/em>, n\u00b0 389, 13 janvier 1956 et n\u00b0 390, 20 janvier 1956. <a href=\"http:\/\/sinedjib.com\/index.php\/2015\/05\/21\/lettre-ouverte-a-francis-et-colette-jeanson\/\">Lien<\/a><\/p>\n\n\n\n<p>Pierre Lambert, \u00ab\u00a040.000 Alg\u00e9riens manifestent\u00a0\u00bb, paru dans&nbsp;<em>La V\u00e9rit\u00e9<\/em>, n\u00b0 398, 16 mars 1956. <a href=\"https:\/\/sinedjib.com\/index.php\/2024\/04\/16\/lambert-5\/\">Lien<\/a><\/p>\n\n\n\n<p>Claude G\u00e9rard, \u00ab\u00a0Une interview d\u2019un Commissaire politique de l\u2019Arm\u00e9e de lib\u00e9ration\u00a0\u00bb, parue dans <em>La V\u00e9rit\u00e9<\/em>, n\u00b0 411, 25 mai 1956. <a href=\"http:\/\/sinedjib.com\/index.php\/2016\/07\/30\/commissaire-politique\/\">Lien<\/a><\/p>\n\n\n\n<p>Pierre Lambert, \u00ab\u00a0Les maquis messalistes\u00a0\u00bb, paru dans&nbsp;<em>La V\u00e9rit\u00e9<\/em>, n\u00b0 411, 25 mai 1956. <a href=\"https:\/\/sinedjib.com\/index.php\/2024\/03\/31\/lambert-3\/\">Lien<\/a><\/p>\n\n\n\n<p>G\u00e9rard Bloch, \u00ab\u00a0Halte \u00e0 la r\u00e9pression !\u00a0\u00bb, paru dans&nbsp;<em>La V\u00e9rit\u00e9<\/em>,&nbsp;n\u00b0 412, 1er juin 1956. <a href=\"https:\/\/sinedjib.com\/index.php\/2024\/04\/01\/bloch\/\">Lien<\/a><\/p>\n\n\n\n<p>Pierre Lambert, \u00ab\u00a0Objectivit\u00e9 de l\u2019information et paradoxes de la r\u00e9pression\u00a0\u00bb, paru dans&nbsp;<em>La V\u00e9rit\u00e9<\/em>, n\u00b0 413, 8 juin 1956. <a href=\"https:\/\/sinedjib.com\/index.php\/2024\/04\/02\/lambert-4\/\">Lien<\/a><\/p>\n\n\n\n<p>Daniel Renard, \u00ab\u00a0Arr\u00eater le scandale. Lib\u00e9rer Claude G\u00e9rard !\u00a0\u00bb, paru dans&nbsp;<em>La V\u00e9rit\u00e9<\/em>,&nbsp;n\u00b0 418, 13 juillet 1956. <a href=\"https:\/\/sinedjib.com\/index.php\/2024\/04\/07\/renard\/\">Lien<\/a><\/p>\n\n\n\n<p>Interafrique Presse, \u00ab\u00a0Informations sur les deux derni\u00e8res condamnations \u00e0 mort prononc\u00e9es \u00e0 Alger\u00a0\u00bb, paru dans <em>La V\u00e9rit\u00e9<\/em>, n\u00b0 425, 5 octobre 1956. <a href=\"http:\/\/sinedjib.com\/index.php\/2015\/05\/08\/condamnations-a-mort\/\">Lien<\/a><\/p>\n\n\n\n<p>\u00ab\u00a0A propos des &lsquo;Bases de la n\u00e9gociation en Alg\u00e9rie&rsquo; \u00ab\u00a0, paru dans <em>La V\u00e9rit\u00e9<\/em>, n\u00b0 442, 25 janvier 1957. <a href=\"http:\/\/sinedjib.com\/index.php\/2017\/01\/21\/bases-negociation\/\">Lien<\/a><\/p>\n\n\n\n<p>Pierre Lambert, \u00ab\u00a0Information et propagande (\u00e0 propos du M.N.A. et du F.L.N.)\u00a0\u00bb, paru dans&nbsp;<em>La V\u00e9rit\u00e9<\/em>, n\u00b0 462, 14 juin 1957. <a href=\"https:\/\/sinedjib.com\/index.php\/2024\/03\/24\/lambert-2\/\">Lien<\/a><\/p>\n\n\n\n<p>\u00ab\u00a0Appel \u00e0 l\u2019opinion\u00a0\u00bb, paru dans&nbsp;<em>La V\u00e9rit\u00e9<\/em>, n\u00b0 473, 17 octobre 1957. <a href=\"https:\/\/sinedjib.com\/index.php\/2024\/03\/08\/usta\/\">Lien<\/a><\/p>\n\n\n\n<p>Pierre Lambert, \u00ab\u00a0L\u2019assassinat de Bekhat. Les responsables\u00a0\u00bb, paru dans&nbsp;<em>La V\u00e9rit\u00e9<\/em>, n\u00b0 475, 31 octobre 1957. <a href=\"https:\/\/sinedjib.com\/index.php\/2024\/03\/10\/bekhat-3\/\">Lien<\/a><\/p>\n\n\n\n<p>\u00ab\u00a0L\u2019enterrement d\u2019Ahmed Bekhat\u00a0\u00bb, paru dans&nbsp;<em>La V\u00e9rit\u00e9<\/em>, n\u00b0 478, 28 novembre 1957. <a href=\"https:\/\/sinedjib.com\/index.php\/2024\/03\/10\/bekhat-3\/\">Lien<\/a><\/p>\n\n\n\n<p>\u00ab\u00a0Henri Geneste condamn\u00e9 \u00e0 3 ans de prison et 100.000 frs d\u2019amende\u00a0\u00bb,  paru dans <em>La V\u00e9rit\u00e9<\/em>, n\u00b0 508, 17 juillet 1958. <a href=\"http:\/\/sinedjib.com\/index.php\/2015\/07\/18\/geneste\/\">Lien<\/a><\/p>\n","protected":false},"excerpt":{"rendered":"<p>Cette page recense les 22 articles de La V\u00e9rit\u00e9 publi\u00e9s sur ce site depuis le 8 mai 2015. L&rsquo;organe de l&rsquo;opposition communiste, puis du Parti communiste internationaliste, a \u00e9t\u00e9 lanc\u00e9 en 1929. Des num\u00e9ros sont consultables sur le site de RadAR et celui du CERMTRI. \u00ab\u00a0Alg\u00e9rie, Syrie, Liban : Droit des Peuples \u00e0 disposer d\u2019eux-m\u00eames\u00a0\u00bb, [&hellip;]<\/p>\n","protected":false},"author":1,"featured_media":0,"parent":5483,"menu_order":0,"comment_status":"closed","ping_status":"closed","template":"","meta":{"jetpack_post_was_ever_published":false,"footnotes":""},"class_list":["post-6855","page","type-page","status-publish","hentry"],"jetpack_sharing_enabled":true,"jetpack_shortlink":"https:\/\/wp.me\/P9lTYU-1Mz","jetpack_likes_enabled":true,"jetpack-related-posts":[{"id":16677,"url":"https:\/\/sinedjib.com\/index.php\/la-verite-des-travailleurs\/","url_meta":{"origin":6855,"position":0},"title":"La V\u00e9rit\u00e9 des travailleurs","author":"SiNedjib","date":"18\/07\/2022","format":false,"excerpt":"Cette page recense les 21 articles de La V\u00e9rit\u00e9 des travailleurs publi\u00e9s sur ce site depuis le 5 janvier 2022. Le journal du Parti communiste internationaliste a paru de 1952 \u00e0 1962. Ses sommaires sont consultables sur le site RaDAR. R. Merlin, \"Le livre de Pierre Herv\u00e9, nouvel \u00e9pisode de\u2026","rel":"","context":"Article similaire","block_context":{"text":"Article similaire","link":""},"img":{"alt_text":"","src":"https:\/\/i0.wp.com\/sinedjib.com\/wp-content\/uploads\/2022\/01\/La-Verite-des-travailleurs-janvier-1962.png?resize=350%2C200&ssl=1","width":350,"height":200},"classes":[]},{"id":21617,"url":"https:\/\/sinedjib.com\/index.php\/index-auteurs\/","url_meta":{"origin":6855,"position":1},"title":"Index des auteurs","author":"SiNedjib","date":"16\/03\/2024","format":false,"excerpt":"Cette page pr\u00e9sente un index des 34 auteurs dont 5 textes - ou plus - ont \u00e9t\u00e9 retranscrits sur ce site depuis 2013. La liste sera progressivement compl\u00e9t\u00e9e avec l'ensemble des contributeurs. AIT AHMED Hocine ; AMAZIT Idir ; BOUNANE Akli ; BOUSSEL Pierre (LAMBERT Pierre) ; BRETON Andr\u00e9 ;\u2026","rel":"","context":"Article similaire","block_context":{"text":"Article similaire","link":""},"img":{"alt_text":"","src":"","width":0,"height":0},"classes":[]},{"id":22345,"url":"https:\/\/sinedjib.com\/index.php\/index-des-publications\/","url_meta":{"origin":6855,"position":2},"title":"Index des publications","author":"SiNedjib","date":"17\/03\/2024","format":false,"excerpt":"Cette page pr\u00e9sente un index des publications (bulletins, journaux, revues, etc.) dont cinq textes \u2013 ou plus \u2013 ont \u00e9t\u00e9 retranscrits sur ce site depuis 2012. La liste sera progressivement compl\u00e9t\u00e9e avec l\u2019ensemble des autres r\u00e9f\u00e9rences. A Alarme ; Alger R\u00e9publicain ; Alternative libertaire ; Arguments ; B Le Bolch\u00e9vik\u2026","rel":"","context":"Article similaire","block_context":{"text":"Article similaire","link":""},"img":{"alt_text":"","src":"","width":0,"height":0},"classes":[]},{"id":16659,"url":"https:\/\/sinedjib.com\/index.php\/programme-communiste\/","url_meta":{"origin":6855,"position":3},"title":"Programme communiste","author":"SiNedjib","date":"18\/07\/2022","format":false,"excerpt":"Cette page recense les 6 articles de Programme communiste publi\u00e9s sur ce site depuis le 3 juin 2019. La revue a \u00e9t\u00e9 lanc\u00e9e en 1957. Ses sommaires sont consultables sur le site du Parti communiste international. \u00ab\u00a0C\u2019est g\u00e9n\u00e9reux, la France !\u00a0\u00bb, paru dans Programme communiste, n\u00b0 18, janvier-mars 1962. Lien\u2026","rel":"","context":"Article similaire","block_context":{"text":"Article similaire","link":""},"img":{"alt_text":"","src":"https:\/\/i0.wp.com\/sinedjib.com\/wp-content\/uploads\/2021\/10\/Programme-communiste-janvier-mars-1962.png?resize=350%2C200&ssl=1","width":350,"height":200},"classes":[]},{"id":9606,"url":"https:\/\/sinedjib.com\/index.php\/litterature-critique-sociale\/","url_meta":{"origin":6855,"position":4},"title":"Litt\u00e9rature, po\u00e9sie et critique sociale","author":"SiNedjib","date":"17\/08\/2020","format":false,"excerpt":"\u00ab\u00a0Quelques r\u00e9flexions sur la S\u00e9paration des \u00c9glises et de l\u2019\u00c9tat\u00a0\u00bb et \u00ab\u00a0Hommage \u00e0 Mohammed Harbi\u00a0\u00bb, n\u00b0 832, La R\u00e9volution prol\u00e9tarienne, mars 2026 \u00ab\u00a0Socialisme, immigration et racisme\u00a0\u00bb,\u00a0Courant alternatif, n\u00b0 358, mars 2026. En ligne \u00ab Hypocrisie fran\u00e7aise \u00bb, Cercle des ami.e.s de l'A.I.T. de Montr\u00e9al, 26 f\u00e9vrier 2026. En ligne \"What\u2026","rel":"","context":"Article similaire","block_context":{"text":"Article similaire","link":""},"img":{"alt_text":"","src":"https:\/\/i0.wp.com\/sinedjib.com\/wp-content\/uploads\/2026\/03\/Une-de-RP-832-1024x1448-1.jpg?resize=350%2C200&ssl=1","width":350,"height":200,"srcset":"https:\/\/i0.wp.com\/sinedjib.com\/wp-content\/uploads\/2026\/03\/Une-de-RP-832-1024x1448-1.jpg?resize=350%2C200&ssl=1 1x, https:\/\/i0.wp.com\/sinedjib.com\/wp-content\/uploads\/2026\/03\/Une-de-RP-832-1024x1448-1.jpg?resize=525%2C300&ssl=1 1.5x, https:\/\/i0.wp.com\/sinedjib.com\/wp-content\/uploads\/2026\/03\/Une-de-RP-832-1024x1448-1.jpg?resize=700%2C400&ssl=1 2x"},"classes":[]},{"id":5903,"url":"https:\/\/sinedjib.com\/index.php\/ressources\/errico-malatesta\/","url_meta":{"origin":6855,"position":5},"title":"Errico Malatesta","author":"SiNedjib","date":"13\/06\/2019","format":false,"excerpt":"Cette page recense les 40 articles d'Errico Malatesta publi\u00e9s sur ce site depuis le 15 ao\u00fbt 2018. Portrait of Errico Malatesta (Santa Maria Capua Vetere, 1853-Rome, 1932), Italian anarchist. \"Le suffrage universel\", paru en deux parties dans Le R\u00e9veil socialiste-anarchiste, n\u00b0 161, 24 f\u00e9vrier 1906 et n\u00b0 162, 10 mars\u2026","rel":"","context":"Article similaire","block_context":{"text":"Article similaire","link":""},"img":{"alt_text":"","src":"https:\/\/i0.wp.com\/sinedjib.com\/wp-content\/uploads\/2019\/02\/Malatesta.jpg?resize=350%2C200&ssl=1","width":350,"height":200,"srcset":"https:\/\/i0.wp.com\/sinedjib.com\/wp-content\/uploads\/2019\/02\/Malatesta.jpg?resize=350%2C200&ssl=1 1x, https:\/\/i0.wp.com\/sinedjib.com\/wp-content\/uploads\/2019\/02\/Malatesta.jpg?resize=525%2C300&ssl=1 1.5x, https:\/\/i0.wp.com\/sinedjib.com\/wp-content\/uploads\/2019\/02\/Malatesta.jpg?resize=700%2C400&ssl=1 2x"},"classes":[]}],"_links":{"self":[{"href":"https:\/\/sinedjib.com\/index.php\/wp-json\/wp\/v2\/pages\/6855","targetHints":{"allow":["GET"]}}],"collection":[{"href":"https:\/\/sinedjib.com\/index.php\/wp-json\/wp\/v2\/pages"}],"about":[{"href":"https:\/\/sinedjib.com\/index.php\/wp-json\/wp\/v2\/types\/page"}],"author":[{"embeddable":true,"href":"https:\/\/sinedjib.com\/index.php\/wp-json\/wp\/v2\/users\/1"}],"replies":[{"embeddable":true,"href":"https:\/\/sinedjib.com\/index.php\/wp-json\/wp\/v2\/comments?post=6855"}],"version-history":[{"count":5,"href":"https:\/\/sinedjib.com\/index.php\/wp-json\/wp\/v2\/pages\/6855\/revisions"}],"predecessor-version":[{"id":23075,"href":"https:\/\/sinedjib.com\/index.php\/wp-json\/wp\/v2\/pages\/6855\/revisions\/23075"}],"up":[{"embeddable":true,"href":"https:\/\/sinedjib.com\/index.php\/wp-json\/wp\/v2\/pages\/5483"}],"wp:attachment":[{"href":"https:\/\/sinedjib.com\/index.php\/wp-json\/wp\/v2\/media?parent=6855"}],"curies":[{"name":"wp","href":"https:\/\/api.w.org\/{rel}","templated":true}]}}