{"id":8296,"date":"2020-05-06T15:10:31","date_gmt":"2020-05-06T13:10:31","guid":{"rendered":"https:\/\/sinedjib.com\/?page_id=8296"},"modified":"2025-08-01T16:48:18","modified_gmt":"2025-08-01T14:48:18","slug":"petitions","status":"publish","type":"page","link":"https:\/\/sinedjib.com\/index.php\/petitions\/","title":{"rendered":"P\u00e9titions"},"content":{"rendered":"\n<p class=\"has-drop-cap\"><strong>Cette page recense les d\u00e9clarations ou p\u00e9titions sign\u00e9es au cours des derni\u00e8res ann\u00e9es.<\/strong><\/p>\n\n\n\n<p>\u00ab\u00a0Solidarit\u00e9 avec les peuples en lutte contre la guerre, le colonialisme et la dictature !\u00a0\u00bb, Solidarit\u00e9 socialiste avec les travailleurs en Iran, 30 juin 2025. <a href=\"http:\/\/www.iran-echo.com\/echo_pdf\/Tribune2_site.pdf\">Lien<\/a> ; <a href=\"http:\/\/www.iran-echo.com\/echo_pdf\/Signatures2.pdf\">Signataires<\/a> ; publi\u00e9 dans Le Club de Mediapart, 11 juillet 2025. <a href=\"https:\/\/blogs.mediapart.fr\/les-invites-de-mediapart\/blog\/110725\/solidarite-avec-les-peuples-en-lutte-contre-la-guerre-le-colonialisme-et-la-dictature\">Lien<\/a><\/p>\n\n\n\n<p>\u00ab\u00a0Soutien au Comit\u00e9 de vigilance face aux usages publics de l\u2019histoire (CVUH) et aux deux coll\u00e8gues abusivement mises en cause\u00a0\u00bb, 6 juin 2025. <a href=\"https:\/\/framaforms.org\/comite-de-soutien-2025-1748423562\">Lien<\/a><\/p>\n\n\n\n<p>\u00ab\u00a0Against the Abuse of the Issue of Antisemitism by Right Wing Media and Politicians and Their Attacks on Academic Freedom and Freedom of Speech\u00a0\u00bb, 20 mai 2024. <a href=\"https:\/\/leftrenewal.org\/statements\/open-letter-2024-05-20\/\">Lien<\/a><\/p>\n\n\n\n<p>\u00ab\u00a0For a consistently democratic and internationalist left\u00a0\u00bb, 10 d\u00e9cembre 2023. <a href=\"https:\/\/leftrenewal.net\/\">Lien<\/a><\/p>\n\n\n\n<p>\u00ab\u00a0L\u2019alerte \u00e9cologique criminalis\u00e9e en Alg\u00e9rie : solidarit\u00e9 avec Kamel A\u00efssat\u00a0\u00bb, <em>Mediapart<\/em>, 12 ao\u00fbt 2023. <a href=\"https:\/\/blogs.mediapart.fr\/les-invites-de-mediapart\/blog\/120823\/l-alerte-ecologique-criminalisee-en-algerie-solidarite-avec-kamel-aissat?at_medium=custom7&amp;at_campaign=1046\" target=\"_blank\" rel=\"noreferrer noopener\">Lien<\/a><\/p>\n\n\n\n<p>\u00ab\u00a0Pour une soci\u00e9t\u00e9 \u00ab&nbsp;d&rsquo;\u00e9galit\u00e9 et de libert\u00e9&nbsp;\u00bb, nous soutenons les Iranien\u00b7nes\u00a0\u00bb, <em>Mediapart<\/em>, 30 mai 2023. <a href=\"https:\/\/blogs.mediapart.fr\/les-invites-de-mediapart\/blog\/310523\/pour-une-societe-degalite-et-de-liberte-nous-soutenons-les-iranien-nes\">Lien<\/a><\/p>\n\n\n\n<p>\u00ab\u00a0Nous soutenons les r\u00e9fractaires \u00e0 l&rsquo;arm\u00e9e russe\u00a0\u00bb, Europe solidaire sans fronti\u00e8res, avril 2022. <a href=\"http:\/\/europe-solidaire.org\/spip.php?article61966\" target=\"_blank\" rel=\"noreferrer noopener\">Lien<\/a><\/p>\n\n\n\n<p>\u00ab\u00a0Fermeture annonc\u00e9e du quotidien Libert\u00e9 : Des intellectuels interpellent\u00a0\u00bb, <em>Libert\u00e9<\/em>, 4 avril 2022. <a rel=\"noreferrer noopener\" href=\"https:\/\/www.liberte-algerie.com\/actualite\/des-intellectuels-interpellent-375920\" target=\"_blank\">Lien<\/a><\/p>\n\n\n\n<p>En soutien \u00e0 Mohammed Harbi, <em>Mediapart<\/em>, 11 d\u00e9cembre 2020. <a rel=\"noreferrer noopener\" href=\"https:\/\/blogs.mediapart.fr\/les-invites-de-mediapart\/blog\/111220\/en-soutien-mohammed-harbi\" target=\"_blank\">Lien<\/a> <\/p>\n\n\n\n<p>Rojava, brisons le silence!,&nbsp;<em>Ballast<\/em>, 26 mars 2018.&nbsp;<a rel=\"noreferrer noopener\" href=\"https:\/\/www.revue-ballast.fr\/rojava-brisons-le-silence\/\" target=\"_blank\">Lien<\/a><\/p>\n\n\n\n<p>Quand tout acte contestataire peut \u00eatre qualifi\u00e9 de&nbsp;\u00ab terrorisme \u00bb,&nbsp;<em>Lib\u00e9ration<\/em>, 5 octobre 2016.&nbsp;<a href=\"http:\/\/www.liberation.fr\/debats\/2016\/10\/04\/quand-tout-acte-contestataire-peut-etre-qualifie-de-terrorisme_1519604\" target=\"_blank\" rel=\"noreferrer noopener\">Lien<\/a><\/p>\n\n\n\n<p>En finir avec la pr\u00e9carit\u00e9 dans l\u2019Enseignement Sup\u00e9rieur et la Recherche.&nbsp;<a href=\"http:\/\/precairesesr.fr\/en-finir-avec-la-precarite-dans-lenseignement-superieur-et-la-recherche-esr\/\" target=\"_blank\" rel=\"noreferrer noopener\">Lien<\/a><\/p>\n\n\n\n<p>Lib\u00e9ration et r\u00e9gularisation d\u2019Abdoulaye.&nbsp;<a href=\"https:\/\/www.change.org\/p\/pr%C3%A9fecture-de-paris-lib%C3%A9ration-et-r%C3%A9gularisation-d-abdoulaye?recruiter=91256199&amp;utm_source=share_petition&amp;utm_medium=facebook&amp;utm_campaign=autopublish&amp;utm_term=des-lg-no_src-no_msg&amp;fb_ref=Default\" target=\"_blank\" rel=\"noreferrer noopener\">Lien<\/a><\/p>\n\n\n\n<p>Appel \u00e0 la fermeture des Centres de R\u00e9tention et des Hotspots en Europe.&nbsp;<a href=\"https:\/\/blogs.mediapart.fr\/csp75\/blog\/210616\/appel-la-fermeture-des-centres-de-retention-et-des-hotspots-en-europe?utm_source=facebook&amp;utm_medium=social&amp;utm_campaign=Sharing&amp;xtor=CS3-66\" target=\"_blank\" rel=\"noreferrer noopener\">Lien<\/a><\/p>\n\n\n\n<p>Contre la pr\u00e9carisation des contractuel-le-s de la BULAC.&nbsp;<a href=\"https:\/\/www.change.org\/p\/biblioth%C3%A8que-universitaire-des-langues-et-civilisations-contre-la-pr%C3%A9carisation-des-contractuel-le-s-%C3%A9tudiant-e-s-de-la-bulac?recruiter=91256199&amp;utm_source=share_petition&amp;utm_medium=facebook&amp;utm_campaign=autopublish&amp;utm_term=des-lg-no_src-no_msg&amp;fb_ref=Default\" target=\"_blank\" rel=\"noreferrer noopener\">Lien<\/a><\/p>\n\n\n\n<p>Thierry Mandon : Il y a urgence \u00e0 cr\u00e9er des postes d\u2019enseignants-chercheurs titulaires \u00e0 l\u2019universit\u00e9.&nbsp;<a href=\"https:\/\/www.change.org\/p\/thierry-mandon-il-y-a-urgence-%C3%A0-cr%C3%A9er-des-postes-d-enseignants-chercheurs-titulaires-%C3%A0-l-universit%C3%A9?recruiter=91256199&amp;utm_source=share_petition&amp;utm_medium=facebook&amp;utm_campaign=autopublish&amp;utm_term=des-lg-no_src-no_msg&amp;fb_ref=Default\" target=\"_blank\" rel=\"noreferrer noopener\">Lien<\/a><\/p>\n\n\n\n<p>\u201cNous ne c\u00e8derons pas \u00e0 la peur\u201d,&nbsp;<em>El Watan,<\/em>&nbsp;10 janvier 2015 [<a rel=\"noreferrer noopener\" href=\"http:\/\/www.elwatan.com\/actualite\/nous-ne-cederons-pas-a-la-peur-10-01-2015-284466_109.php\" target=\"_blank\">lien<\/a>] et&nbsp;<em>Le Monde,<\/em>&nbsp;11-12 janvier 2015<\/p>\n\n\n\n<p>P\u00e9tition contre l\u2019interdiction du soutien \u00e0 la Palestine.&nbsp;<a href=\"http:\/\/www.aurdip.fr\/Petition-contre-l-interdiction-du.html\" target=\"_blank\" rel=\"noreferrer noopener\">Lien<\/a><\/p>\n\n\n\n<p>An Open Letter to Israel Academics.&nbsp;<a href=\"http:\/\/haimbresheeth.com\/gaza\/an-open-letter-to-israel-academics-july-13th-2014\/\" target=\"_blank\" rel=\"noreferrer noopener\">Link<\/a><\/p>\n\n\n\n<p>Apr\u00e8s trois mois de gr\u00e8ve, soutenons les postiers du 92 !&nbsp;<a href=\"https:\/\/www.change.org\/p\/sud-poste-92-apr%C3%A8s-trois-mois-de-gr%C3%A8ve-soutenons-les-postiers-du-92?fb_ref=Default&amp;share_id=mbOCOUBLAd&amp;utm_campaign=autopublish&amp;utm_medium=facebook&amp;utm_source=share_petition\" target=\"_blank\" rel=\"noreferrer noopener\">Lien<\/a><\/p>\n\n\n\n<p>Lib\u00e9ration de Mohand Kadi et Moez Benncir.&nbsp;<a href=\"https:\/\/secure.avaaz.org\/fr\/petition\/Les_autorites_Algerienne_Liberation_de_Mohand_Kadi_et_Moez_Benncir\/?deBfrdb&amp;pv=8&amp;fb_ref=Default\" target=\"_blank\" rel=\"noreferrer noopener\">Lien<\/a><\/p>\n\n\n\n<p>Appel des 171. Nous demandons la v\u00e9rit\u00e9 sur l\u2019assassinat de Maurice Audin,&nbsp;<em><a href=\"http:\/\/temoignagechretien.fr\/articles\/societe-politique-divers\/nous-demandons-la-verite-sur-lassassinat-de-maurice-audin\" target=\"_blank\" rel=\"noreferrer noopener\">T\u00e9moignage chr\u00e9tien<\/a><\/em>&nbsp;et&nbsp;<em><a href=\"https:\/\/blogs.mediapart.fr\/edition\/les-invites-de-mediapart\/article\/260314\/nous-demandons-la-verite-sur-l-assassinat-de-maurice-audin\" target=\"_blank\" rel=\"noreferrer noopener\">Mediapart,<\/a>&nbsp;<\/em>26 mars 2014.<\/p>\n\n\n\n<p>Lettre des (jeunes) enseignant-e-s et\/ou chercheur-e-s pr\u00e9caires.&nbsp;<a href=\"https:\/\/www.change.org\/p\/jeunes-pr%C3%A9caires-de-l-enseignement-sup%C3%A9rieur-et-de-la-recherche-merci-de-signer-la-p%C3%A9tition-et-de-diffuser?fb_ref=Default&amp;share_id=PvelYyllDN&amp;utm_campaign=share_button_action_box&amp;utm_medium=facebook&amp;utm_source=share_petition\" target=\"_blank\" rel=\"noreferrer noopener\">Lien<\/a><\/p>\n\n\n\n<p>Les \u00e9tudes de genre, la recherche et l\u2019\u00e9ducation : la bonne rencontre.&nbsp;<a href=\"http:\/\/www.petitionpublique.fr\/PeticaoVer.aspx?pi=P2014N45876\" target=\"_blank\" rel=\"noreferrer noopener\">Lien<\/a><\/p>\n\n\n\n<p>Les reniements, \u00e7a suffit !&nbsp;<a href=\"http:\/\/www.solidariteromsfives.org\/\" target=\"_blank\" rel=\"noreferrer noopener\">Lien<\/a><\/p>\n\n\n\n<p>Ensemble, d\u00e9fendons nos retraites !&nbsp;<a href=\"http:\/\/www.retraites2013.org\/\" target=\"_blank\" rel=\"noreferrer noopener\">Lien<\/a><\/p>\n\n\n\n<p>Non \u00e0 la suppression de la qualification par le CNU.&nbsp;<a href=\"http:\/\/www.petitions24.net\/cpcnu\" target=\"_blank\" rel=\"noreferrer noopener\">Lien<\/a><\/p>\n\n\n\n<p>Coupes budg\u00e9taires dans la recherche sur le travail et l\u2019emploi : non \u00e0 la double peine pour le Centre d\u2019\u00e9tudes sur l\u2019emploi (CEE).&nbsp;<a href=\"http:\/\/www.activism.com\/fr_FR\/petition\/coupes-budgetaires-dans-la-recherche-sur-le-travail-et-l-emploi-non-a-la-double-peine-pour-le-centre-d-etudes-de-l-emploi-cee\/43216#signnow\" target=\"_blank\" rel=\"noreferrer noopener\">Lien<\/a><\/p>\n\n\n\n<p>P\u00e9tition contre un projet de loi ESR toujours inacceptable.&nbsp;<a href=\"http:\/\/www.loiesrtoujoursinacceptable.org\/\" target=\"_blank\" rel=\"noreferrer noopener\">Lien<\/a><\/p>\n\n\n\n<p>Stop the Witch Hunt \u2013 Defend Max, Jawad and Steve.&nbsp;<a href=\"http:\/\/www.gopetition.com\/petitions\/stop-the-witch-hunt-defend-max-jawad-and-steve.html\" target=\"_blank\" rel=\"noreferrer noopener\">Link<\/a><\/p>\n\n\n\n<p>Soutien \u00e0 Bruno Deffains.&nbsp;<a href=\"http:\/\/www.petitions24.net\/soutien_a_bruno_deffains\" target=\"_blank\" rel=\"noreferrer noopener\">Lien<\/a><\/p>\n\n\n\n<p>Contrer la nouvelle universit\u00e9 capitaliste.&nbsp;<a href=\"http:\/\/www.emancipation.fr\/spip.php?article828\" target=\"_blank\" rel=\"noreferrer noopener\">Lien<\/a><\/p>\n\n\n\n<p>Contre le racisme. Devoir d\u2019insolence.&nbsp;<a rel=\"noreferrer noopener\" href=\"http:\/\/petition.lesinrocks.com\/devoirdinsolence\/\" target=\"_blank\">Lien<\/a><\/p>\n\n\n\n<p>Sauvons le peuple grec de ses sauveurs !&nbsp;<a href=\"http:\/\/www.editions-lignes.com\/sauvons-le-peuple-grec-de-ses.html\" target=\"_blank\" rel=\"noreferrer noopener\">Lien<\/a><\/p>\n\n\n\n<p>NON au d\u00e9mant\u00e8lement du Laboratoire Cultures et soci\u00e9t\u00e9s en Europe.&nbsp;<a href=\"http:\/\/www.petitionpublique.fr\/PeticaoVer.aspx?pi=P2012N30426\" target=\"_blank\" rel=\"noreferrer noopener\">Lien<\/a><\/p>\n\n\n\n<p>Motion de soutien \u00e0 Benjamin Stora.&nbsp;<a href=\"http:\/\/www.cifpr.fr\/+Motion-de-soutien-a-Benjamin-Stora\" target=\"_blank\" rel=\"noreferrer noopener\">Lien<\/a><\/p>\n\n\n\n<p>Appel des 451, pour la constitution d\u2019un groupe d\u2019action et de r\u00e9flexions autour des m\u00e9tiers du livre.&nbsp;<a href=\"http:\/\/les451.noblogs.org\/post\/2012\/09\/05\/appel-des-451-texte-complet\/\" target=\"_blank\" rel=\"noreferrer noopener\">Lien<\/a><\/p>\n\n\n\n<p>Lib\u00e9rez Sevim Sevimli !&nbsp;<a href=\"http:\/\/www.avaaz.org\/fr\/petition\/Liberez_Sevil_Sevimli\/\" target=\"_blank\" rel=\"noreferrer noopener\">Lien<\/a><\/p>\n\n\n\n<p>Abrogation du D\u00e9cret P\u00e9cresse n\u00b02009-460.&nbsp;<a href=\"http:\/\/www.cnu.lautre.net\/spip.php?article53\" target=\"_blank\" rel=\"noreferrer noopener\">Lien<\/a><\/p>\n\n\n\n<p>Lettre des 500 contre l\u2019interdiction du colloque \u2018Isra\u00ebl : un \u00c9tat d\u2019apartheid ?\u2019&nbsp;<a href=\"http:\/\/blogs.mediapart.fr\/edition\/les-invites-de-mediapart\/article\/190212\/lettre-des-100-contre-l-interdiction-du-colloqu\" target=\"_blank\" rel=\"noreferrer noopener\">Lien<\/a><\/p>\n\n\n\n<p>Une accusation qui nous insulte tous.&nbsp;<a href=\"http:\/\/www.activism.com\/fr_FR\/petition\/solidarite-avec-houria-bouteldja-une-accusation-qui-nous-insulte-tous\/14935\" target=\"_blank\" rel=\"noreferrer noopener\">Lien<\/a><\/p>\n\n\n\n<p>Appel pour un mouvement Slow Science.&nbsp;<a href=\"http:\/\/slowscience.fr\/\" target=\"_blank\" rel=\"noreferrer noopener\">Lien<\/a><\/p>\n\n\n\n<p>D\u00e9claration internationale de soutien \u00e0 la r\u00e9volution tunisienne.&nbsp;<a href=\"http:\/\/www.indigenes-republique.fr\/article.php3?id_article=1212\" target=\"_blank\" rel=\"noreferrer noopener\">Lien<\/a><\/p>\n\n\n\n<p>Nous garderons Mandela !&nbsp;<a href=\"http:\/\/nousgarderonsmandela.blogspot.fr\/p\/les-2411-signataires-au-23-mars-2010.html\" target=\"_blank\" rel=\"noreferrer noopener\">Lien<\/a><\/p>\n\n\n\n<p>\u201cLa judiciarisation de la recherche : quand la justice donne des le\u00e7ons de m\u00e9thodologie en sciences sociales\u201d.&nbsp;<a href=\"http:\/\/www.congresafsp2009.fr\/news\/newsletteravril2009.html\" target=\"_blank\" rel=\"noreferrer noopener\">Lien<\/a><\/p>\n\n\n\n<p>Libert\u00e9 pour Salah Hamouri.&nbsp;<a href=\"http:\/\/www.france-palestine.org\/PETITION-Liberte-pour-Salah\" target=\"_blank\" rel=\"noreferrer noopener\">Lien<\/a><\/p>\n","protected":false},"excerpt":{"rendered":"<p>Cette page recense les d\u00e9clarations ou p\u00e9titions sign\u00e9es au cours des derni\u00e8res ann\u00e9es. \u00ab\u00a0Solidarit\u00e9 avec les peuples en lutte contre la guerre, le colonialisme et la dictature !\u00a0\u00bb, Solidarit\u00e9 socialiste avec les travailleurs en Iran, 30 juin 2025. Lien ; Signataires ; publi\u00e9 dans Le Club de Mediapart, 11 juillet 2025. Lien \u00ab\u00a0Soutien au Comit\u00e9 [&hellip;]<\/p>\n","protected":false},"author":1,"featured_media":0,"parent":0,"menu_order":0,"comment_status":"closed","ping_status":"closed","template":"","meta":{"jetpack_post_was_ever_published":false,"footnotes":""},"class_list":["post-8296","page","type-page","status-publish","hentry"],"jetpack_sharing_enabled":true,"jetpack_shortlink":"https:\/\/wp.me\/P9lTYU-29O","jetpack_likes_enabled":true,"jetpack-related-posts":[{"id":171,"url":"https:\/\/sinedjib.com\/index.php\/liens-2\/","url_meta":{"origin":8296,"position":0},"title":"Liens","author":"Nedjib Sidi Moussa","date":"29\/03\/2013","format":false,"excerpt":"Parmi les m\u00e9dias et sites qui \u00e9voquent des engagements ou publications : Kim Willsher, \"New film adaptation of Camus\u2019s L\u2019\u00c9tranger opens old colonial wounds\", The Guardian, 28 November 2025. Link La suite est \u00e0 consulter sur cette page. Parmi les publications ou ouvrages qui citent et font \u00e9cho \u00e0 mes\u2026","rel":"","context":"Article similaire","block_context":{"text":"Article similaire","link":""},"img":{"alt_text":"","src":"https:\/\/i0.wp.com\/sinedjib.com\/wp-content\/uploads\/2025\/11\/guardian.png?resize=350%2C200&ssl=1","width":350,"height":200},"classes":[]},{"id":21617,"url":"https:\/\/sinedjib.com\/index.php\/index-auteurs\/","url_meta":{"origin":8296,"position":1},"title":"Index des auteurs","author":"SiNedjib","date":"16\/03\/2024","format":false,"excerpt":"Cette page pr\u00e9sente un index des 34 auteurs dont 5 textes - ou plus - ont \u00e9t\u00e9 retranscrits sur ce site depuis 2013. La liste sera progressivement compl\u00e9t\u00e9e avec l'ensemble des contributeurs. AIT AHMED Hocine ; AMAZIT Idir ; BOUNANE Akli ; BOUSSEL Pierre (LAMBERT Pierre) ; BRETON Andr\u00e9 ;\u2026","rel":"","context":"Article similaire","block_context":{"text":"Article similaire","link":""},"img":{"alt_text":"","src":"","width":0,"height":0},"classes":[]},{"id":5949,"url":"https:\/\/sinedjib.com\/index.php\/ressources\/le-proletaire\/","url_meta":{"origin":8296,"position":2},"title":"Le Prol\u00e9taire","author":"SiNedjib","date":"16\/06\/2019","format":false,"excerpt":"Cette page recense les 61 articles du\u00a0Prol\u00e9taire publi\u00e9s sur ce site depuis le 30 septembre 2016. Le bulletin du Parti communiste international a \u00e9t\u00e9 lanc\u00e9 en 1963. Les sommaires sont consultables sur le site du Parti communiste international. \"Le conflit alg\u00e9ro-marocain : la guerre arrange tout, mais apr\u00e8s ?\", paru\u2026","rel":"","context":"Article similaire","block_context":{"text":"Article similaire","link":""},"img":{"alt_text":"","src":"https:\/\/i0.wp.com\/sinedjib.com\/wp-content\/uploads\/2020\/05\/Le-Prol%C3%A9taire-novembre-1963.png?resize=350%2C200&ssl=1","width":350,"height":200},"classes":[]},{"id":6142,"url":"https:\/\/sinedjib.com\/index.php\/ressources\/inprecor\/","url_meta":{"origin":8296,"position":3},"title":"Inprecor","author":"SiNedjib","date":"18\/07\/2019","format":false,"excerpt":"Cette page recense les 47 articles d'Inprecor publi\u00e9s sur ce site depuis le 18 ao\u00fbt 2018. La revue du Secr\u00e9tariat unifi\u00e9 de la IVe Internationale a \u00e9t\u00e9 lanc\u00e9e en 1974. Les sommaires sont consultables sur le site RaDAR. Sa\u00efd Akli, \"Alg\u00e9rie. Vers l\u2019autodissolution des staliniens dans le parti unique\", paru\u2026","rel":"","context":"Article similaire","block_context":{"text":"Article similaire","link":""},"img":{"alt_text":"","src":"https:\/\/i0.wp.com\/sinedjib.com\/wp-content\/uploads\/2020\/07\/Inprecor-16-novembre-1978.png?resize=350%2C200&ssl=1","width":350,"height":200},"classes":[]},{"id":12945,"url":"https:\/\/sinedjib.com\/index.php\/linternationale\/","url_meta":{"origin":8296,"position":4},"title":"L&rsquo;Internationale","author":"SiNedjib","date":"13\/06\/2021","format":false,"excerpt":"Cette page recense les 13 articles de\u00a0L'Internationale\u00a0publi\u00e9s sur ce site depuis le 28 f\u00e9vrier 2021.\u00a0Ce journal du Parti communiste internationaliste a paru de 1962 \u00e0 1965.\u00a0Les sommaires sont consultables sur le site\u00a0RaDAR. \"Vive l\u2019Alg\u00e9rie ind\u00e9pendante\", paru dans L\u2019Internationale, n\u00b0 1, juin 1962. Lien \"Le C.N.R.A. envisage l\u2019avenir\", paru dans L\u2019Internationale,\u2026","rel":"","context":"Article similaire","block_context":{"text":"Article similaire","link":""},"img":{"alt_text":"","src":"https:\/\/i0.wp.com\/sinedjib.com\/wp-content\/uploads\/2021\/06\/LInternationale-mars-1965.png?resize=350%2C200&ssl=1","width":350,"height":200,"srcset":"https:\/\/i0.wp.com\/sinedjib.com\/wp-content\/uploads\/2021\/06\/LInternationale-mars-1965.png?resize=350%2C200&ssl=1 1x, https:\/\/i0.wp.com\/sinedjib.com\/wp-content\/uploads\/2021\/06\/LInternationale-mars-1965.png?resize=525%2C300&ssl=1 1.5x, https:\/\/i0.wp.com\/sinedjib.com\/wp-content\/uploads\/2021\/06\/LInternationale-mars-1965.png?resize=700%2C400&ssl=1 2x"},"classes":[]},{"id":8266,"url":"https:\/\/sinedjib.com\/index.php\/medias\/","url_meta":{"origin":8296,"position":5},"title":"M\u00e9dias","author":"SiNedjib","date":"06\/05\/2020","format":false,"excerpt":"Cette page recense les articles ou r\u00e9alisations faisant \u00e9cho \u00e0 mes publications et interventions ainsi que mes entretiens accord\u00e9s aux m\u00e9dias, \u00e0 l'exception de ceux concernant mes livres. Rokeya Ayman Saad, \"Boualem Sansal : l\u2019\u00e9crivain de toutes les controverses\", Al-Ahram Hebdo, 1er avril 2026. En ligne Loris Gu\u00e9mart et Pauline\u2026","rel":"","context":"Article similaire","block_context":{"text":"Article similaire","link":""},"img":{"alt_text":"","src":"https:\/\/i0.wp.com\/sinedjib.com\/wp-content\/uploads\/2026\/01\/RFI-750x430-1.jpg?resize=350%2C200&ssl=1","width":350,"height":200,"srcset":"https:\/\/i0.wp.com\/sinedjib.com\/wp-content\/uploads\/2026\/01\/RFI-750x430-1.jpg?resize=350%2C200&ssl=1 1x, https:\/\/i0.wp.com\/sinedjib.com\/wp-content\/uploads\/2026\/01\/RFI-750x430-1.jpg?resize=525%2C300&ssl=1 1.5x, https:\/\/i0.wp.com\/sinedjib.com\/wp-content\/uploads\/2026\/01\/RFI-750x430-1.jpg?resize=700%2C400&ssl=1 2x"},"classes":[]}],"_links":{"self":[{"href":"https:\/\/sinedjib.com\/index.php\/wp-json\/wp\/v2\/pages\/8296","targetHints":{"allow":["GET"]}}],"collection":[{"href":"https:\/\/sinedjib.com\/index.php\/wp-json\/wp\/v2\/pages"}],"about":[{"href":"https:\/\/sinedjib.com\/index.php\/wp-json\/wp\/v2\/types\/page"}],"author":[{"embeddable":true,"href":"https:\/\/sinedjib.com\/index.php\/wp-json\/wp\/v2\/users\/1"}],"replies":[{"embeddable":true,"href":"https:\/\/sinedjib.com\/index.php\/wp-json\/wp\/v2\/comments?post=8296"}],"version-history":[{"count":12,"href":"https:\/\/sinedjib.com\/index.php\/wp-json\/wp\/v2\/pages\/8296\/revisions"}],"predecessor-version":[{"id":26841,"href":"https:\/\/sinedjib.com\/index.php\/wp-json\/wp\/v2\/pages\/8296\/revisions\/26841"}],"wp:attachment":[{"href":"https:\/\/sinedjib.com\/index.php\/wp-json\/wp\/v2\/media?parent=8296"}],"curies":[{"name":"wp","href":"https:\/\/api.w.org\/{rel}","templated":true}]}}