{"id":8890,"date":"2020-06-20T11:37:55","date_gmt":"2020-06-20T09:37:55","guid":{"rendered":"https:\/\/sinedjib.com\/?page_id=8890"},"modified":"2021-10-26T00:16:36","modified_gmt":"2021-10-25T22:16:36","slug":"informations-et-reflexions-libertaires","status":"publish","type":"page","link":"https:\/\/sinedjib.com\/index.php\/informations-et-reflexions-libertaires\/","title":{"rendered":"Informations et r\u00e9flexions libertaires"},"content":{"rendered":"\n<div class=\"wp-block-media-text alignwide is-stacked-on-mobile is-image-fill\"><figure class=\"wp-block-media-text__media\" style=\"background-image:url(https:\/\/sinedjib.com\/wp-content\/uploads\/2020\/06\/IRL-octobre-1983.png);background-position:52% 4%\"><img data-recalc-dims=\"1\" loading=\"lazy\" decoding=\"async\" width=\"390\" height=\"554\" data-attachment-id=\"8877\" data-permalink=\"https:\/\/sinedjib.com\/index.php\/2020\/06\/20\/abdel\/irl-octobre-1983\/\" data-orig-file=\"https:\/\/i0.wp.com\/sinedjib.com\/wp-content\/uploads\/2020\/06\/IRL-octobre-1983.png?fit=390%2C554&amp;ssl=1\" data-orig-size=\"390,554\" data-comments-opened=\"1\" data-image-meta=\"{&quot;aperture&quot;:&quot;0&quot;,&quot;credit&quot;:&quot;&quot;,&quot;camera&quot;:&quot;&quot;,&quot;caption&quot;:&quot;&quot;,&quot;created_timestamp&quot;:&quot;0&quot;,&quot;copyright&quot;:&quot;&quot;,&quot;focal_length&quot;:&quot;0&quot;,&quot;iso&quot;:&quot;0&quot;,&quot;shutter_speed&quot;:&quot;0&quot;,&quot;title&quot;:&quot;&quot;,&quot;orientation&quot;:&quot;0&quot;}\" data-image-title=\"IRL-octobre-1983\" data-image-description=\"\" data-image-caption=\"\" data-large-file=\"https:\/\/i0.wp.com\/sinedjib.com\/wp-content\/uploads\/2020\/06\/IRL-octobre-1983.png?fit=390%2C554&amp;ssl=1\" src=\"https:\/\/i0.wp.com\/sinedjib.com\/wp-content\/uploads\/2020\/06\/IRL-octobre-1983.png?resize=390%2C554&#038;ssl=1\" alt=\"\" class=\"wp-image-8877 size-full\" srcset=\"https:\/\/i0.wp.com\/sinedjib.com\/wp-content\/uploads\/2020\/06\/IRL-octobre-1983.png?w=390&amp;ssl=1 390w, https:\/\/i0.wp.com\/sinedjib.com\/wp-content\/uploads\/2020\/06\/IRL-octobre-1983.png?resize=211%2C300&amp;ssl=1 211w\" sizes=\"auto, (max-width: 390px) 100vw, 390px\" \/><\/figure><div class=\"wp-block-media-text__content\">\n<p class=\"has-large-font-size\"><strong>Cette page recense les 12 articles d&rsquo;<em>Informations et r\u00e9flexions libertaires<\/em> publi\u00e9s sur ce site depuis le 5 juin 2020. La revue a paru de 1973 \u00e0 1991, d&rsquo;abord sous le titre <em>Informations rassembl\u00e9es \u00e0 Lyon<\/em>. Les num\u00e9ros sont t\u00e9l\u00e9chargeables sur le site du <a rel=\"noreferrer noopener\" href=\"http:\/\/cras31.info\/spip.php?article497\" target=\"_blank\">Centre de recherche pour l&rsquo;alternative sociale<\/a>.<\/strong><\/p>\n<\/div><\/div>\n\n\n\n<p>\u00ab\u00a0Anti-racisme\u00a0\u00bb, paru dans&nbsp;<em>Informations rassembl\u00e9es \u00e0 Lyon<\/em>, n\u00b0 29, \u00e9t\u00e9 1979. <a href=\"https:\/\/sinedjib.com\/index.php\/2020\/06\/05\/anti-racisme\/\">Lien<\/a><\/p>\n\n\n\n<p>\u00ab\u00a0Za\u00e2ma de banlieue\u00a0\u00bb, paru dans <em>Informations rassembl\u00e9es \u00e0 Lyon<\/em>, n\u00b0 40,&nbsp;\u00e9t\u00e9 1981. <a href=\"https:\/\/sinedjib.com\/index.php\/2020\/06\/08\/zaama-de-banlieue\/\">Lien<\/a><\/p>\n\n\n\n<p>\u00ab\u00a0Minguettes\u00a0\u00bb, paru dans&nbsp;<em>Informations rassembl\u00e9es \u00e0 Lyon<\/em>, n\u00b0 41, novembre 1981. <a href=\"https:\/\/sinedjib.com\/index.php\/2020\/06\/13\/minguettes\/\">Lien<\/a><\/p>\n\n\n\n<p>Abdel, \u00ab\u00a0L\u2019expulsion des femmes immigr\u00e9es\u00a0\u00bb, paru dans&nbsp;<em>Informations et r\u00e9flexions libertaires<\/em>,&nbsp;n\u00b0 48, d\u00e9cembre 1982 \u2013 janvier 1983. <a href=\"https:\/\/sinedjib.com\/index.php\/2020\/06\/15\/femmes-immigrees\/\">Lien<\/a><\/p>\n\n\n\n<p>Habib, \u00ab\u00a0Les \u00e9lections municipales ou le \u201cprogramme commun\u201d contre les immigr\u00e9s\u00a0\u00bb, paru dans&nbsp;<em>Informations et r\u00e9flexions libertaires<\/em>, n\u00b0 50, avril-mai 1983. <a href=\"https:\/\/sinedjib.com\/index.php\/2020\/06\/17\/habib\/\">Lien<\/a><\/p>\n\n\n\n<p>Abdel, \u00ab\u00a0Les immigr\u00e9s cible de la droite-gauche ou comment lutter pour une France fran\u00e7aise\u00a0\u00bb, paru dans&nbsp;<em>Informations et r\u00e9flexions libertaires<\/em>, n\u00b0 52, octobre-novembre 1983. <a href=\"https:\/\/sinedjib.com\/index.php\/2020\/06\/20\/abdel\/\">Lien<\/a><\/p>\n\n\n\n<p>Liliane, \u00ab\u00a0Le retour au pays\u00a0\u00bb, paru dans&nbsp;<em>Informations et r\u00e9flexions libertaires<\/em>, n\u00b0 54, f\u00e9vrier-mars 1984. <a href=\"https:\/\/sinedjib.com\/index.php\/2020\/06\/23\/liliane\/\">Lien<\/a><\/p>\n\n\n\n<p>Alain, \u00ab\u00a0La peur de l&rsquo;autre\u00a0\u00bb, paru dans&nbsp;<em>Informations et r\u00e9flexions libertaires<\/em>, n\u00b0 58,&nbsp;janvier-f\u00e9vrier 1985. <a href=\"https:\/\/sinedjib.com\/index.php\/2020\/06\/25\/alain\/\">Lien<\/a><\/p>\n\n\n\n<p>\u00ab\u00a0Contre tous les racismes\u00a0\u00bb, paru dans&nbsp;<em>Informations et analyses libertaires<\/em>, n\u00b0 64, octobre-novembre 1985. <a href=\"https:\/\/sinedjib.com\/index.php\/2020\/06\/27\/contre-tous-les-racismes\/\">Lien<\/a><\/p>\n\n\n\n<p>Abdoul le Bougnoul, \u00ab\u00a0Du code de la nationalit\u00e9 aux nouveaux espaces de citoyennet\u00e9\u00a0\u00bb, paru dans&nbsp;<em>Informations et r\u00e9flexions libertaires<\/em>, n\u00b0 76, f\u00e9vrier-mars 1988. <a href=\"https:\/\/sinedjib.com\/index.php\/2020\/06\/29\/abdoul\/\">Lien<\/a><\/p>\n\n\n\n<p>Abdoul le Bougnoul, \u00ab\u00a0Les nouveaux combattants de la g\u00e9n\u00e9ration Adjani : L\u2019Alg\u00e9rie ou la mort des n\u00f4tres\u00a0\u00bb, paru dans&nbsp;<em>Informations et r\u00e9flexions libertaires<\/em>, n\u00b0 80, janvier-f\u00e9vrier 1989. <a href=\"https:\/\/sinedjib.com\/index.php\/2020\/11\/21\/nouveaux-combattants-generation-adjani-algerie-mort-notres\/\">Lien<\/a><\/p>\n\n\n\n<p>Alain, \u00ab\u00a0La libert\u00e9 de sacril\u00e8ge\u00a0\u00bb, paru dans\u00a0<em>Informations et r\u00e9flexions libertaires<\/em>,\u00a0n\u00b0 81, avril-mai 1989. <a href=\"https:\/\/sinedjib.com\/index.php\/2020\/11\/25\/alain-la-liberte-de-sacrilege\/\">Lien<\/a><\/p>\n","protected":false},"excerpt":{"rendered":"<p>Cette page recense les 12 articles d&rsquo;Informations et r\u00e9flexions libertaires publi\u00e9s sur ce site depuis le 5 juin 2020. La revue a paru de 1973 \u00e0 1991, d&rsquo;abord sous le titre Informations rassembl\u00e9es \u00e0 Lyon. Les num\u00e9ros sont t\u00e9l\u00e9chargeables sur le site du Centre de recherche pour l&rsquo;alternative sociale. \u00ab\u00a0Anti-racisme\u00a0\u00bb, paru dans&nbsp;Informations rassembl\u00e9es \u00e0 Lyon, [&hellip;]<\/p>\n","protected":false},"author":1,"featured_media":0,"parent":0,"menu_order":0,"comment_status":"closed","ping_status":"closed","template":"","meta":{"jetpack_post_was_ever_published":false,"footnotes":""},"class_list":["post-8890","page","type-page","status-publish","hentry"],"jetpack_sharing_enabled":true,"jetpack_shortlink":"https:\/\/wp.me\/P9lTYU-2jo","jetpack_likes_enabled":true,"jetpack-related-posts":[{"id":22345,"url":"https:\/\/sinedjib.com\/index.php\/index-des-publications\/","url_meta":{"origin":8890,"position":0},"title":"Index des publications","author":"SiNedjib","date":"17\/03\/2024","format":false,"excerpt":"Cette page pr\u00e9sente un index des publications (bulletins, journaux, revues, etc.) dont cinq textes \u2013 ou plus \u2013 ont \u00e9t\u00e9 retranscrits sur ce site depuis 2012. La liste sera progressivement compl\u00e9t\u00e9e avec l\u2019ensemble des autres r\u00e9f\u00e9rences. A Alarme ; Alger R\u00e9publicain ; Alternative libertaire ; Arguments ; B Le Bolch\u00e9vik\u2026","rel":"","context":"Article similaire","block_context":{"text":"Article similaire","link":""},"img":{"alt_text":"","src":"","width":0,"height":0},"classes":[]},{"id":15233,"url":"https:\/\/sinedjib.com\/index.php\/lutter\/","url_meta":{"origin":8890,"position":1},"title":"Lutter !","author":"SiNedjib","date":"06\/01\/2022","format":false,"excerpt":"Cette page recense les 8 articles de Lutter ! publi\u00e9s sur ce site depuis le 30 octobre 2021. L'organe de l'Union des travailleurs communistes libertaires a paru de 1982 \u00e0 1991. Les sommaires sont consultables sur le site Archives Autonomies. Daniel Gu\u00e9rin, \"Alg\u00e9rie. La honte du pardon aux g\u00e9n\u00e9raux criminels\",\u2026","rel":"","context":"Article similaire","block_context":{"text":"Article similaire","link":""},"img":{"alt_text":"","src":"https:\/\/i0.wp.com\/sinedjib.com\/wp-content\/uploads\/2021\/10\/Lutter-mars-avril-1984.png?resize=350%2C200&ssl=1","width":350,"height":200},"classes":[]},{"id":6367,"url":"https:\/\/sinedjib.com\/index.php\/ressources\/et-thaoura\/","url_meta":{"origin":8890,"position":2},"title":"Et-thaoura","author":"SiNedjib","date":"21\/10\/2019","format":false,"excerpt":"Cette page recense les 8 articles d'Et-thaoura publi\u00e9s sur ce site depuis le 9 janvier 2019. Ce journal marxiste r\u00e9volutionnaire d'Alg\u00e9rie, h\u00e9berg\u00e9 par Marcel Gauchet, a paru de 1981 \u00e0 1984. \u00ab\u00a0Les masses marocaines aussi\u2026\u00a0\u00bb, Et-Thaoura, n\u00b0 2, ao\u00fbt 1981. Lien Safia Bentayeb, \"Code de la famille et luttes des\u2026","rel":"","context":"Article similaire","block_context":{"text":"Article similaire","link":""},"img":{"alt_text":"","src":"https:\/\/i0.wp.com\/sinedjib.com\/wp-content\/uploads\/2019\/10\/Et-thaoura-juillet-1984.png?resize=350%2C200&ssl=1","width":350,"height":200},"classes":[]},{"id":6860,"url":"https:\/\/sinedjib.com\/index.php\/ressources\/informations-correspondance-ouvrieres\/","url_meta":{"origin":8890,"position":3},"title":"Informations Correspondance Ouvri\u00e8res","author":"SiNedjib","date":"26\/01\/2020","format":false,"excerpt":"Cette page recense les 27 articles d'Informations Correspondance Ouvri\u00e8res publi\u00e9s sur ce site depuis le 3 ao\u00fbt 2018. Le bulletin, \u00e9dit\u00e9 par Pierre Blachier, a paru de 1960 \u00e0 1973. Les sommaires sont consultables sur le site Archives Autonomies. \"Les \u00e9v\u00e9nements\", paru dans Informations Correspondance Ouvri\u00e8res, n\u00b0 1, octobre 1961.\u2026","rel":"","context":"Article similaire","block_context":{"text":"Article similaire","link":""},"img":{"alt_text":"","src":"https:\/\/i0.wp.com\/sinedjib.com\/wp-content\/uploads\/2022\/09\/ICO-mai-1962.png?resize=350%2C200&ssl=1","width":350,"height":200},"classes":[]},{"id":9586,"url":"https:\/\/sinedjib.com\/index.php\/mes-textes\/","url_meta":{"origin":8890,"position":4},"title":"Mes textes","author":"SiNedjib","date":"17\/08\/2020","format":false,"excerpt":"Voici un aper\u00e7u de mes textes les plus r\u00e9cents : \u00ab\u00a0Quelques r\u00e9flexions sur la S\u00e9paration des \u00c9glises et de l\u2019\u00c9tat\u00a0\u00bb et \u00ab\u00a0Hommage \u00e0 Mohammed Harbi\u00a0\u00bb, n\u00b0 832, La R\u00e9volution prol\u00e9tarienne, mars 2026 \"Socialisme, immigration et racisme\", Courant alternatif, n\u00b0 358, mars 2026. En ligne \u00ab Hypocrisie fran\u00e7aise \u00bb, Cercle des\u2026","rel":"","context":"Article similaire","block_context":{"text":"Article similaire","link":""},"img":{"alt_text":"","src":"https:\/\/i0.wp.com\/sinedjib.com\/wp-content\/uploads\/2026\/03\/Une-de-RP-832-1024x1448-1.jpg?resize=350%2C200&ssl=1","width":350,"height":200,"srcset":"https:\/\/i0.wp.com\/sinedjib.com\/wp-content\/uploads\/2026\/03\/Une-de-RP-832-1024x1448-1.jpg?resize=350%2C200&ssl=1 1x, https:\/\/i0.wp.com\/sinedjib.com\/wp-content\/uploads\/2026\/03\/Une-de-RP-832-1024x1448-1.jpg?resize=525%2C300&ssl=1 1.5x, https:\/\/i0.wp.com\/sinedjib.com\/wp-content\/uploads\/2026\/03\/Une-de-RP-832-1024x1448-1.jpg?resize=700%2C400&ssl=1 2x"},"classes":[]},{"id":15227,"url":"https:\/\/sinedjib.com\/index.php\/informations-ouvrieres\/","url_meta":{"origin":8890,"position":5},"title":"Informations ouvri\u00e8res","author":"SiNedjib","date":"06\/01\/2022","format":false,"excerpt":"Cette page recense les 6 articles d'Informations ouvri\u00e8res publi\u00e9s sur ce site depuis. Fond\u00e9 en 1958 par Pierre Boussel, ce titre est aujourd'hui l'hebdomadaire du Parti ouvrier ind\u00e9pendant. \"Alg\u00e9rie : Premier bilan de dix ann\u00e9es d\u2019ind\u00e9pendance\", paru dans\u00a0Informations ouvri\u00e8res, n\u00b0 568, du 14 juin au 20 juin 1972. Lien \"La\u2026","rel":"","context":"Article similaire","block_context":{"text":"Article similaire","link":""},"img":{"alt_text":"","src":"https:\/\/i0.wp.com\/sinedjib.com\/wp-content\/uploads\/2021\/06\/Informations-ouvrieres-21-juin-1972.png?resize=350%2C200&ssl=1","width":350,"height":200},"classes":[]}],"_links":{"self":[{"href":"https:\/\/sinedjib.com\/index.php\/wp-json\/wp\/v2\/pages\/8890","targetHints":{"allow":["GET"]}}],"collection":[{"href":"https:\/\/sinedjib.com\/index.php\/wp-json\/wp\/v2\/pages"}],"about":[{"href":"https:\/\/sinedjib.com\/index.php\/wp-json\/wp\/v2\/types\/page"}],"author":[{"embeddable":true,"href":"https:\/\/sinedjib.com\/index.php\/wp-json\/wp\/v2\/users\/1"}],"replies":[{"embeddable":true,"href":"https:\/\/sinedjib.com\/index.php\/wp-json\/wp\/v2\/comments?post=8890"}],"version-history":[{"count":4,"href":"https:\/\/sinedjib.com\/index.php\/wp-json\/wp\/v2\/pages\/8890\/revisions"}],"predecessor-version":[{"id":14487,"href":"https:\/\/sinedjib.com\/index.php\/wp-json\/wp\/v2\/pages\/8890\/revisions\/14487"}],"wp:attachment":[{"href":"https:\/\/sinedjib.com\/index.php\/wp-json\/wp\/v2\/media?parent=8890"}],"curies":[{"name":"wp","href":"https:\/\/api.w.org\/{rel}","templated":true}]}}